{"id":8,"date":"2010-04-06T11:12:51","date_gmt":"2010-04-06T15:12:51","guid":{"rendered":"http:\/\/gobierno.udd.cl\/programa-gestion-politicas-educativas\/sobre-el-centro\/mision\/"},"modified":"2012-11-28T16:17:40","modified_gmt":"2012-11-28T19:17:40","slug":"descripcion","status":"publish","type":"page","link":"https:\/\/gobierno.udd.cl\/programa-gestion-politicas-educativas\/sobre-el-programa\/descripcion\/","title":{"rendered":"Descripci\u00f3n"},"content":{"rendered":"<p style=\"text-align: justify;\">Queremos aportar al desarrollo de pol\u00edticas que permitan mejorar la calidad de la educaci\u00f3n y formar en los profesionales de la educaci\u00f3n, las competencias que les permitan aplicar nuevas formas de administraci\u00f3n y gesti\u00f3n en las organizaciones educacionales.<\/p>\n<p style=\"text-align: justify;\">Desde el 2008 a la fecha hemos realizado\u00a0diversas capacitaciones y asesor\u00edas tanto a corporaciones como departamentos municipales. As\u00ed, hemos trabajado en la implementaci\u00f3n de un Sistema Educativo Municipal, en el desarrollo de Normas de Gesti\u00f3n de Calidad, en Pol\u00edticas de Recursos Humanos, en el dise\u00f1o e implementaci\u00f3n de Planes Comunicacionales, en Estudios de Oferta y Demanda de la Educaci\u00f3n Municipal, entre otros. Trabajamos durante el a\u00f1o reci\u00e9n pasado, con los municipios Vitacura, Renca, Calama, Putaendo, Las Condes, entre otros.<\/p>\n<p style=\"text-align: justify;\">En la docencia contamos con el Diplomado de Gerencia P\u00fablica y el Mag\u00edster en Pol\u00edticas Educativas.<\/p>\n","protected":false},"excerpt":{"rendered":"<p>El Programa de Investigaci\u00f3n y Desarrollo en Pol\u00edticas Educativas se fundamenta en la visi\u00f3n de emprendimiento y responsabilidad p\u00fablica de la Universidad del Desarrollo.<\/p>\n","protected":false},"author":1,"featured_media":0,"parent":7,"menu_order":0,"comment_status":"closed","ping_status":"open","template":"","meta":{"footnotes":""},"class_list":["post-8","page","type-page","status-publish","hentry"],"_links":{"self":[{"href":"https:\/\/gobierno.udd.cl\/programa-gestion-politicas-educativas\/wp-json\/wp\/v2\/pages\/8","targetHints":{"allow":["GET"]}}],"collection":[{"href":"https:\/\/gobierno.udd.cl\/programa-gestion-politicas-educativas\/wp-json\/wp\/v2\/pages"}],"about":[{"href":"https:\/\/gobierno.udd.cl\/programa-gestion-politicas-educativas\/wp-json\/wp\/v2\/types\/page"}],"author":[{"embeddable":true,"href":"https:\/\/gobierno.udd.cl\/programa-gestion-politicas-educativas\/wp-json\/wp\/v2\/users\/1"}],"replies":[{"embeddable":true,"href":"https:\/\/gobierno.udd.cl\/programa-gestion-politicas-educativas\/wp-json\/wp\/v2\/comments?post=8"}],"version-history":[{"count":7,"href":"https:\/\/gobierno.udd.cl\/programa-gestion-politicas-educativas\/wp-json\/wp\/v2\/pages\/8\/revisions"}],"predecessor-version":[{"id":88,"href":"https:\/\/gobierno.udd.cl\/programa-gestion-politicas-educativas\/wp-json\/wp\/v2\/pages\/8\/revisions\/88"}],"up":[{"embeddable":true,"href":"https:\/\/gobierno.udd.cl\/programa-gestion-politicas-educativas\/wp-json\/wp\/v2\/pages\/7"}],"wp:attachment":[{"href":"https:\/\/gobierno.udd.cl\/programa-gestion-politicas-educativas\/wp-json\/wp\/v2\/media?parent=8"}],"curies":[{"name":"wp","href":"https:\/\/api.w.org\/{rel}","templated":true}]}}