{"id":83,"date":"2012-11-14T12:41:01","date_gmt":"2012-11-14T15:41:01","guid":{"rendered":"http:\/\/gobierno.udd.cl\/programa-gestion-politicas-educativas\/files\/2012\/11\/Convenio-169-OIT-Implicancias-de-una-ratificaci\u00f3n.-Sebasti\u00e1n-Donoso1.pdf"},"modified":"2012-11-14T12:41:01","modified_gmt":"2012-11-14T15:41:01","slug":"convenio-169-oit-implicancias-de-una-ratificacion-sebastian-donoso-2","status":"inherit","type":"attachment","link":"https:\/\/gobierno.udd.cl\/programa-gestion-politicas-educativas\/noticias\/2012\/11\/14\/publicacion-ejemplo-2-nombre-de-la-publicacion\/convenio-169-oit-implicancias-de-una-ratificacion-sebastian-donoso-2\/","title":{"rendered":"Autor, Fecha de Publicaci\u00f3n ( Ej: Sebasti\u00e1n Donoso. 01-2010)"},"author":1,"featured_media":0,"comment_status":"open","ping_status":"open","template":"","meta":[],"class_list":["post-83","attachment","type-attachment","status-inherit","hentry"],"description":{"rendered":"<p class=\"attachment\"><a rel=\"External\" class=\"out\" href='https:\/\/gobierno.udd.cl\/programa-gestion-politicas-educativas\/files\/2012\/11\/Convenio-169-OIT-Implicancias-de-una-ratificaci\u00f3n.-Sebasti\u00e1n-Donoso1.pdf'>Autor, Fecha de Publicaci\u00f3n ( Ej: Sebasti\u00e1n Donoso. 01-2010)<\/a><\/p>\n"},"caption":{"rendered":"<p>Autor, Fecha de Publicaci\u00f3n ( Ej: Sebasti\u00e1n Donoso. 01-2010)<\/p>\n"},"alt_text":"","media_type":"file","mime_type":"application\/pdf","media_details":{},"post":82,"source_url":"https:\/\/gobierno.udd.cl\/programa-gestion-politicas-educativas\/files\/2012\/11\/Convenio-169-OIT-Implicancias-de-una-ratificaci\u00f3n.-Sebasti\u00e1n-Donoso1.pdf","_links":{"self":[{"href":"https:\/\/gobierno.udd.cl\/programa-gestion-politicas-educativas\/wp-json\/wp\/v2\/media\/83","targetHints":{"allow":["GET"]}}],"collection":[{"href":"https:\/\/gobierno.udd.cl\/programa-gestion-politicas-educativas\/wp-json\/wp\/v2\/media"}],"about":[{"href":"https:\/\/gobierno.udd.cl\/programa-gestion-politicas-educativas\/wp-json\/wp\/v2\/types\/attachment"}],"author":[{"embeddable":true,"href":"https:\/\/gobierno.udd.cl\/programa-gestion-politicas-educativas\/wp-json\/wp\/v2\/users\/1"}],"replies":[{"embeddable":true,"href":"https:\/\/gobierno.udd.cl\/programa-gestion-politicas-educativas\/wp-json\/wp\/v2\/comments?post=83"}],"wp:attached-to":[{"embeddable":true,"post_type":"post","id":82,"href":"https:\/\/gobierno.udd.cl\/programa-gestion-politicas-educativas\/wp-json\/wp\/v2\/posts\/82"}],"curies":[{"name":"wp","href":"https:\/\/api.w.org\/{rel}","templated":true}]}}

http://gobierno.udd.cl/programa-gestion-politicas-educativas/files/2012/11/Convenio-169-OIT-Implicancias-de-una-ratificación.-Sebastián-Donoso1.pdf

Autor, Fecha de Publicación ( Ej: Sebastián Donoso. 01-2010)

<p class="attachment"><a rel="External" class="out" href='https://gobierno.udd.cl/programa-gestion-politicas-educativas/files/2012/11/Convenio-169-OIT-Implicancias-de-una-ratificación.-Sebastián-Donoso1.pdf'>Autor, Fecha de Publicación ( Ej: Sebastián Donoso. 01-2010)</a></p>

<p>Autor, Fecha de Publicación ( Ej: Sebastián Donoso. 01-2010)</p>

https://gobierno.udd.cl/programa-gestion-politicas-educativas/files/2012/11/Convenio-169-OIT-Implicancias-de-una-ratificación.-Sebastián-Donoso1.pdf
