{"id":2967,"date":"2020-09-14T16:50:41","date_gmt":"2020-09-14T19:50:41","guid":{"rendered":"http:\/\/gobierno.udd.cl\/estudio-rrii\/?post_type=person&#038;p=2967"},"modified":"2020-09-15T19:47:23","modified_gmt":"2020-09-15T22:47:23","slug":"francisco-parada","status":"publish","type":"person","link":"https:\/\/gobierno.udd.cl\/estudio-rrii\/persona\/francisco-parada\/","featured_media":2968,"template":"","people_tax":[],"people_areas":[],"people_levels":[],"class_list":["post-2967","person","type-person","status-publish","has-post-thumbnail","hentry"],"label":"Francisco Parada","title":{"rendered":"Francisco Parada"},"role":"Investigador y docente ","thumbnail_url":"https:\/\/gobierno.udd.cl\/estudio-rrii\/files\/2020\/09\/dsc_3887-1-1-500x500.jpg","email":"fparada@udd.cl","tel_job":"","content":{"rendered":"<div class=\"person-modal person-modal--scl\">\n\t<header class=\"person-modal__header\">\n\t\t<div class=\"person-modal__bg\"><\/div>\n\t\t<div class=\"modal-container\">\n\t\t\t\t\t\t<div class=\"person-modal__media\">\n\t\t\t\t<img width=\"500\" height=\"500\" src=\"https:\/\/gobierno.udd.cl\/estudio-rrii\/files\/2020\/09\/dsc_3887-1-1-62x62.jpg\" class=\"person-modal__image wp-post-image lazyload\" alt=\"\" decoding=\"async\" loading=\"lazy\" sizes=\"auto, (max-width: 500px) 100vw, 500px\" data-src=\"https:\/\/gobierno.udd.cl\/estudio-rrii\/files\/2020\/09\/dsc_3887-1-1-500x500.jpg\" data-srcset=\"https:\/\/gobierno.udd.cl\/estudio-rrii\/files\/2020\/09\/dsc_3887-1-1-500x500.jpg 500w, https:\/\/gobierno.udd.cl\/estudio-rrii\/files\/2020\/09\/dsc_3887-1-1-300x300.jpg 300w, https:\/\/gobierno.udd.cl\/estudio-rrii\/files\/2020\/09\/dsc_3887-1-1-1024x1024.jpg 1024w, https:\/\/gobierno.udd.cl\/estudio-rrii\/files\/2020\/09\/dsc_3887-1-1-150x150.jpg 150w, https:\/\/gobierno.udd.cl\/estudio-rrii\/files\/2020\/09\/dsc_3887-1-1-768x768.jpg 768w, https:\/\/gobierno.udd.cl\/estudio-rrii\/files\/2020\/09\/dsc_3887-1-1-62x62.jpg 62w, https:\/\/gobierno.udd.cl\/estudio-rrii\/files\/2020\/09\/dsc_3887-1-1-1536x1536.jpg 1536w, https:\/\/gobierno.udd.cl\/estudio-rrii\/files\/2020\/09\/dsc_3887-1-1-750x750.jpg 750w, https:\/\/gobierno.udd.cl\/estudio-rrii\/files\/2020\/09\/dsc_3887-1-1-250x250.jpg 250w, https:\/\/gobierno.udd.cl\/estudio-rrii\/files\/2020\/09\/dsc_3887-1-1-126x126.jpg 126w, https:\/\/gobierno.udd.cl\/estudio-rrii\/files\/2020\/09\/dsc_3887-1-1.jpg 2002w\" \/>\t\t\t<\/div>\n\t\t\t\t\t\t<div class=\"person-modal__data\">\n\t\t\t\t<h1 class=\"person-modal__name\">Francisco Parada<\/h1>\n\t\t\t\t\t\t\t<span class=\"person-modal__description\">Investigador y docente <\/span>\n\t\t\t\t\t\t\t\t\t\t\t\t\t<a href=\"mailto:fpa&#114;a&#100;&#097;&#064;&#117;&#100;&#100;.&#099;&#108;\" class=\"person-modal__email\">&#102;&#112;ar&#97;&#100;&#97;&#64;&#117;&#100;d.&#99;&#108;<\/a>\n\t\t\t\t\t\t\t\t\t<\/div>\n\t\t<\/div>\n\t<\/header>\n\t<div class=\"modal-container\">\n\t\t\t<div class=\"person-modal__content text\">\n\t\t\t\t\t\t\t<ul>\n\t\t\t\t\t\t\t<li>Licenciatura en Ciencias Sociales, Pontificia Universidad Cat\u00f3lica de Chile.<\/li>\n\t\t\t\t\t\t\t<li>Maestr\u00eda en Ciencias Econ\u00f3micas, Universit\u00e0 di Bologna, Italia.<\/li>\n\t\t\t\t\t\t\t<li>M\u00e1ster in International Affairs, School of Advanced International Studies, Estados Unidos. <\/li>\n\t\t\t\t\t\t<\/ul>\n\t\t\t\t\t\t\t\t\t\t<\/div>\n\t<\/div>\n<\/div>\n"},"identifier":"0d128f4ecd4c84fa4688d6eda370ef98d26c33be","has_credential":["Licenciatura en Ciencias Sociales, Pontificia Universidad Cat\u00f3lica de Chile.","Maestr\u00eda en Ciencias Econ\u00f3micas, Universit\u00e0 di Bologna, Italia.","M\u00e1ster in International Affairs, School of Advanced International Studies, Estados Unidos. "],"given_name":"Francisco","family_name":"Parada","name":"Francisco Parada","job_title":"Investigador y docente ","telephone":"","note":"","im":"","_self_schedule":null,"_links":{"self":[{"href":"https:\/\/gobierno.udd.cl\/estudio-rrii\/wp-json\/wp\/v2\/people\/2967","targetHints":{"allow":["GET"]}}],"collection":[{"href":"https:\/\/gobierno.udd.cl\/estudio-rrii\/wp-json\/wp\/v2\/people"}],"about":[{"href":"https:\/\/gobierno.udd.cl\/estudio-rrii\/wp-json\/wp\/v2\/types\/person"}],"wp:featuredmedia":[{"embeddable":true,"href":"https:\/\/gobierno.udd.cl\/estudio-rrii\/wp-json\/wp\/v2\/media\/2968"}],"wp:attachment":[{"href":"https:\/\/gobierno.udd.cl\/estudio-rrii\/wp-json\/wp\/v2\/media?parent=2967"}],"wp:term":[{"taxonomy":"people_tax","embeddable":true,"href":"https:\/\/gobierno.udd.cl\/estudio-rrii\/wp-json\/wp\/v2\/people_tax?post=2967"},{"taxonomy":"people_areas","embeddable":true,"href":"https:\/\/gobierno.udd.cl\/estudio-rrii\/wp-json\/wp\/v2\/people_areas?post=2967"},{"taxonomy":"people_levels","embeddable":true,"href":"https:\/\/gobierno.udd.cl\/estudio-rrii\/wp-json\/wp\/v2\/people_levels?post=2967"}],"curies":[{"name":"wp","href":"https:\/\/api.w.org\/{rel}","templated":true}]}}

<div class="person-modal person-modal--scl">
	<header class="person-modal__header">
		<div class="person-modal__bg"></div>
		<div class="modal-container">
						<div class="person-modal__media">
				<img width="500" height="500" src="https://gobierno.udd.cl/estudio-rrii/files/2020/09/dsc_3887-1-1-62x62.jpg" class="person-modal__image wp-post-image lazyload" alt="" decoding="async" loading="lazy" sizes="auto, (max-width: 500px) 100vw, 500px" data-src="https://gobierno.udd.cl/estudio-rrii/files/2020/09/dsc_3887-1-1-500x500.jpg" data-srcset="https://gobierno.udd.cl/estudio-rrii/files/2020/09/dsc_3887-1-1-500x500.jpg 500w, https://gobierno.udd.cl/estudio-rrii/files/2020/09/dsc_3887-1-1-300x300.jpg 300w, https://gobierno.udd.cl/estudio-rrii/files/2020/09/dsc_3887-1-1-1024x1024.jpg 1024w, https://gobierno.udd.cl/estudio-rrii/files/2020/09/dsc_3887-1-1-150x150.jpg 150w, https://gobierno.udd.cl/estudio-rrii/files/2020/09/dsc_3887-1-1-768x768.jpg 768w, https://gobierno.udd.cl/estudio-rrii/files/2020/09/dsc_3887-1-1-62x62.jpg 62w, https://gobierno.udd.cl/estudio-rrii/files/2020/09/dsc_3887-1-1-1536x1536.jpg 1536w, https://gobierno.udd.cl/estudio-rrii/files/2020/09/dsc_3887-1-1-750x750.jpg 750w, https://gobierno.udd.cl/estudio-rrii/files/2020/09/dsc_3887-1-1-250x250.jpg 250w, https://gobierno.udd.cl/estudio-rrii/files/2020/09/dsc_3887-1-1-126x126.jpg 126w, https://gobierno.udd.cl/estudio-rrii/files/2020/09/dsc_3887-1-1.jpg 2002w" />			</div>
						<div class="person-modal__data">
				<h1 class="person-modal__name">Francisco Parada</h1>
							<span class="person-modal__description">Investigador y docente </span>
													<a href="mailto:fpa&#114;a&#100;&#097;&#064;&#117;&#100;&#100;.&#099;&#108;" class="person-modal__email">&#102;&#112;ar&#97;&#100;&#97;&#64;&#117;&#100;d.&#99;&#108;</a>
									</div>
		</div>
	</header>
	<div class="modal-container">
			<div class="person-modal__content text">
							<ul>
							<li>Licenciatura en Ciencias Sociales, Pontificia Universidad Católica de Chile.</li>
							<li>Maestría en Ciencias Económicas, Università di Bologna, Italia.</li>
							<li>Máster in International Affairs, School of Advanced International Studies, Estados Unidos. </li>
						</ul>
										</div>
	</div>
</div>

Licenciatura en Ciencias Sociales, Pontificia Universidad Católica de Chile.

Maestría en Ciencias Económicas, Università di Bologna, Italia.

Máster in International Affairs, School of Advanced International Studies, Estados Unidos.
