{"id":2471,"date":"2018-09-09T14:09:46","date_gmt":"2018-09-09T17:09:46","guid":{"rendered":"http:\/\/gobierno.udd.cl\/estudio-rrii\/?post_type=person&#038;p=2471"},"modified":"2018-09-09T14:09:46","modified_gmt":"2018-09-09T17:09:46","slug":"andres-munoz","status":"publish","type":"person","link":"https:\/\/gobierno.udd.cl\/estudio-rrii\/persona\/andres-munoz\/","featured_media":0,"template":"","people_tax":[4532],"people_areas":[],"people_levels":[],"class_list":["post-2471","person","type-person","status-publish","hentry","people_tax-contacto"],"label":"Andr\u00e9s Mu\u00f1oz","title":{"rendered":"Andr\u00e9s Mu\u00f1oz"},"role":"Coordinador","thumbnail_url":false,"email":"ceri@udd.cl","tel_job":"","content":{"rendered":"<div class=\"person-modal person-modal--scl\">\n\t<header class=\"person-modal__header\">\n\t\t<div class=\"person-modal__bg\"><\/div>\n\t\t<div class=\"modal-container\">\n\t\t\t\t\t\t<div class=\"person-modal__data\">\n\t\t\t\t<h1 class=\"person-modal__name\">Andr\u00e9s Mu\u00f1oz<\/h1>\n\t\t\t\t\t\t\t<span class=\"person-modal__description\">Coordinador<\/span>\n\t\t\t\t\t\t\t\t\t\t\t\t\t<a href=\"mailto:c&#101;&#114;&#105;&#064;ud&#100;.c&#108;\" class=\"person-modal__email\">&#99;er&#105;&#64;udd.c&#108;<\/a>\n\t\t\t\t\t\t\t\t\t<\/div>\n\t\t<\/div>\n\t<\/header>\n\t<div class=\"modal-container\">\n\t\t\t<div class=\"person-modal__content text\">\n\t\t\t\t\t\t\t\t\t\t\t\t<\/div>\n\t<\/div>\n<\/div>\n"},"identifier":"f62e9dda88d780baa2c2f0d09266835952114e3c","has_credential":[],"given_name":"Andr\u00e9s","family_name":"Mu\u00f1oz","name":"Andr\u00e9s Mu\u00f1oz","job_title":"Coordinador","telephone":"","note":"","im":"","_self_schedule":null,"_links":{"self":[{"href":"https:\/\/gobierno.udd.cl\/estudio-rrii\/wp-json\/wp\/v2\/people\/2471","targetHints":{"allow":["GET"]}}],"collection":[{"href":"https:\/\/gobierno.udd.cl\/estudio-rrii\/wp-json\/wp\/v2\/people"}],"about":[{"href":"https:\/\/gobierno.udd.cl\/estudio-rrii\/wp-json\/wp\/v2\/types\/person"}],"wp:attachment":[{"href":"https:\/\/gobierno.udd.cl\/estudio-rrii\/wp-json\/wp\/v2\/media?parent=2471"}],"wp:term":[{"taxonomy":"people_tax","embeddable":true,"href":"https:\/\/gobierno.udd.cl\/estudio-rrii\/wp-json\/wp\/v2\/people_tax?post=2471"},{"taxonomy":"people_areas","embeddable":true,"href":"https:\/\/gobierno.udd.cl\/estudio-rrii\/wp-json\/wp\/v2\/people_areas?post=2471"},{"taxonomy":"people_levels","embeddable":true,"href":"https:\/\/gobierno.udd.cl\/estudio-rrii\/wp-json\/wp\/v2\/people_levels?post=2471"}],"curies":[{"name":"wp","href":"https:\/\/api.w.org\/{rel}","templated":true}]}}

Andrés Muñoz

<div class="person-modal person-modal--scl">
	<header class="person-modal__header">
		<div class="person-modal__bg"></div>
		<div class="modal-container">
						<div class="person-modal__data">
				<h1 class="person-modal__name">Andrés Muñoz</h1>
							<span class="person-modal__description">Coordinador</span>
													<a href="mailto:c&#101;&#114;&#105;&#064;ud&#100;.c&#108;" class="person-modal__email">&#99;er&#105;&#64;udd.c&#108;</a>
									</div>
		</div>
	</header>
	<div class="modal-container">
			<div class="person-modal__content text">
												</div>
	</div>
</div>

Andrés

Muñoz
