{"id":92,"date":"2011-07-21T15:07:32","date_gmt":"2011-07-21T19:07:32","guid":{"rendered":"http:\/\/gobierno.udd.cl\/estudio-rrii\/"},"modified":"2011-07-21T15:09:00","modified_gmt":"2011-07-21T19:09:00","slug":"2-2proxima-publicacion-de-libro-sobre-las-relaciones-diplomaticas-entre-china-y-chile","status":"publish","type":"page","link":"https:\/\/gobierno.udd.cl\/estudio-rrii\/estudios-y-publicaciones\/2-2proxima-publicacion-de-libro-sobre-las-relaciones-diplomaticas-entre-china-y-chile\/","title":{"rendered":"Pr\u00f3xima publicaci\u00f3n de libro sobre las relaciones diplom\u00e1ticas entre China y Chile"},"content":{"rendered":"<p>Para este a\u00f1o se espera la publicaci\u00f3n de un libro sobre las relaciones entre China y Chile con motivo de la conmemoraci\u00f3n de los 40 a\u00f1os de relaciones diplom\u00e1ticas formales, cumplidos en 2010. Esta importante obra se ha llevado a cabo en conjunto con el Instituto Chino de Relaciones Internacionales Contempor\u00e1neas (CICIR, por su sigla en ingl\u00e9s). \u00c9ste consiste en interesantes art\u00edculos que abordan las relaciones entre China y Am\u00e9rica Latina y las relaciones de Chile con China, elaborados por connotados acad\u00e9micos chilenos y chinos expertos en relaciones sino-latinoamericanas, y por los ministros de Relaciones Exteriores de China y Chile.<\/p>\n","protected":false},"excerpt":{"rendered":"<p>Para este a\u00f1o se espera la publicaci\u00f3n de un libro sobre las relaciones entre China y Chile con motivo de la conmemoraci\u00f3n de los 40 a\u00f1os de relaciones diplom\u00e1ticas formales, cumplidos en 2010. Esta importante obra se ha llevado a cabo en conjunto con el Instituto Chino de Relaciones Internacionales Contempor\u00e1neas (CICIR, por su sigla [&hellip;]<\/p>\n","protected":false},"author":1,"featured_media":0,"parent":4,"menu_order":1,"comment_status":"open","ping_status":"open","template":"","meta":{"footnotes":""},"class_list":["post-92","page","type-page","status-publish","hentry"],"_links":{"self":[{"href":"https:\/\/gobierno.udd.cl\/estudio-rrii\/wp-json\/wp\/v2\/pages\/92","targetHints":{"allow":["GET"]}}],"collection":[{"href":"https:\/\/gobierno.udd.cl\/estudio-rrii\/wp-json\/wp\/v2\/pages"}],"about":[{"href":"https:\/\/gobierno.udd.cl\/estudio-rrii\/wp-json\/wp\/v2\/types\/page"}],"author":[{"embeddable":true,"href":"https:\/\/gobierno.udd.cl\/estudio-rrii\/wp-json\/wp\/v2\/users\/1"}],"replies":[{"embeddable":true,"href":"https:\/\/gobierno.udd.cl\/estudio-rrii\/wp-json\/wp\/v2\/comments?post=92"}],"version-history":[{"count":2,"href":"https:\/\/gobierno.udd.cl\/estudio-rrii\/wp-json\/wp\/v2\/pages\/92\/revisions"}],"predecessor-version":[{"id":94,"href":"https:\/\/gobierno.udd.cl\/estudio-rrii\/wp-json\/wp\/v2\/pages\/92\/revisions\/94"}],"up":[{"embeddable":true,"href":"https:\/\/gobierno.udd.cl\/estudio-rrii\/wp-json\/wp\/v2\/pages\/4"}],"wp:attachment":[{"href":"https:\/\/gobierno.udd.cl\/estudio-rrii\/wp-json\/wp\/v2\/media?parent=92"}],"curies":[{"name":"wp","href":"https:\/\/api.w.org\/{rel}","templated":true}]}}

Próxima publicación de libro sobre las relaciones diplomáticas entre China y Chile

<p>Para este año se espera la publicación de un libro sobre las relaciones entre China y Chile con motivo de la conmemoración de los 40 años de relaciones diplomáticas formales, cumplidos en 2010. Esta importante obra se ha llevado a cabo en conjunto con el Instituto Chino de Relaciones Internacionales Contemporáneas (CICIR, por su sigla en inglés). Éste consiste en interesantes artículos que abordan las relaciones entre China y América Latina y las relaciones de Chile con China, elaborados por connotados académicos chilenos y chinos expertos en relaciones sino-latinoamericanas, y por los ministros de Relaciones Exteriores de China y Chile.</p>

<p>Para este año se espera la publicación de un libro sobre las relaciones entre China y Chile con motivo de la conmemoración de los 40 años de relaciones diplomáticas formales, cumplidos en 2010. Esta importante obra se ha llevado a cabo en conjunto con el Instituto Chino de Relaciones Internacionales Contemporáneas (CICIR, por su sigla [&hellip;]</p>
