{"id":629,"date":"2014-06-03T17:24:19","date_gmt":"2014-06-03T21:24:19","guid":{"rendered":"http:\/\/gobierno.udd.cl\/estudio-rrii\/?page_id=629"},"modified":"2014-06-03T17:24:19","modified_gmt":"2014-06-03T21:24:19","slug":"%e6%99%ba%e5%88%a9%e4%b8%8e%e4%b8%ad%e5%9b%bd%ef%bc%9a40%e5%b9%b4%e7%9a%84%e5%8f%8b%e5%a5%bd%e5%90%88%e4%bd%9c%e5%85%b3%e7%b3%bb","status":"publish","type":"page","link":"https:\/\/gobierno.udd.cl\/estudio-rrii\/%e6%99%ba%e5%88%a9%e4%b8%8e%e4%b8%ad%e5%9b%bd%ef%bc%9a40%e5%b9%b4%e7%9a%84%e5%8f%8b%e5%a5%bd%e5%90%88%e4%bd%9c%e5%85%b3%e7%b3%bb\/","title":{"rendered":"\u667a\u5229\u4e0e\u4e2d\u56fd\uff1a40\u5e74\u7684\u53cb\u597d\u5408\u4f5c\u5173\u7cfb"},"content":{"rendered":"<p style=\"text-align: justify;\">Este libro analiza las relaciones diplom\u00e1ticas entre Chile y China desde 1970 al presente, y cuenta con la colaboraci\u00f3n de autores del sector acad\u00e9mico y gubernamental, tanto chilenos como chinos, quienes analizan desde una perspectiva amplia e hist\u00f3rica, los distintos \u00e1mbitos que han marcado la relaci\u00f3n bilateral en este periodo, y que plantear\u00e1n cu\u00e1les ser\u00e1n los desaf\u00edos que marcar\u00e1n las pr\u00f3ximas d\u00e9cadas. Este trabajo constituye un aporte novedoso a la academia, en cuanto es el resultado de colaboraci\u00f3n entre el CERI y el CICIR de China para su publicaci\u00f3n en Chile y en China en idioma chino.<\/p>\n","protected":false},"excerpt":{"rendered":"<p>Este libro analiza las relaciones diplom\u00e1ticas entre Chile y China desde 1970 al presente, y cuenta con la colaboraci\u00f3n de autores del sector acad\u00e9mico y gubernamental, tanto chilenos como chinos, quienes analizan desde una perspectiva amplia e hist\u00f3rica, los distintos \u00e1mbitos que han marcado la relaci\u00f3n bilateral en este periodo, y que plantear\u00e1n cu\u00e1les ser\u00e1n [&hellip;]<\/p>\n","protected":false},"author":22,"featured_media":0,"parent":0,"menu_order":0,"comment_status":"open","ping_status":"open","template":"","meta":{"footnotes":""},"class_list":["post-629","page","type-page","status-publish","hentry"],"_links":{"self":[{"href":"https:\/\/gobierno.udd.cl\/estudio-rrii\/wp-json\/wp\/v2\/pages\/629","targetHints":{"allow":["GET"]}}],"collection":[{"href":"https:\/\/gobierno.udd.cl\/estudio-rrii\/wp-json\/wp\/v2\/pages"}],"about":[{"href":"https:\/\/gobierno.udd.cl\/estudio-rrii\/wp-json\/wp\/v2\/types\/page"}],"author":[{"embeddable":true,"href":"https:\/\/gobierno.udd.cl\/estudio-rrii\/wp-json\/wp\/v2\/users\/22"}],"replies":[{"embeddable":true,"href":"https:\/\/gobierno.udd.cl\/estudio-rrii\/wp-json\/wp\/v2\/comments?post=629"}],"version-history":[{"count":2,"href":"https:\/\/gobierno.udd.cl\/estudio-rrii\/wp-json\/wp\/v2\/pages\/629\/revisions"}],"predecessor-version":[{"id":631,"href":"https:\/\/gobierno.udd.cl\/estudio-rrii\/wp-json\/wp\/v2\/pages\/629\/revisions\/631"}],"wp:attachment":[{"href":"https:\/\/gobierno.udd.cl\/estudio-rrii\/wp-json\/wp\/v2\/media?parent=629"}],"curies":[{"name":"wp","href":"https:\/\/api.w.org\/{rel}","templated":true}]}}

智利与中国：40年的友好合作关系

<p style="text-align: justify;">Este libro analiza las relaciones diplomáticas entre Chile y China desde 1970 al presente, y cuenta con la colaboración de autores del sector académico y gubernamental, tanto chilenos como chinos, quienes analizan desde una perspectiva amplia e histórica, los distintos ámbitos que han marcado la relación bilateral en este periodo, y que plantearán cuáles serán los desafíos que marcarán las próximas décadas. Este trabajo constituye un aporte novedoso a la academia, en cuanto es el resultado de colaboración entre el CERI y el CICIR de China para su publicación en Chile y en China en idioma chino.</p>

<p>Este libro analiza las relaciones diplomáticas entre Chile y China desde 1970 al presente, y cuenta con la colaboración de autores del sector académico y gubernamental, tanto chilenos como chinos, quienes analizan desde una perspectiva amplia e histórica, los distintos ámbitos que han marcado la relación bilateral en este periodo, y que plantearán cuáles serán [&hellip;]</p>
