{"id":612,"date":"2014-06-03T17:02:16","date_gmt":"2014-06-03T21:02:16","guid":{"rendered":"http:\/\/gobierno.udd.cl\/estudio-rrii\/?page_id=612"},"modified":"2020-04-14T16:25:40","modified_gmt":"2020-04-14T20:25:40","slug":"libros-ceri","status":"publish","type":"page","link":"https:\/\/gobierno.udd.cl\/estudio-rrii\/investigacion-y-publicaciones\/libros-ceri\/","title":{"rendered":"Libros y cap\u00edtulos CERI"},"content":{"rendered":"\n<h2 class=\"wp-block-heading\"><span style=\"color: #464646;\"><\/span><\/h2>\n\n\n\n<ul class=\"wp-block-list\"><li><span style=\"color: #464646;\">Rodr\u00edguez, Isabel &amp; Vieira, Edgar (Eds) (2015):<\/span> Perspectivas y Oportunidades de la Alianza del Pac\u00edfico. Editorial CESA, Bogot\u00e1, Colombia. 391 p. ISBN: 9789588722788.<\/li><li><span style=\"color: #464646;\">Rodr\u00edguez, I. &amp; Shougguo, Eds. (2013):<\/span> La Diplomacia P\u00fablica de China en Am\u00e9rica Latina: lecciones para Chile. RIL Editores, Santiago: Chile. <a href=\"http:\/\/gobierno.udd.cl\/estudio-rrii\/la-diplomacia-publica-de-china-en-america-latina-lecciones-para-chile\/\">(Ver m\u00e1s)<\/a><\/li><li><span style=\"color: #464646;\">Lee, Y. &amp; Hongying W. Eds. (2011):<\/span>\u00a0China y Chile: cuarenta a\u00f1os de pol\u00edtica exterior. RIL Editores, Santiago: Chile.<\/li><li><span style=\"color: #464646;\">Lee, Y. &amp; Hongying W. Eds. (2011):<\/span>\u00a0\u667a\u5229\u4e0e\u4e2d\u56fd\uff1a40\u5e74\u7684\u53cb\u597d\u5408\u4f5c\u5173\u7cfb. CICIR (Centro de Estudios Internacionales Contempor\u00e1neos de China), Beijing, China. \u00a0<a href=\"http:\/\/gobierno.udd.cl\/estudio-rrii\/%E6%99%BA%E5%88%A9%E4%B8%8E%E4%B8%AD%E5%9B%BD%EF%BC%9A40%E5%B9%B4%E7%9A%84%E5%8F%8B%E5%A5%BD%E5%90%88%E4%BD%9C%E5%85%B3%E7%B3%BB\/\">(Ver m\u00e1s)<\/a><\/li><\/ul>\n\n\n\n<p><span style=\"color: #464646;\"><strong>CAP\u00cdTULOS EN LIBROS<\/strong><\/span><\/p>\n\n\n\n<ul class=\"wp-block-list\"><li><span style=\"text-align: justify; color: #464646;\">Rodr\u00edguez, Isabel (2016).<\/span><span style=\"text-align: justify;\"> <\/span>Cap\u00edtulo 11: \u201cLas percepciones de Chile hacia China: de amigos a socios estrat\u00e9gicos\u201d. En Beltr\u00e1n, J., Haro F.J., S\u00e1iz, A. (Eds); Representaciones de China en las Am\u00e9ricas y la Pen\u00ednsula Ib\u00e9rica. Edicions Bellaterra, Espa\u00f1a\u00bb.<\/li><li><span style=\"text-align: justify; color: #464646;\">Lee,Y. (2015).<\/span><span style=\"text-align: justify;\"> La pol\u00edtica hacia los NICs: \u201cTaipei\u201d. En Artaza, M. y Ross, C. (Eds). La Pol\u00edtica Exterior de Chile: desde el aislamiento a la integraci\u00f3n global, Volumen II, USACH-RIL Editores, Santiago, Chile.<\/span><\/li><li><span style=\"text-align: justify;\"><span style=\"color: #464646;\">Lee, Y. T (2015).<\/span> Cap\u00edtulo 10, \u201cLos intereses econ\u00f3micos y geopol\u00edticos de China y Estados Unidos en las proyecciones de la Alianza del Pac\u00edfico\u201d. En Rodr\u00edguez, Isabel &amp; Vieira, Edgar (Eds): Perspectivas y Oportunidades de la Alianza del Pac\u00edfico. Editorial CESA, Bogot\u00e1, Colombia.<\/span><\/li><li> <p style=\"display: inline !important;\"><span style=\"color: #464646;\">Recabarren, J. (2015).<\/span> Cap\u00edtulo 8, \u201cActores en los procesos de integraci\u00f3n Latinoamericana: gobierno, partidos pol\u00edticos y empresarios en la incorporaci\u00f3n de Chile a la Alianza del Pac\u00edfico\u201d. En Rodr\u00edguez, Isabel &amp; Vieira, Edgar (Eds): Perspectivas y Oportunidades de la Alianza del Pac\u00edfico. Editorial CESA, Bogot\u00e1, Colombia.<\/p> <\/li><li><span style=\"text-align: justify;\"><span style=\"color: #464646;\">Rodr\u00edguez, I. (2015).<\/span> Cap\u00edtulo 1, \u201cOportunidades y desaf\u00edos que plantea la Alianza del Pac\u00edfico para la pol\u00edtica exterior y para los modelos de integraci\u00f3n regional de sus miembros\u201d. En Rodr\u00edguez, Isabel &amp; Vieira, Edgar (Eds): Perspectivas y Oportunidades de la Alianza del Pac\u00edfico. Editorial CESA, Bogot\u00e1, Colombia.<\/span><\/li><li> <p style=\"display: inline !important;\"><span style=\"color: #464646;\">Leiva, D. &amp; Witker, I. (2015). <\/span>Cap\u00edtulo 9, \u201cPercepciones del Atl\u00e1ntico Latinoamericano ante la Alianza del Pac\u00edfico y profundizaci\u00f3n del proceso de integraci\u00f3n de la Alianza del Pac\u00edfico con nuevas membres\u00edas\u201d. En Rodr\u00edguez, Isabel &amp; Vieira, Edgar (Eds): Perspectivas y Oportunidades de la Alianza del Pac\u00edfico. Editorial CESA, Bogot\u00e1, Colombia.<\/p> <\/li><li><span style=\"color: #464646;\">Rodr\u00edguez, I. (2015). <\/span>Conclusiones: \u201cUn diagn\u00f3stico de las relaciones entre China y Am\u00e9rica: la pol\u00edtica exterior de Xi Jinping\u201d. En Bonilla, Adri\u00e1n &amp; Milet, Paz (Eds): China en Am\u00e9rica Latina y el Caribe: Escenarios estrat\u00e9gicos subregionales. FLACSO \u2013 CAF.<\/li><li> <p style=\"display: inline !important;\"><span style=\"color: #464646;\">Rodr\u00edguez, I. (2015).<\/span> Conclusions: \u201cAn assessment of the relations between China and the Americas: Foreign policy under Xi Jinping. In Bonilla, Adri\u00e1n &amp; Milet, Paz (Eds): Latin America, the Caribbean and China: Sub-regional strategic scenarios. FLACSO \u2013 CAF.<\/p> <\/li><li><span style=\"color: #464646;\">Rodr\u00edguez, I. (2014):<\/span> Cap\u00edtulo 12 \u201cExperiencias de Chile en el aprovechamiento del TLC con Canad\u00e1\u201d. En Vieira, E. Editor. El TLC Colombia-Canad\u00e1: Nuevo Escenario para el Comercio y la Inversi\u00f3n. Ediciones CESA, Bogot\u00e1.<\/li><li><span style=\"color: #464646;\">Rodr\u00edguez, I. &amp; Recabarren, J. (2014): <\/span>Cap\u00edtulo 12 Experiencias de Chile en el aprovechamiento del TLC con Estados Unidos. En Vieira, E. Editor. El TLC Colombia-Estados Unidos: Una nueva relaci\u00f3n para el siglo XXI. Ediciones CESA, Bogot\u00e1. Forthcoming.<\/li><li><span style=\"color: #464646;\">Bernedo, P. y Recabarren, J. (2014): <\/span>Procesos de integraci\u00f3n regional en Chile y Am\u00e9rica latina: incentivos y resultados. En Bernedo, P. y Stabili, M. (Eds) Ciudadan\u00edas y procesos de integraci\u00f3n en Am\u00e9rica Latina y Europa. Problemas abiertos, Pontificia Universidad Cat\u00f3lica de Chile y Universit\u00e0 degli Studi Roma Tre, Santiago \u2013 Roma. Forthcoming.<\/li><li><span style=\"color: #464646;\">Rodr\u00edguez, I. (2013). <\/span>La diplomacia p\u00fablica en las relaciones internacionales: El aporte de China. En Rodr\u00edguez, I. &amp; Shougguo, Eds. (2013): La Diplomacia P\u00fablica de China en Am\u00e9rica Latina: lecciones para Chile. RIL Editores, Santiago: Chile.<\/li><li><span style=\"color: #464646;\">Lee, Y. T. (2013).<\/span> La diplomacia p\u00fablica y el soft power de China en Am\u00e9rica Latina. En Rodr\u00edguez, I. &amp; Shougguo, Eds. (2013): La Diplomacia P\u00fablica de China en Am\u00e9rica Latina: lecciones para Chile. RIL Editores, Santiago: Chile.<\/li><li><span style=\"color: #464646;\">Leiva, D. (2013).<\/span> La diplomacia p\u00fablica de China: Lecciones para la pol\u00edtica exterior de Chile. En Rodr\u00edguez, I. &amp; Shougguo, Eds. (2013): La Diplomacia P\u00fablica de China en Am\u00e9rica Latina: lecciones para Chile. RIL Editores, Santiago: Chile.<\/li><li><span style=\"color: #464646;\">Fernando, S. (2013). <\/span>La imagen de Chile y su efecto pa\u00eds de origen en China. En Rodr\u00edguez, I. &amp; Shougguo, Eds. (2013): La Diplomacia P\u00fablica de China en Am\u00e9rica Latina: lecciones para Chile. RIL Editores, Santiago: Chile.<\/li><li><span style=\"color: #464646;\">Rodr\u00edguez, I. (2013). <\/span>Teor\u00edas cl\u00e1sicas de las relaciones internacionales. En Bello, D. (Ed.), Manual de Relaciones Internacionales: Herramientas para la comprensi\u00f3n de la disciplina, Santiago, Chile: RIL Editores.<\/li><li><span style=\"color: #464646;\">Caro, I. &amp; Rodr\u00edguez, I. (2013). <\/span>El estudio de las relaciones internacionales. En Bello, D. (Ed.), Manual de Relaciones Internacionales: herramientas para la comprensi\u00f3n de la disciplina, Santiago, Chile: RIL Editores.<\/li><li><span style=\"color: #464646;\">R\u00edos, M. (2013).<\/span> Cap\u00edtulo: \u201cEl retorno de la Tierra Pura: la colaboraci\u00f3n del budismo en las pol\u00edticas sociales de China\u201d. En Historia, Cultura y Aprendizaje del Chino, UNAM.<\/li><li> <p style=\"display: inline !important;\"><span style=\"color: #464646;\">R\u00edos, M. (2012).<\/span> Secci\u00f3n 3: Cultura. \u201cLa Monta\u00f1a Nanwutai y su reconocimiento como lugar de culto al Bodhisattva Guanyin\u201d. En Peregrinaciones Ayer y Hoy. Arqueolog\u00eda y Antropolog\u00eda de las Religiones, El Colegio de M\u00e9xico.<\/p> <\/li><li><span style=\"color: #464646;\">R\u00edos, M. (2012).<\/span> Cap. 8: \u201cEl Bodhisattva Guanyin: un estudio sobre c\u00f3mo conciben las devotas su encuentro con la imagen de Guanyin\u201d. En China: estudios y ensayos en honor a Flora Botton Beja, El Colegio de M\u00e9xico.<\/li><\/ul>\n","protected":false},"excerpt":{"rendered":"<p>Rodr\u00edguez, Isabel &amp; Vieira, Edgar (Eds) (2015): Perspectivas y Oportunidades de la Alianza del Pac\u00edfico. Editorial CESA, Bogot\u00e1, Colombia. 391 p. ISBN: 9789588722788. Rodr\u00edguez, I. &amp; Shougguo, Eds. (2013): La Diplomacia P\u00fablica de China en Am\u00e9rica Latina: lecciones para Chile. RIL Editores, Santiago: Chile. (Ver m\u00e1s) Lee, Y. &amp; Hongying W. Eds. (2011):\u00a0China y Chile: [&hellip;]<\/p>\n","protected":false},"author":22,"featured_media":0,"parent":615,"menu_order":2,"comment_status":"open","ping_status":"open","template":"","meta":{"footnotes":""},"class_list":["post-612","page","type-page","status-publish","hentry"],"_links":{"self":[{"href":"https:\/\/gobierno.udd.cl\/estudio-rrii\/wp-json\/wp\/v2\/pages\/612","targetHints":{"allow":["GET"]}}],"collection":[{"href":"https:\/\/gobierno.udd.cl\/estudio-rrii\/wp-json\/wp\/v2\/pages"}],"about":[{"href":"https:\/\/gobierno.udd.cl\/estudio-rrii\/wp-json\/wp\/v2\/types\/page"}],"author":[{"embeddable":true,"href":"https:\/\/gobierno.udd.cl\/estudio-rrii\/wp-json\/wp\/v2\/users\/22"}],"replies":[{"embeddable":true,"href":"https:\/\/gobierno.udd.cl\/estudio-rrii\/wp-json\/wp\/v2\/comments?post=612"}],"version-history":[{"count":12,"href":"https:\/\/gobierno.udd.cl\/estudio-rrii\/wp-json\/wp\/v2\/pages\/612\/revisions"}],"predecessor-version":[{"id":2908,"href":"https:\/\/gobierno.udd.cl\/estudio-rrii\/wp-json\/wp\/v2\/pages\/612\/revisions\/2908"}],"up":[{"embeddable":true,"href":"https:\/\/gobierno.udd.cl\/estudio-rrii\/wp-json\/wp\/v2\/pages\/615"}],"wp:attachment":[{"href":"https:\/\/gobierno.udd.cl\/estudio-rrii\/wp-json\/wp\/v2\/media?parent=612"}],"curies":[{"name":"wp","href":"https:\/\/api.w.org\/{rel}","templated":true}]}}

Libros y capítulos CERI

<h2 class="wp-block-heading"><span style="color: #464646;"></span></h2>



<ul class="wp-block-list"><li><span style="color: #464646;">Rodríguez, Isabel &amp; Vieira, Edgar (Eds) (2015):</span> Perspectivas y Oportunidades de la Alianza del Pacífico. Editorial CESA, Bogotá, Colombia. 391 p. ISBN: 9789588722788.</li><li><span style="color: #464646;">Rodríguez, I. &amp; Shougguo, Eds. (2013):</span> La Diplomacia Pública de China en América Latina: lecciones para Chile. RIL Editores, Santiago: Chile. <a href="http://gobierno.udd.cl/estudio-rrii/la-diplomacia-publica-de-china-en-america-latina-lecciones-para-chile/">(Ver más)</a></li><li><span style="color: #464646;">Lee, Y. &amp; Hongying W. Eds. (2011):</span> China y Chile: cuarenta años de política exterior. RIL Editores, Santiago: Chile.</li><li><span style="color: #464646;">Lee, Y. &amp; Hongying W. Eds. (2011):</span> 智利与中国：40年的友好合作关系. CICIR (Centro de Estudios Internacionales Contemporáneos de China), Beijing, China.  <a href="http://gobierno.udd.cl/estudio-rrii/%E6%99%BA%E5%88%A9%E4%B8%8E%E4%B8%AD%E5%9B%BD%EF%BC%9A40%E5%B9%B4%E7%9A%84%E5%8F%8B%E5%A5%BD%E5%90%88%E4%BD%9C%E5%85%B3%E7%B3%BB/">(Ver más)</a></li></ul>



<p><span style="color: #464646;"><strong>CAPÍTULOS EN LIBROS</strong></span></p>



<ul class="wp-block-list"><li><span style="text-align: justify; color: #464646;">Rodríguez, Isabel (2016).</span><span style="text-align: justify;"> </span>Capítulo 11: “Las percepciones de Chile hacia China: de amigos a socios estratégicos”. En Beltrán, J., Haro F.J., Sáiz, A. (Eds); Representaciones de China en las Américas y la Península Ibérica. Edicions Bellaterra, España».</li><li><span style="text-align: justify; color: #464646;">Lee,Y. (2015).</span><span style="text-align: justify;"> La política hacia los NICs: “Taipei”. En Artaza, M. y Ross, C. (Eds). La Política Exterior de Chile: desde el aislamiento a la integración global, Volumen II, USACH-RIL Editores, Santiago, Chile.</span></li><li><span style="text-align: justify;"><span style="color: #464646;">Lee, Y. T (2015).</span> Capítulo 10, “Los intereses económicos y geopolíticos de China y Estados Unidos en las proyecciones de la Alianza del Pacífico”. En Rodríguez, Isabel &amp; Vieira, Edgar (Eds): Perspectivas y Oportunidades de la Alianza del Pacífico. Editorial CESA, Bogotá, Colombia.</span></li><li> <p style="display: inline !important;"><span style="color: #464646;">Recabarren, J. (2015).</span> Capítulo 8, “Actores en los procesos de integración Latinoamericana: gobierno, partidos políticos y empresarios en la incorporación de Chile a la Alianza del Pacífico”. En Rodríguez, Isabel &amp; Vieira, Edgar (Eds): Perspectivas y Oportunidades de la Alianza del Pacífico. Editorial CESA, Bogotá, Colombia.</p> </li><li><span style="text-align: justify;"><span style="color: #464646;">Rodríguez, I. (2015).</span> Capítulo 1, “Oportunidades y desafíos que plantea la Alianza del Pacífico para la política exterior y para los modelos de integración regional de sus miembros”. En Rodríguez, Isabel &amp; Vieira, Edgar (Eds): Perspectivas y Oportunidades de la Alianza del Pacífico. Editorial CESA, Bogotá, Colombia.</span></li><li> <p style="display: inline !important;"><span style="color: #464646;">Leiva, D. &amp; Witker, I. (2015). </span>Capítulo 9, “Percepciones del Atlántico Latinoamericano ante la Alianza del Pacífico y profundización del proceso de integración de la Alianza del Pacífico con nuevas membresías”. En Rodríguez, Isabel &amp; Vieira, Edgar (Eds): Perspectivas y Oportunidades de la Alianza del Pacífico. Editorial CESA, Bogotá, Colombia.</p> </li><li><span style="color: #464646;">Rodríguez, I. (2015). </span>Conclusiones: “Un diagnóstico de las relaciones entre China y América: la política exterior de Xi Jinping”. En Bonilla, Adrián &amp; Milet, Paz (Eds): China en América Latina y el Caribe: Escenarios estratégicos subregionales. FLACSO – CAF.</li><li> <p style="display: inline !important;"><span style="color: #464646;">Rodríguez, I. (2015).</span> Conclusions: “An assessment of the relations between China and the Americas: Foreign policy under Xi Jinping. In Bonilla, Adrián &amp; Milet, Paz (Eds): Latin America, the Caribbean and China: Sub-regional strategic scenarios. FLACSO – CAF.</p> </li><li><span style="color: #464646;">Rodríguez, I. (2014):</span> Capítulo 12 “Experiencias de Chile en el aprovechamiento del TLC con Canadá”. En Vieira, E. Editor. El TLC Colombia-Canadá: Nuevo Escenario para el Comercio y la Inversión. Ediciones CESA, Bogotá.</li><li><span style="color: #464646;">Rodríguez, I. &amp; Recabarren, J. (2014): </span>Capítulo 12 Experiencias de Chile en el aprovechamiento del TLC con Estados Unidos. En Vieira, E. Editor. El TLC Colombia-Estados Unidos: Una nueva relación para el siglo XXI. Ediciones CESA, Bogotá. Forthcoming.</li><li><span style="color: #464646;">Bernedo, P. y Recabarren, J. (2014): </span>Procesos de integración regional en Chile y América latina: incentivos y resultados. En Bernedo, P. y Stabili, M. (Eds) Ciudadanías y procesos de integración en América Latina y Europa. Problemas abiertos, Pontificia Universidad Católica de Chile y Università degli Studi Roma Tre, Santiago – Roma. Forthcoming.</li><li><span style="color: #464646;">Rodríguez, I. (2013). </span>La diplomacia pública en las relaciones internacionales: El aporte de China. En Rodríguez, I. &amp; Shougguo, Eds. (2013): La Diplomacia Pública de China en América Latina: lecciones para Chile. RIL Editores, Santiago: Chile.</li><li><span style="color: #464646;">Lee, Y. T. (2013).</span> La diplomacia pública y el soft power de China en América Latina. En Rodríguez, I. &amp; Shougguo, Eds. (2013): La Diplomacia Pública de China en América Latina: lecciones para Chile. RIL Editores, Santiago: Chile.</li><li><span style="color: #464646;">Leiva, D. (2013).</span> La diplomacia pública de China: Lecciones para la política exterior de Chile. En Rodríguez, I. &amp; Shougguo, Eds. (2013): La Diplomacia Pública de China en América Latina: lecciones para Chile. RIL Editores, Santiago: Chile.</li><li><span style="color: #464646;">Fernando, S. (2013). </span>La imagen de Chile y su efecto país de origen en China. En Rodríguez, I. &amp; Shougguo, Eds. (2013): La Diplomacia Pública de China en América Latina: lecciones para Chile. RIL Editores, Santiago: Chile.</li><li><span style="color: #464646;">Rodríguez, I. (2013). </span>Teorías clásicas de las relaciones internacionales. En Bello, D. (Ed.), Manual de Relaciones Internacionales: Herramientas para la comprensión de la disciplina, Santiago, Chile: RIL Editores.</li><li><span style="color: #464646;">Caro, I. &amp; Rodríguez, I. (2013). </span>El estudio de las relaciones internacionales. En Bello, D. (Ed.), Manual de Relaciones Internacionales: herramientas para la comprensión de la disciplina, Santiago, Chile: RIL Editores.</li><li><span style="color: #464646;">Ríos, M. (2013).</span> Capítulo: “El retorno de la Tierra Pura: la colaboración del budismo en las políticas sociales de China”. En Historia, Cultura y Aprendizaje del Chino, UNAM.</li><li> <p style="display: inline !important;"><span style="color: #464646;">Ríos, M. (2012).</span> Sección 3: Cultura. “La Montaña Nanwutai y su reconocimiento como lugar de culto al Bodhisattva Guanyin”. En Peregrinaciones Ayer y Hoy. Arqueología y Antropología de las Religiones, El Colegio de México.</p> </li><li><span style="color: #464646;">Ríos, M. (2012).</span> Cap. 8: “El Bodhisattva Guanyin: un estudio sobre cómo conciben las devotas su encuentro con la imagen de Guanyin”. En China: estudios y ensayos en honor a Flora Botton Beja, El Colegio de México.</li></ul>

<p>Rodríguez, Isabel &amp; Vieira, Edgar (Eds) (2015): Perspectivas y Oportunidades de la Alianza del Pacífico. Editorial CESA, Bogotá, Colombia. 391 p. ISBN: 9789588722788. Rodríguez, I. &amp; Shougguo, Eds. (2013): La Diplomacia Pública de China en América Latina: lecciones para Chile. RIL Editores, Santiago: Chile. (Ver más) Lee, Y. &amp; Hongying W. Eds. (2011): China y Chile: [&hellip;]</p>
