{"id":3000,"date":"2020-09-16T12:16:36","date_gmt":"2020-09-16T15:16:36","guid":{"rendered":"http:\/\/gobierno.udd.cl\/estudio-rrii\/?page_id=3000"},"modified":"2020-09-16T12:16:37","modified_gmt":"2020-09-16T15:16:37","slug":"participacion-en-congresos","status":"publish","type":"page","link":"https:\/\/gobierno.udd.cl\/estudio-rrii\/participacion-en-congresos\/","title":{"rendered":"Participaci\u00f3n en Congresos"},"content":{"rendered":"\n<p class=\"has-text-color has-vivid-green-cyan-color\"><strong>PARTICIPACI\u00d3N EN CONGRESOS<\/strong><\/p>\n\n\n\n<ul class=\"wp-block-list\"><li>Seminario Internacional: La Alianza del Pac\u00edfico y la Integraci\u00f3n Regional, organizado por la Pontificia Universidad Cat\u00f3lica de Per\u00fa, Facultad de Econom\u00eda, abril 2017, ponencia de Isabel Rodr\u00edguez: <em>\u201cLa Inserci\u00f3n Internacional de la Alianza del Pac\u00edfico: logros y desaf\u00edos\u201d.<\/em><\/li><li>XV Congreso Internacional de ALADAA 2016, Universidad del Desarrollo y Universidad Adolfo Iba\u00f1ez, 12 y 14 de enero de 2016. Ponencias presentadas: Foguangshan: el Budismo humanista en Chile, La autoimagen de Chile como pa\u00eds \u00b4puente\u00b4 entre los pa\u00edses del Asia-Pac\u00edfico y Sudam\u00e9rica, y La redefinici\u00f3n de China en el sistema de poder internacional y su impacto en Am\u00e9rica Latina.<\/li><li>VI Foro Mundial sobre Estudios Chinos, noviembre de 2015, Shangh\u00e1i. Ponencias presentadas: La Diplomacia P\u00fablica China en Am\u00e9rica Latina y Redefiniendo la gobernanza social como fuente del soft power<\/li><li>Congreso nacional sobre el Fen\u00f3meno Religioso en el Mundo Contempor\u00e1neo, Universidad Alberto Hurtado y Centro de Estudios Judaicos de la Universidad de Chile, octubre de 2015. Ponencia presentada: Inserci\u00f3n del budismo en Chile.<\/li><li>Seminario Los desaf\u00edos geopol\u00edticos de Chile en la Ant\u00e1rtica y el Asia Pac\u00edfico, Academia de Guerra de Chile, octubre de 2015. Ponencia presentada: Relaciones de poder entre China y EE.UU.<\/li><li>Jornadas sobre Am\u00e9rica Latina y el Mundo: \u00c1frica y Asia, Instituto IDEA de la Universidad de Santiago de Chile, octubre de 2015. Ponencia presentada: Inserci\u00f3n del budismo en Chile<\/li><li>Encuentro Asia Pac\u00edfico, organizado por el Departamento de Estudios del Pac\u00edfico de la Universidad de Guadalajara del 21 al 25 de septiembre de 2015. Ponencia presentada: La participaci\u00f3n de Chile en las nuevas configuraciones econ\u00f3micas del Asia Pac\u00edfico<\/li><li>Seminario Internacional XVII Congreso de AHILA 2014, Entre espacios: la historia latinoamericana en el contexto global. Instituto de Estudios Latinoamericanos, Freie Universit\u00e4t de Berl\u00edn. SIMPOSIO 010, Facultad de Gobierno UDD: La gravitaci\u00f3n de China para las pol\u00edticas de desarrollo en Am\u00e9rica Latina. Ver convocatoria a Simposio en http:\/\/www.lai.fu-berlin.de\/es\/ahila2014\/conferencia\/simposios-aprobados\/index.html<\/li><li>Seminario Internacional China en Am\u00e9rica Latina: relaci\u00f3n estrat\u00e9gica en un mundo en trasformaci\u00f3n. Facultad Latinoamericana de Ciencias Sociales (FLACSO) sede M\u00e9xico, 8 y 10 de abril de 2014. Ponencia: C\u00f3mo se estudia en Am\u00e9rica Latina la relaci\u00f3n de la regi\u00f3n con China: enfoques y desaf\u00edos.<\/li><li>VII Congreso Internacional CEISAL. (Consejo Europeo de Investigaciones Sociales de Am\u00e9rica Latina). Memoria, Presente y Porvenir en Am\u00e9rica Latina, Oporto, Portugal, del 11 al 15 de junio de 2013. Ponencia presentada: \u201cNuevas configuraciones de cooperaci\u00f3n y concertaci\u00f3n en la regi\u00f3n de Asia -Pac\u00edfico y la participaci\u00f3n de Am\u00e9rica Latina: Desde APEC a la Alianza del Pac\u00edfico\u201d.<\/li><li>XXIX Congreso Latinoamericano de Sociolog\u00eda. ALAS Chile 2013, septiembre. Crisis y Emergencias Sociales en Am\u00e9rica Latina, del 29 de septiembre al 04 de octubre. Ponencia presentada: La Diplomacia P\u00fablica de China en Am\u00e9rica Latina: \u00bfnuevo paradigma de potencia?<\/li><li>Coloquio ALADAA Chile, Estudios de Asia y \u00c1frica. Universidad Adolfo Ib\u00e1\u00f1ez y Pontificia Universidad Cat\u00f3lica, 03 y 04 de octubre de 2013, Santiago. Ponencia presentada: El Centro de Estudios de Relaciones Internacionales (CERI) de la Universidad del Desarrollo y los estudios de China y Asia en Chile.<\/li><\/ul>\n","protected":false},"excerpt":{"rendered":"<p>PARTICIPACI\u00d3N EN CONGRESOS Seminario Internacional: La Alianza del Pac\u00edfico y la Integraci\u00f3n Regional, organizado por la Pontificia Universidad Cat\u00f3lica de Per\u00fa, Facultad de Econom\u00eda, abril 2017, ponencia de Isabel Rodr\u00edguez: \u201cLa Inserci\u00f3n Internacional de la Alianza del Pac\u00edfico: logros y desaf\u00edos\u201d. XV Congreso Internacional de ALADAA 2016, Universidad del Desarrollo y Universidad Adolfo Iba\u00f1ez, 12 [&hellip;]<\/p>\n","protected":false},"author":22,"featured_media":0,"parent":0,"menu_order":0,"comment_status":"closed","ping_status":"closed","template":"","meta":{"footnotes":""},"class_list":["post-3000","page","type-page","status-publish","hentry"],"_links":{"self":[{"href":"https:\/\/gobierno.udd.cl\/estudio-rrii\/wp-json\/wp\/v2\/pages\/3000","targetHints":{"allow":["GET"]}}],"collection":[{"href":"https:\/\/gobierno.udd.cl\/estudio-rrii\/wp-json\/wp\/v2\/pages"}],"about":[{"href":"https:\/\/gobierno.udd.cl\/estudio-rrii\/wp-json\/wp\/v2\/types\/page"}],"author":[{"embeddable":true,"href":"https:\/\/gobierno.udd.cl\/estudio-rrii\/wp-json\/wp\/v2\/users\/22"}],"replies":[{"embeddable":true,"href":"https:\/\/gobierno.udd.cl\/estudio-rrii\/wp-json\/wp\/v2\/comments?post=3000"}],"version-history":[{"count":1,"href":"https:\/\/gobierno.udd.cl\/estudio-rrii\/wp-json\/wp\/v2\/pages\/3000\/revisions"}],"predecessor-version":[{"id":3001,"href":"https:\/\/gobierno.udd.cl\/estudio-rrii\/wp-json\/wp\/v2\/pages\/3000\/revisions\/3001"}],"wp:attachment":[{"href":"https:\/\/gobierno.udd.cl\/estudio-rrii\/wp-json\/wp\/v2\/media?parent=3000"}],"curies":[{"name":"wp","href":"https:\/\/api.w.org\/{rel}","templated":true}]}}