{"id":2957,"date":"2020-09-14T16:43:15","date_gmt":"2020-09-14T19:43:15","guid":{"rendered":"http:\/\/gobierno.udd.cl\/estudio-rrii\/?page_id=2957"},"modified":"2020-09-28T17:10:37","modified_gmt":"2020-09-28T20:10:37","slug":"convenios-y-alianzas","status":"publish","type":"page","link":"https:\/\/gobierno.udd.cl\/estudio-rrii\/convenios-y-alianzas\/","title":{"rendered":"Convenios y Alianzas"},"content":{"rendered":"<section class=\"wp-block-udd-text-row block--bg-gray\">\n\t<div class=\"text-row\">\n\t\t<div class=\"text-row__content\">\n\t\t\t<div class=\"text-row__content-inner text\">\n\t\t\t\t\t\t\t\t\n<p><br>Con el fin de potenciar el intercambio de alumnos, pasant\u00edas de profesores e investigaci\u00f3n conjunta, el Centro de Estudios de Relaciones Internacionales (CERI) establece convenios junto a diversas instituciones.<\/p>\n\n<p>Actualmente contamos con las siguientes alianzas:<\/p>\n\n<p><strong>China:<\/strong> China Institutes of Contemporary International Relations (CICIR), Academia China de Ciencias Sociales (CASS), Universidad de Estudios Extranjeros de Beijing (Beijing Foreign Studies University), Universidad de Ciencia y Tecnolog\u00eda del Sudoeste (Southwest University of Science and Technology), Universidad Nankai.<\/p>\n\n<p><strong>Latinoam\u00e9rica<\/strong>: Colegio de Estudios Superiores de Administraci\u00f3n de Colombia (CESA), Centro de Estudios sobre Globalizaci\u00f3n e Integraci\u00f3n (CEGLI), Flacso M\u00e9xico, Centro de Estudios de Fronteras e Integraci\u00f3n de la Universidad de Los Andes de Venezuela.<\/p>\n\n<p><strong>Europa:<\/strong> Instituto de Am\u00e9rica Latina de Rusia,\u00a0Instituto de Estudios Latinoamericanos de la Freie Universit\u00e4t, Berl\u00edn de Alemania.<\/p>\n\t\t\t<\/div>\n\t\t<\/div>\n\t\t<div class=\"text-row__media\">\n\t\t\t<img loading=\"lazy\" decoding=\"async\" width=\"952\" height=\"534\" src=\"https:\/\/gobierno.udd.cl\/estudio-rrii\/files\/2020\/09\/pexels-bongkarn-thanyakij-3740400-680x382.jpg\" class=\"text-row__media-image lazyload\" alt=\"\" sizes=\"auto, (max-width: 952px) 100vw, 952px\" data-src=\"https:\/\/gobierno.udd.cl\/estudio-rrii\/files\/2020\/09\/pexels-bongkarn-thanyakij-3740400-952x534.jpg\" data-srcset=\"https:\/\/gobierno.udd.cl\/estudio-rrii\/files\/2020\/09\/pexels-bongkarn-thanyakij-3740400-952x534.jpg 952w, https:\/\/gobierno.udd.cl\/estudio-rrii\/files\/2020\/09\/pexels-bongkarn-thanyakij-3740400-1366x768.jpg 1366w, https:\/\/gobierno.udd.cl\/estudio-rrii\/files\/2020\/09\/pexels-bongkarn-thanyakij-3740400-680x382.jpg 680w\" \/>\t\t<\/div>\n\t<\/div>\n<\/section>\n","protected":false},"excerpt":{"rendered":"","protected":false},"author":22,"featured_media":0,"parent":0,"menu_order":0,"comment_status":"closed","ping_status":"closed","template":"","meta":{"footnotes":""},"class_list":["post-2957","page","type-page","status-publish","hentry"],"_links":{"self":[{"href":"https:\/\/gobierno.udd.cl\/estudio-rrii\/wp-json\/wp\/v2\/pages\/2957","targetHints":{"allow":["GET"]}}],"collection":[{"href":"https:\/\/gobierno.udd.cl\/estudio-rrii\/wp-json\/wp\/v2\/pages"}],"about":[{"href":"https:\/\/gobierno.udd.cl\/estudio-rrii\/wp-json\/wp\/v2\/types\/page"}],"author":[{"embeddable":true,"href":"https:\/\/gobierno.udd.cl\/estudio-rrii\/wp-json\/wp\/v2\/users\/22"}],"replies":[{"embeddable":true,"href":"https:\/\/gobierno.udd.cl\/estudio-rrii\/wp-json\/wp\/v2\/comments?post=2957"}],"version-history":[{"count":8,"href":"https:\/\/gobierno.udd.cl\/estudio-rrii\/wp-json\/wp\/v2\/pages\/2957\/revisions"}],"predecessor-version":[{"id":3017,"href":"https:\/\/gobierno.udd.cl\/estudio-rrii\/wp-json\/wp\/v2\/pages\/2957\/revisions\/3017"}],"wp:attachment":[{"href":"https:\/\/gobierno.udd.cl\/estudio-rrii\/wp-json\/wp\/v2\/media?parent=2957"}],"curies":[{"name":"wp","href":"https:\/\/api.w.org\/{rel}","templated":true}]}}