{"id":3059,"date":"2022-08-05T11:28:24","date_gmt":"2022-08-05T15:28:24","guid":{"rendered":"http:\/\/gobierno.udd.cl\/estudio-rrii\/files\/2022\/08\/Retratos_IMG_9554.jpg"},"modified":"2022-08-05T11:28:42","modified_gmt":"2022-08-05T15:28:42","slug":"jornada-reflexion-8m","status":"inherit","type":"attachment","link":"https:\/\/gobierno.udd.cl\/estudio-rrii\/persona\/juan-pablo-sims\/jornada-reflexion-8m\/","title":{"rendered":"Juan Pablo Sims"},"author":22,"featured_media":0,"comment_status":"open","ping_status":"closed","template":"","meta":[],"class_list":["post-3059","attachment","type-attachment","status-inherit","hentry"],"description":{"rendered":"<p class=\"attachment\"><a href='https:\/\/gobierno.udd.cl\/estudio-rrii\/files\/2022\/08\/Retratos_IMG_9554-scaled.jpg'><img loading=\"lazy\" decoding=\"async\" width=\"300\" height=\"240\" src=\"https:\/\/gobierno.udd.cl\/estudio-rrii\/wp-content\/plugins\/wp-async-img-load\/blank.png\" class=\"attachment-medium size-medium lazyload\" alt=\"\" sizes=\"auto, (max-width: 300px) 100vw, 300px\" data-src=\"https:\/\/gobierno.udd.cl\/estudio-rrii\/files\/2022\/08\/Retratos_IMG_9554-300x240.jpg\" data-srcset=\"https:\/\/gobierno.udd.cl\/estudio-rrii\/files\/2022\/08\/Retratos_IMG_9554-300x240.jpg 300w, https:\/\/gobierno.udd.cl\/estudio-rrii\/files\/2022\/08\/Retratos_IMG_9554-1024x819.jpg 1024w, https:\/\/gobierno.udd.cl\/estudio-rrii\/files\/2022\/08\/Retratos_IMG_9554-768x614.jpg 768w, https:\/\/gobierno.udd.cl\/estudio-rrii\/files\/2022\/08\/Retratos_IMG_9554-1536x1229.jpg 1536w, https:\/\/gobierno.udd.cl\/estudio-rrii\/files\/2022\/08\/Retratos_IMG_9554-2048x1638.jpg 2048w\" \/><\/a><\/p>\n"},"caption":{"rendered":""},"alt_text":"","media_type":"image","mime_type":"image\/jpeg","media_details":{"width":2560,"height":2048,"file":"2022\/08\/Retratos_IMG_9554-scaled.jpg","filesize":211401,"sizes":{"medium":{"file":"Retratos_IMG_9554-300x240.jpg","width":300,"height":240,"filesize":7690,"mime_type":"image\/jpeg","source_url":"https:\/\/gobierno.udd.cl\/estudio-rrii\/files\/2022\/08\/Retratos_IMG_9554-300x240.jpg"},"large":{"file":"Retratos_IMG_9554-1024x819.jpg","width":1024,"height":819,"filesize":47294,"mime_type":"image\/jpeg","source_url":"https:\/\/gobierno.udd.cl\/estudio-rrii\/files\/2022\/08\/Retratos_IMG_9554-1024x819.jpg"},"thumbnail":{"file":"Retratos_IMG_9554-150x150.jpg","width":150,"height":150,"filesize":3927,"mime_type":"image\/jpeg","source_url":"https:\/\/gobierno.udd.cl\/estudio-rrii\/files\/2022\/08\/Retratos_IMG_9554-150x150.jpg"},"medium_large":{"file":"Retratos_IMG_9554-768x614.jpg","width":768,"height":614,"filesize":30172,"mime_type":"image\/jpeg","source_url":"https:\/\/gobierno.udd.cl\/estudio-rrii\/files\/2022\/08\/Retratos_IMG_9554-768x614.jpg"},"newsletter_featured":{"file":"Retratos_IMG_9554-316x224.jpg","width":316,"height":224,"filesize":7574,"mime_type":"image\/jpeg","source_url":"https:\/\/gobierno.udd.cl\/estudio-rrii\/files\/2022\/08\/Retratos_IMG_9554-316x224.jpg"},"newsletter_first":{"file":"Retratos_IMG_9554-286x205.jpg","width":286,"height":205,"filesize":6662,"mime_type":"image\/jpeg","source_url":"https:\/\/gobierno.udd.cl\/estudio-rrii\/files\/2022\/08\/Retratos_IMG_9554-286x205.jpg"},"newsletter_thumb":{"file":"Retratos_IMG_9554-288x150.jpg","width":288,"height":150,"filesize":5390,"mime_type":"image\/jpeg","source_url":"https:\/\/gobierno.udd.cl\/estudio-rrii\/files\/2022\/08\/Retratos_IMG_9554-288x150.jpg"},"newsletter_column":{"file":"Retratos_IMG_9554-182x140.jpg","width":182,"height":140,"filesize":3919,"mime_type":"image\/jpeg","source_url":"https:\/\/gobierno.udd.cl\/estudio-rrii\/files\/2022\/08\/Retratos_IMG_9554-182x140.jpg"},"newsletter_square":{"file":"Retratos_IMG_9554-62x62.jpg","width":62,"height":62,"filesize":1519,"mime_type":"image\/jpeg","source_url":"https:\/\/gobierno.udd.cl\/estudio-rrii\/files\/2022\/08\/Retratos_IMG_9554-62x62.jpg"},"newsletter_square_large":{"file":"Retratos_IMG_9554-87x62.jpg","width":87,"height":62,"filesize":1664,"mime_type":"image\/jpeg","source_url":"https:\/\/gobierno.udd.cl\/estudio-rrii\/files\/2022\/08\/Retratos_IMG_9554-87x62.jpg"},"1536x1536":{"file":"Retratos_IMG_9554-1536x1229.jpg","width":1536,"height":1229,"filesize":89270,"mime_type":"image\/jpeg","source_url":"https:\/\/gobierno.udd.cl\/estudio-rrii\/files\/2022\/08\/Retratos_IMG_9554-1536x1229.jpg"},"2048x2048":{"file":"Retratos_IMG_9554-2048x1638.jpg","width":2048,"height":1638,"filesize":144417,"mime_type":"image\/jpeg","source_url":"https:\/\/gobierno.udd.cl\/estudio-rrii\/files\/2022\/08\/Retratos_IMG_9554-2048x1638.jpg"},"landscape_1920":{"file":"Retratos_IMG_9554-1920x1080.jpg","width":1920,"height":1080,"filesize":97813,"mime_type":"image\/jpeg","source_url":"https:\/\/gobierno.udd.cl\/estudio-rrii\/files\/2022\/08\/Retratos_IMG_9554-1920x1080.jpg"},"landscape_1366":{"file":"Retratos_IMG_9554-1366x768.jpg","width":1366,"height":768,"filesize":55739,"mime_type":"image\/jpeg","source_url":"https:\/\/gobierno.udd.cl\/estudio-rrii\/files\/2022\/08\/Retratos_IMG_9554-1366x768.jpg"},"landscape_952":{"file":"Retratos_IMG_9554-952x534.jpg","width":952,"height":534,"filesize":31886,"mime_type":"image\/jpeg","source_url":"https:\/\/gobierno.udd.cl\/estudio-rrii\/files\/2022\/08\/Retratos_IMG_9554-952x534.jpg"},"landscape_680":{"file":"Retratos_IMG_9554-680x382.jpg","width":680,"height":382,"filesize":19160,"mime_type":"image\/jpeg","source_url":"https:\/\/gobierno.udd.cl\/estudio-rrii\/files\/2022\/08\/Retratos_IMG_9554-680x382.jpg"},"square_750":{"file":"Retratos_IMG_9554-750x750.jpg","width":750,"height":750,"filesize":37310,"mime_type":"image\/jpeg","source_url":"https:\/\/gobierno.udd.cl\/estudio-rrii\/files\/2022\/08\/Retratos_IMG_9554-750x750.jpg"},"square_500":{"file":"Retratos_IMG_9554-500x500.jpg","width":500,"height":500,"filesize":20449,"mime_type":"image\/jpeg","source_url":"https:\/\/gobierno.udd.cl\/estudio-rrii\/files\/2022\/08\/Retratos_IMG_9554-500x500.jpg"},"square_200":{"file":"Retratos_IMG_9554-250x250.jpg","width":250,"height":250,"filesize":7544,"mime_type":"image\/jpeg","source_url":"https:\/\/gobierno.udd.cl\/estudio-rrii\/files\/2022\/08\/Retratos_IMG_9554-250x250.jpg"},"post-thumbnail":{"file":"Retratos_IMG_9554-952x534.jpg","width":952,"height":534,"filesize":31886,"mime_type":"image\/jpeg","source_url":"https:\/\/gobierno.udd.cl\/estudio-rrii\/files\/2022\/08\/Retratos_IMG_9554-952x534.jpg"},"custom_content":{"file":"Retratos_IMG_9554-126x126.jpg","width":126,"height":126,"filesize":3051,"mime_type":"image\/jpeg","source_url":"https:\/\/gobierno.udd.cl\/estudio-rrii\/files\/2022\/08\/Retratos_IMG_9554-126x126.jpg"},"full":{"file":"Retratos_IMG_9554-scaled.jpg","width":2560,"height":2048,"mime_type":"image\/jpeg","source_url":"https:\/\/gobierno.udd.cl\/estudio-rrii\/files\/2022\/08\/Retratos_IMG_9554-scaled.jpg"}},"image_meta":{"aperture":"2.8","credit":"Valentino Saldivar","camera":"Canon EOS RP","caption":"Registro Fotogr\u00e1fico de la actividad Jornada de Reflexi\u00f3n 8M 2022           \" Mujeres, Pensamiento y Acci\u00f3n\" en conmemoraci\u00f3n del D\u00eda Internacional de la Mujer.  En Santiago: 08\/03\/2022. Fot\u00f3grafo: Valentino Saldivar.","created_timestamp":"1646738071","copyright":"@copyright 2022","focal_length":"98","iso":"400","shutter_speed":"0.00125","title":"Jornada Reflexi\u00f3n 8M","orientation":"0","keywords":["8 DE MARZO","8M","DIA INTERNACIONAL DE LA MUJER","D\u00cdA DE LA MUJER 2022","JORNADA DE REFLEXI\u00d3N","UDD 2022"]},"original_image":"Retratos_IMG_9554.jpg"},"post":3058,"source_url":"https:\/\/gobierno.udd.cl\/estudio-rrii\/files\/2022\/08\/Retratos_IMG_9554-scaled.jpg","_links":{"self":[{"href":"https:\/\/gobierno.udd.cl\/estudio-rrii\/wp-json\/wp\/v2\/media\/3059","targetHints":{"allow":["GET"]}}],"collection":[{"href":"https:\/\/gobierno.udd.cl\/estudio-rrii\/wp-json\/wp\/v2\/media"}],"about":[{"href":"https:\/\/gobierno.udd.cl\/estudio-rrii\/wp-json\/wp\/v2\/types\/attachment"}],"author":[{"embeddable":true,"href":"https:\/\/gobierno.udd.cl\/estudio-rrii\/wp-json\/wp\/v2\/users\/22"}],"replies":[{"embeddable":true,"href":"https:\/\/gobierno.udd.cl\/estudio-rrii\/wp-json\/wp\/v2\/comments?post=3059"}],"wp:attached-to":[{"embeddable":true,"post_type":"person","id":3058,"href":"https:\/\/gobierno.udd.cl\/estudio-rrii\/wp-json\/wp\/v2\/people\/3058"}],"curies":[{"name":"wp","href":"https:\/\/api.w.org\/{rel}","templated":true}]}}

Registro Fotográfico de la actividad Jornada de Reflexión 8M 2022           " Mujeres, Pensamiento y Acción" en conmemoración del Día Internacional de la Mujer.  En Santiago: 08/03/2022. Fotógrafo: Valentino Saldivar.

Jornada Reflexión 8M

DÍA DE LA MUJER 2022

JORNADA DE REFLEXIÓN
