{"id":2806,"date":"2019-07-25T10:50:51","date_gmt":"2019-07-25T14:50:51","guid":{"rendered":"http:\/\/gobierno.udd.cl\/estudio-rrii\/files\/2019\/07\/Foto-Art\u00edculo-2.jpg"},"modified":"2019-07-25T10:51:09","modified_gmt":"2019-07-25T14:51:09","slug":"foto-articulo-2-9","status":"inherit","type":"attachment","link":"https:\/\/gobierno.udd.cl\/estudio-rrii\/noticias\/2019\/07\/25\/que-gano-en-la-eleccion-del-pais-democratico-mas-poblado-del-mundo\/foto-articulo-2-9\/","title":{"rendered":"\u00bfQu\u00e9 gan\u00f3 en la elecci\u00f3n del pa\u00eds democr\u00e1tico m\u00e1s poblado del mundo?"},"author":22,"featured_media":0,"comment_status":"open","ping_status":"closed","template":"","meta":[],"class_list":["post-2806","attachment","type-attachment","status-inherit","hentry"],"description":{"rendered":"<p class=\"attachment\"><a href='https:\/\/gobierno.udd.cl\/estudio-rrii\/files\/2019\/07\/Foto-Art\u00edculo-2.jpg'><img loading=\"lazy\" decoding=\"async\" width=\"300\" height=\"169\" src=\"https:\/\/gobierno.udd.cl\/estudio-rrii\/wp-content\/plugins\/wp-async-img-load\/blank.png\" class=\"attachment-medium size-medium lazyload\" alt=\"\" sizes=\"auto, (max-width: 300px) 100vw, 300px\" data-src=\"https:\/\/gobierno.udd.cl\/estudio-rrii\/files\/2019\/07\/Foto-Art\u00edculo-2-300x169.jpg\" data-srcset=\"https:\/\/gobierno.udd.cl\/estudio-rrii\/files\/2019\/07\/Foto-Art\u00edculo-2-300x169.jpg 300w, https:\/\/gobierno.udd.cl\/estudio-rrii\/files\/2019\/07\/Foto-Art\u00edculo-2-768x432.jpg 768w, https:\/\/gobierno.udd.cl\/estudio-rrii\/files\/2019\/07\/Foto-Art\u00edculo-2.jpg 790w\" \/><\/a><\/p>\n"},"caption":{"rendered":""},"alt_text":"","media_type":"image","mime_type":"image\/jpeg","media_details":{"width":790,"height":444,"file":"2019\/07\/Foto-Art\u00edculo-2.jpg","sizes":{"thumbnail":{"file":"Foto-Art\u00edculo-2-150x150.jpg","width":150,"height":150,"mime_type":"image\/jpeg","source_url":"https:\/\/gobierno.udd.cl\/estudio-rrii\/files\/2019\/07\/Foto-Art\u00edculo-2-150x150.jpg"},"medium":{"file":"Foto-Art\u00edculo-2-300x169.jpg","width":300,"height":169,"mime_type":"image\/jpeg","source_url":"https:\/\/gobierno.udd.cl\/estudio-rrii\/files\/2019\/07\/Foto-Art\u00edculo-2-300x169.jpg"},"medium_large":{"file":"Foto-Art\u00edculo-2-768x432.jpg","width":768,"height":432,"mime_type":"image\/jpeg","source_url":"https:\/\/gobierno.udd.cl\/estudio-rrii\/files\/2019\/07\/Foto-Art\u00edculo-2-768x432.jpg"},"newsletter_featured":{"file":"Foto-Art\u00edculo-2-316x224.jpg","width":316,"height":224,"mime_type":"image\/jpeg","source_url":"https:\/\/gobierno.udd.cl\/estudio-rrii\/files\/2019\/07\/Foto-Art\u00edculo-2-316x224.jpg"},"newsletter_first":{"file":"Foto-Art\u00edculo-2-286x205.jpg","width":286,"height":205,"mime_type":"image\/jpeg","source_url":"https:\/\/gobierno.udd.cl\/estudio-rrii\/files\/2019\/07\/Foto-Art\u00edculo-2-286x205.jpg"},"newsletter_thumb":{"file":"Foto-Art\u00edculo-2-288x150.jpg","width":288,"height":150,"mime_type":"image\/jpeg","source_url":"https:\/\/gobierno.udd.cl\/estudio-rrii\/files\/2019\/07\/Foto-Art\u00edculo-2-288x150.jpg"},"newsletter_column":{"file":"Foto-Art\u00edculo-2-182x140.jpg","width":182,"height":140,"mime_type":"image\/jpeg","source_url":"https:\/\/gobierno.udd.cl\/estudio-rrii\/files\/2019\/07\/Foto-Art\u00edculo-2-182x140.jpg"},"newsletter_square":{"file":"Foto-Art\u00edculo-2-62x62.jpg","width":62,"height":62,"mime_type":"image\/jpeg","source_url":"https:\/\/gobierno.udd.cl\/estudio-rrii\/files\/2019\/07\/Foto-Art\u00edculo-2-62x62.jpg"},"newsletter_square_large":{"file":"Foto-Art\u00edculo-2-87x62.jpg","width":87,"height":62,"mime_type":"image\/jpeg","source_url":"https:\/\/gobierno.udd.cl\/estudio-rrii\/files\/2019\/07\/Foto-Art\u00edculo-2-87x62.jpg"},"featured-career":{"file":"Foto-Art\u00edculo-2-660x430.jpg","width":660,"height":430,"mime_type":"image\/jpeg","source_url":"https:\/\/gobierno.udd.cl\/estudio-rrii\/files\/2019\/07\/Foto-Art\u00edculo-2-660x430.jpg"},"squared":{"file":"Foto-Art\u00edculo-2-300x300.jpg","width":300,"height":300,"mime_type":"image\/jpeg","source_url":"https:\/\/gobierno.udd.cl\/estudio-rrii\/files\/2019\/07\/Foto-Art\u00edculo-2-300x300.jpg"},"portrait-medium":{"file":"Foto-Art\u00edculo-2-220x260.jpg","width":220,"height":260,"mime_type":"image\/jpeg","source_url":"https:\/\/gobierno.udd.cl\/estudio-rrii\/files\/2019\/07\/Foto-Art\u00edculo-2-220x260.jpg"},"landscape-small":{"file":"Foto-Art\u00edculo-2-125x80.jpg","width":125,"height":80,"mime_type":"image\/jpeg","source_url":"https:\/\/gobierno.udd.cl\/estudio-rrii\/files\/2019\/07\/Foto-Art\u00edculo-2-125x80.jpg"},"landscape-medium":{"file":"Foto-Art\u00edculo-2-340x220.jpg","width":340,"height":220,"mime_type":"image\/jpeg","source_url":"https:\/\/gobierno.udd.cl\/estudio-rrii\/files\/2019\/07\/Foto-Art\u00edculo-2-340x220.jpg"},"landscape-large":{"file":"Foto-Art\u00edculo-2-365x255.jpg","width":365,"height":255,"mime_type":"image\/jpeg","source_url":"https:\/\/gobierno.udd.cl\/estudio-rrii\/files\/2019\/07\/Foto-Art\u00edculo-2-365x255.jpg"},"landscape-xlarge":{"file":"Foto-Art\u00edculo-2-660x430.jpg","width":660,"height":430,"mime_type":"image\/jpeg","source_url":"https:\/\/gobierno.udd.cl\/estudio-rrii\/files\/2019\/07\/Foto-Art\u00edculo-2-660x430.jpg"},"panoramic":{"file":"Foto-Art\u00edculo-2-790x345.jpg","width":790,"height":345,"mime_type":"image\/jpeg","source_url":"https:\/\/gobierno.udd.cl\/estudio-rrii\/files\/2019\/07\/Foto-Art\u00edculo-2-790x345.jpg"},"custom_content":{"file":"Foto-Art\u00edculo-2-126x126.jpg","width":126,"height":126,"mime_type":"image\/jpeg","source_url":"https:\/\/gobierno.udd.cl\/estudio-rrii\/files\/2019\/07\/Foto-Art\u00edculo-2-126x126.jpg"},"full":{"file":"Foto-Art\u00edculo-2.jpg","width":790,"height":444,"mime_type":"image\/jpeg","source_url":"https:\/\/gobierno.udd.cl\/estudio-rrii\/files\/2019\/07\/Foto-Art\u00edculo-2.jpg"}},"image_meta":{"aperture":"0","credit":"","camera":"","caption":"","created_timestamp":"0","copyright":"","focal_length":"0","iso":"0","shutter_speed":"0","title":"","orientation":"0","keywords":[]}},"post":2805,"source_url":"https:\/\/gobierno.udd.cl\/estudio-rrii\/files\/2019\/07\/Foto-Art\u00edculo-2.jpg","_links":{"self":[{"href":"https:\/\/gobierno.udd.cl\/estudio-rrii\/wp-json\/wp\/v2\/media\/2806","targetHints":{"allow":["GET"]}}],"collection":[{"href":"https:\/\/gobierno.udd.cl\/estudio-rrii\/wp-json\/wp\/v2\/media"}],"about":[{"href":"https:\/\/gobierno.udd.cl\/estudio-rrii\/wp-json\/wp\/v2\/types\/attachment"}],"author":[{"embeddable":true,"href":"https:\/\/gobierno.udd.cl\/estudio-rrii\/wp-json\/wp\/v2\/users\/22"}],"replies":[{"embeddable":true,"href":"https:\/\/gobierno.udd.cl\/estudio-rrii\/wp-json\/wp\/v2\/comments?post=2806"}],"wp:attached-to":[{"embeddable":true,"post_type":"post","id":2805,"href":"https:\/\/gobierno.udd.cl\/estudio-rrii\/wp-json\/wp\/v2\/posts\/2805"}],"curies":[{"name":"wp","href":"https:\/\/api.w.org\/{rel}","templated":true}]}}

http://gobierno.udd.cl/estudio-rrii/files/2019/07/Foto-Artículo-2.jpg

¿Qué ganó en la elección del país democrático más poblado del mundo?

<p class="attachment"><a href='https://gobierno.udd.cl/estudio-rrii/files/2019/07/Foto-Artículo-2.jpg'><img loading="lazy" decoding="async" width="300" height="169" src="https://gobierno.udd.cl/estudio-rrii/wp-content/plugins/wp-async-img-load/blank.png" class="attachment-medium size-medium lazyload" alt="" sizes="auto, (max-width: 300px) 100vw, 300px" data-src="https://gobierno.udd.cl/estudio-rrii/files/2019/07/Foto-Artículo-2-300x169.jpg" data-srcset="https://gobierno.udd.cl/estudio-rrii/files/2019/07/Foto-Artículo-2-300x169.jpg 300w, https://gobierno.udd.cl/estudio-rrii/files/2019/07/Foto-Artículo-2-768x432.jpg 768w, https://gobierno.udd.cl/estudio-rrii/files/2019/07/Foto-Artículo-2.jpg 790w" /></a></p>

2019/07/Foto-Artículo-2.jpg

Foto-Artículo-2-150x150.jpg

https://gobierno.udd.cl/estudio-rrii/files/2019/07/Foto-Artículo-2-150x150.jpg

Foto-Artículo-2-300x169.jpg

https://gobierno.udd.cl/estudio-rrii/files/2019/07/Foto-Artículo-2-300x169.jpg

Foto-Artículo-2-768x432.jpg

https://gobierno.udd.cl/estudio-rrii/files/2019/07/Foto-Artículo-2-768x432.jpg

Foto-Artículo-2-316x224.jpg

https://gobierno.udd.cl/estudio-rrii/files/2019/07/Foto-Artículo-2-316x224.jpg

Foto-Artículo-2-286x205.jpg

https://gobierno.udd.cl/estudio-rrii/files/2019/07/Foto-Artículo-2-286x205.jpg

Foto-Artículo-2-288x150.jpg

https://gobierno.udd.cl/estudio-rrii/files/2019/07/Foto-Artículo-2-288x150.jpg

Foto-Artículo-2-182x140.jpg

https://gobierno.udd.cl/estudio-rrii/files/2019/07/Foto-Artículo-2-182x140.jpg

Foto-Artículo-2-62x62.jpg

https://gobierno.udd.cl/estudio-rrii/files/2019/07/Foto-Artículo-2-62x62.jpg

Foto-Artículo-2-87x62.jpg

https://gobierno.udd.cl/estudio-rrii/files/2019/07/Foto-Artículo-2-87x62.jpg

Foto-Artículo-2-660x430.jpg

https://gobierno.udd.cl/estudio-rrii/files/2019/07/Foto-Artículo-2-660x430.jpg

Foto-Artículo-2-300x300.jpg

https://gobierno.udd.cl/estudio-rrii/files/2019/07/Foto-Artículo-2-300x300.jpg

Foto-Artículo-2-220x260.jpg

https://gobierno.udd.cl/estudio-rrii/files/2019/07/Foto-Artículo-2-220x260.jpg

Foto-Artículo-2-125x80.jpg

https://gobierno.udd.cl/estudio-rrii/files/2019/07/Foto-Artículo-2-125x80.jpg

Foto-Artículo-2-340x220.jpg

https://gobierno.udd.cl/estudio-rrii/files/2019/07/Foto-Artículo-2-340x220.jpg

Foto-Artículo-2-365x255.jpg

https://gobierno.udd.cl/estudio-rrii/files/2019/07/Foto-Artículo-2-365x255.jpg

Foto-Artículo-2-790x345.jpg

https://gobierno.udd.cl/estudio-rrii/files/2019/07/Foto-Artículo-2-790x345.jpg

Foto-Artículo-2-126x126.jpg

https://gobierno.udd.cl/estudio-rrii/files/2019/07/Foto-Artículo-2-126x126.jpg

Foto-Artículo-2.jpg

https://gobierno.udd.cl/estudio-rrii/files/2019/07/Foto-Artículo-2.jpg
