{"version":"1.0","provider_name":"Centro de Estudios de Relaciones Internacionales (CERI)","provider_url":"https:\/\/gobierno.udd.cl\/estudio-rrii","author_name":"reelchile","author_url":"https:\/\/gobierno.udd.cl\/estudio-rrii\/noticias\/author\/reelchile\/","title":"#BREXIT versus BREXIT - Centro de Estudios de Relaciones Internacionales (CERI)","type":"rich","width":600,"height":338,"html":"<blockquote class=\"wp-embedded-content\" data-secret=\"H5PaNkSXx8\"><a href=\"https:\/\/gobierno.udd.cl\/estudio-rrii\/noticias\/2016\/07\/31\/brexit-versus-brexit\/\">#BREXIT versus BREXIT<\/a><\/blockquote><iframe sandbox=\"allow-scripts\" security=\"restricted\" src=\"https:\/\/gobierno.udd.cl\/estudio-rrii\/noticias\/2016\/07\/31\/brexit-versus-brexit\/embed\/#?secret=H5PaNkSXx8\" width=\"600\" height=\"338\" title=\"\u00ab#BREXIT versus BREXIT\u00bb \u2014 Centro de Estudios de Relaciones Internacionales (CERI)\" data-secret=\"H5PaNkSXx8\" frameborder=\"0\" marginwidth=\"0\" marginheight=\"0\" scrolling=\"no\" class=\"wp-embedded-content\"><\/iframe><script type=\"text\/javascript\">\n\/* <![CDATA[ *\/\n\/*! This file is auto-generated *\/\n!function(d,l){\"use strict\";l.querySelector&&d.addEventListener&&\"undefined\"!=typeof URL&&(d.wp=d.wp||{},d.wp.receiveEmbedMessage||(d.wp.receiveEmbedMessage=function(e){var t=e.data;if((t||t.secret||t.message||t.value)&&!\/[^a-zA-Z0-9]\/.test(t.secret)){for(var s,r,n,a=l.querySelectorAll('iframe[data-secret=\"'+t.secret+'\"]'),o=l.querySelectorAll('blockquote[data-secret=\"'+t.secret+'\"]'),c=new RegExp(\"^https?:$\",\"i\"),i=0;i<o.length;i++)o[i].style.display=\"none\";for(i=0;i<a.length;i++)s=a[i],e.source===s.contentWindow&&(s.removeAttribute(\"style\"),\"height\"===t.message?(1e3<(r=parseInt(t.value,10))?r=1e3:~~r<200&&(r=200),s.height=r):\"link\"===t.message&&(r=new URL(s.getAttribute(\"src\")),n=new URL(t.value),c.test(n.protocol))&&n.host===r.host&&l.activeElement===s&&(d.top.location.href=t.value))}},d.addEventListener(\"message\",d.wp.receiveEmbedMessage,!1),l.addEventListener(\"DOMContentLoaded\",function(){for(var e,t,s=l.querySelectorAll(\"iframe.wp-embedded-content\"),r=0;r<s.length;r++)(t=(e=s[r]).getAttribute(\"data-secret\"))||(t=Math.random().toString(36).substring(2,12),e.src+=\"#?secret=\"+t,e.setAttribute(\"data-secret\",t)),e.contentWindow.postMessage({message:\"ready\",secret:t},\"*\")},!1)))}(window,document);\n\/\/# sourceURL=https:\/\/gobierno.udd.cl\/estudio-rrii\/wp-includes\/js\/wp-embed.min.js\n\/* ]]> *\/\n<\/script>\n","description":"Las razones esgrimidas por los partidarios de abandonar la Uni\u00f3n Europea, cabe ponerlas en correlato con la propia historia del Reino Unido para desde ah\u00ed afirmar que no estar\u00edamos frente un primer Brexit o insertos en una discusi\u00f3n novedosa sobre su apego y participaci\u00f3n en Europa. M\u00e1s bien, podr\u00eda ser una ficci\u00f3n con visos de realidad. Los brit\u00e1nicos no suelen incluir sus vivencias en un contexto de integraci\u00f3n, sino que las asumen separadas y desarrolladas desde la soledad o el autismo, buscando s\u00ed un equilibrio entre autonom\u00eda y cooperaci\u00f3n a la hora de actuar.","thumbnail_url":"http:\/\/gobierno.udd.cl\/estudio-rrii\/files\/2016\/07\/brexit-300x196.png"}

Las razones esgrimidas por los partidarios de abandonar la Unión Europea, cabe ponerlas en correlato con la propia historia del Reino Unido para desde ahí afirmar que no estaríamos frente un primer Brexit o insertos en una discusión novedosa sobre su apego y participación en Europa. Más bien, podría ser una ficción con visos de realidad. Los británicos no suelen incluir sus vivencias en un contexto de integración, sino que las asumen separadas y desarrolladas desde la soledad o el autismo, buscando sí un equilibrio entre autonomía y cooperación a la hora de actuar.
