{"id":37,"date":"2026-01-27T19:19:23","date_gmt":"2026-01-27T18:19:23","guid":{"rendered":"https:\/\/gobierno.udd.cl\/dpp\/?page_id=37"},"modified":"2026-03-26T19:34:45","modified_gmt":"2026-03-26T18:34:45","slug":"plan-de-estudio-doctorado-politicas-publicas","status":"publish","type":"page","link":"https:\/\/gobierno.udd.cl\/dpp\/plan-de-estudio-doctorado-politicas-publicas\/","title":{"rendered":"Plan de estudio &#8211; Doctorado en Pol\u00edticas P\u00fablicas"},"content":{"rendered":"\n<p>Para cumplir con los objetivos generales del programa, se ha dise\u00f1ado un plan de estudios interdisciplinario que busca contribuir a la soluci\u00f3n de problemas relevantes en pol\u00edticas p\u00fablicas, con un enfoque particular en las \u00e1reas de educaci\u00f3n y salud. Este plan promueve la investigaci\u00f3n vinculada con el medio, la colaboraci\u00f3n entre disciplinas afines y el aprovechamiento de redes de cooperaci\u00f3n acad\u00e9mica tanto internas como externas a la Universidad del Desarrollo (UDD). Esta decisi\u00f3n se justifica por la necesidad de formar investigadores capaces de abordar desaf\u00edos complejos de manera integrada, lo que asegura la relevancia del programa en el contexto nacional, donde las pol\u00edticas en educaci\u00f3n y salud demandan enfoques innovadores y basados en evidencia.<\/p>\n","protected":false},"excerpt":{"rendered":"<p>Para cumplir con los objetivos generales del programa, se ha dise\u00f1ado un plan de estudios interdisciplinario que busca contribuir a la soluci\u00f3n de problemas relevantes en pol\u00edticas p\u00fablicas, con un enfoque particular en las \u00e1reas de educaci\u00f3n y salud. Este plan promueve la investigaci\u00f3n vinculada con el medio, la colaboraci\u00f3n entre disciplinas afines y el [&hellip;]<\/p>\n","protected":false},"author":9192236,"featured_media":0,"parent":0,"menu_order":0,"comment_status":"closed","ping_status":"closed","template":"","meta":{"footnotes":""},"class_list":["post-37","page","type-page","status-publish","hentry"],"yoast_head":"<!-- This site is optimized with the Yoast SEO plugin v26.9 - https:\/\/yoast.com\/product\/yoast-seo-wordpress\/ -->\n<title>Plan de estudio - Doctorado en Pol\u00edticas P\u00fablicas - Doctorado en Pol\u00edticas P\u00fablicas<\/title>\n<meta name=\"robots\" content=\"index, follow, max-snippet:-1, max-image-preview:large, max-video-preview:-1\" \/>\n<link rel=\"canonical\" href=\"https:\/\/gobierno.udd.cl\/dpp\/plan-de-estudio-doctorado-politicas-publicas\/\" \/>\n<meta property=\"og:locale\" content=\"es_ES\" \/>\n<meta property=\"og:type\" content=\"article\" \/>\n<meta property=\"og:title\" content=\"Plan de estudio - Doctorado en Pol\u00edticas P\u00fablicas - Doctorado en Pol\u00edticas P\u00fablicas\" \/>\n<meta property=\"og:description\" content=\"Para cumplir con los objetivos generales del programa, se ha dise\u00f1ado un plan de estudios interdisciplinario que busca contribuir a la soluci\u00f3n de problemas relevantes en pol\u00edticas p\u00fablicas, con un enfoque particular en las \u00e1reas de educaci\u00f3n y salud. Este plan promueve la investigaci\u00f3n vinculada con el medio, la colaboraci\u00f3n entre disciplinas afines y el [&hellip;]\" \/>\n<meta property=\"og:url\" content=\"https:\/\/gobierno.udd.cl\/dpp\/plan-de-estudio-doctorado-politicas-publicas\/\" \/>\n<meta property=\"og:site_name\" content=\"Doctorado en Pol\u00edticas P\u00fablicas\" \/>\n<meta property=\"article:modified_time\" content=\"2026-03-26T18:34:45+00:00\" \/>\n<meta name=\"twitter:card\" content=\"summary_large_image\" \/>\n<meta name=\"twitter:label1\" content=\"Tiempo de lectura\" \/>\n\t<meta name=\"twitter:data1\" content=\"1 minuto\" \/>\n<script type=\"application\/ld+json\" class=\"yoast-schema-graph\">{\"@context\":\"https:\/\/schema.org\",\"@graph\":[{\"@type\":\"WebPage\",\"@id\":\"https:\/\/gobierno.udd.cl\/dpp\/plan-de-estudio-doctorado-politicas-publicas\/\",\"url\":\"https:\/\/gobierno.udd.cl\/dpp\/plan-de-estudio-doctorado-politicas-publicas\/\",\"name\":\"Plan de estudio - Doctorado en Pol\u00edticas P\u00fablicas - Doctorado en Pol\u00edticas P\u00fablicas\",\"isPartOf\":{\"@id\":\"https:\/\/gobierno.udd.cl\/dpp\/#website\"},\"datePublished\":\"2026-01-27T18:19:23+00:00\",\"dateModified\":\"2026-03-26T18:34:45+00:00\",\"breadcrumb\":{\"@id\":\"https:\/\/gobierno.udd.cl\/dpp\/plan-de-estudio-doctorado-politicas-publicas\/#breadcrumb\"},\"inLanguage\":\"es\",\"potentialAction\":[{\"@type\":\"ReadAction\",\"target\":[\"https:\/\/gobierno.udd.cl\/dpp\/plan-de-estudio-doctorado-politicas-publicas\/\"]}]},{\"@type\":\"BreadcrumbList\",\"@id\":\"https:\/\/gobierno.udd.cl\/dpp\/plan-de-estudio-doctorado-politicas-publicas\/#breadcrumb\",\"itemListElement\":[{\"@type\":\"ListItem\",\"position\":1,\"name\":\"Portada\",\"item\":\"https:\/\/gobierno.udd.cl\/dpp\/\"},{\"@type\":\"ListItem\",\"position\":2,\"name\":\"Plan de estudio &#8211; Doctorado en Pol\u00edticas P\u00fablicas\"}]},{\"@type\":\"WebSite\",\"@id\":\"https:\/\/gobierno.udd.cl\/dpp\/#website\",\"url\":\"https:\/\/gobierno.udd.cl\/dpp\/\",\"name\":\"Doctorado en Pol\u00edticas P\u00fablicas\",\"description\":\"\",\"inLanguage\":\"es\"}]}<\/script>\n<!-- \/ Yoast SEO plugin. -->","yoast_head_json":{"title":"Plan de estudio - Doctorado en Pol\u00edticas P\u00fablicas - Doctorado en Pol\u00edticas P\u00fablicas","robots":{"index":"index","follow":"follow","max-snippet":"max-snippet:-1","max-image-preview":"max-image-preview:large","max-video-preview":"max-video-preview:-1"},"canonical":"https:\/\/gobierno.udd.cl\/dpp\/plan-de-estudio-doctorado-politicas-publicas\/","og_locale":"es_ES","og_type":"article","og_title":"Plan de estudio - Doctorado en Pol\u00edticas P\u00fablicas - Doctorado en Pol\u00edticas P\u00fablicas","og_description":"Para cumplir con los objetivos generales del programa, se ha dise\u00f1ado un plan de estudios interdisciplinario que busca contribuir a la soluci\u00f3n de problemas relevantes en pol\u00edticas p\u00fablicas, con un enfoque particular en las \u00e1reas de educaci\u00f3n y salud. Este plan promueve la investigaci\u00f3n vinculada con el medio, la colaboraci\u00f3n entre disciplinas afines y el [&hellip;]","og_url":"https:\/\/gobierno.udd.cl\/dpp\/plan-de-estudio-doctorado-politicas-publicas\/","og_site_name":"Doctorado en Pol\u00edticas P\u00fablicas","article_modified_time":"2026-03-26T18:34:45+00:00","twitter_card":"summary_large_image","twitter_misc":{"Tiempo de lectura":"1 minuto"},"schema":{"@context":"https:\/\/schema.org","@graph":[{"@type":"WebPage","@id":"https:\/\/gobierno.udd.cl\/dpp\/plan-de-estudio-doctorado-politicas-publicas\/","url":"https:\/\/gobierno.udd.cl\/dpp\/plan-de-estudio-doctorado-politicas-publicas\/","name":"Plan de estudio - Doctorado en Pol\u00edticas P\u00fablicas - Doctorado en Pol\u00edticas P\u00fablicas","isPartOf":{"@id":"https:\/\/gobierno.udd.cl\/dpp\/#website"},"datePublished":"2026-01-27T18:19:23+00:00","dateModified":"2026-03-26T18:34:45+00:00","breadcrumb":{"@id":"https:\/\/gobierno.udd.cl\/dpp\/plan-de-estudio-doctorado-politicas-publicas\/#breadcrumb"},"inLanguage":"es","potentialAction":[{"@type":"ReadAction","target":["https:\/\/gobierno.udd.cl\/dpp\/plan-de-estudio-doctorado-politicas-publicas\/"]}]},{"@type":"BreadcrumbList","@id":"https:\/\/gobierno.udd.cl\/dpp\/plan-de-estudio-doctorado-politicas-publicas\/#breadcrumb","itemListElement":[{"@type":"ListItem","position":1,"name":"Portada","item":"https:\/\/gobierno.udd.cl\/dpp\/"},{"@type":"ListItem","position":2,"name":"Plan de estudio &#8211; Doctorado en Pol\u00edticas P\u00fablicas"}]},{"@type":"WebSite","@id":"https:\/\/gobierno.udd.cl\/dpp\/#website","url":"https:\/\/gobierno.udd.cl\/dpp\/","name":"Doctorado en Pol\u00edticas P\u00fablicas","description":"","inLanguage":"es"}]}},"_links":{"self":[{"href":"https:\/\/gobierno.udd.cl\/dpp\/wp-json\/wp\/v2\/pages\/37","targetHints":{"allow":["GET"]}}],"collection":[{"href":"https:\/\/gobierno.udd.cl\/dpp\/wp-json\/wp\/v2\/pages"}],"about":[{"href":"https:\/\/gobierno.udd.cl\/dpp\/wp-json\/wp\/v2\/types\/page"}],"author":[{"embeddable":true,"href":"https:\/\/gobierno.udd.cl\/dpp\/wp-json\/wp\/v2\/users\/9192236"}],"replies":[{"embeddable":true,"href":"https:\/\/gobierno.udd.cl\/dpp\/wp-json\/wp\/v2\/comments?post=37"}],"version-history":[{"count":3,"href":"https:\/\/gobierno.udd.cl\/dpp\/wp-json\/wp\/v2\/pages\/37\/revisions"}],"predecessor-version":[{"id":85,"href":"https:\/\/gobierno.udd.cl\/dpp\/wp-json\/wp\/v2\/pages\/37\/revisions\/85"}],"wp:attachment":[{"href":"https:\/\/gobierno.udd.cl\/dpp\/wp-json\/wp\/v2\/media?parent=37"}],"curies":[{"name":"wp","href":"https:\/\/api.w.org\/{rel}","templated":true}]}}