{"id":584,"date":"2017-11-24T14:44:45","date_gmt":"2017-11-24T14:44:45","guid":{"rendered":"http:\/\/dccs.udd.cl\/?post_type=person&amp;p=584"},"modified":"2017-11-24T14:44:45","modified_gmt":"2017-11-24T14:44:45","slug":"carina-sturla-2","status":"publish","type":"person","link":"https:\/\/gobierno.udd.cl\/doctorate\/persona\/carina-sturla-2\/","featured_media":585,"template":"","people_tax":[728],"people_areas":[],"people_levels":[],"class_list":["post-584","person","type-person","status-publish","has-post-thumbnail","hentry","people_tax-students"],"yoast_head":"<!-- This site is optimized with the Yoast SEO plugin v26.9 - https:\/\/yoast.com\/product\/yoast-seo-wordpress\/ -->\n<title>Carina Sturla - Doctoral Program in Social Complexity Sciences<\/title>\n<meta name=\"robots\" content=\"index, follow, max-snippet:-1, max-image-preview:large, max-video-preview:-1\" \/>\n<link rel=\"canonical\" href=\"https:\/\/gobierno.udd.cl\/doctorate\/persona\/carina-sturla-2\/\" \/>\n<meta property=\"og:locale\" content=\"en_US\" \/>\n<meta property=\"og:type\" content=\"article\" \/>\n<meta property=\"og:title\" content=\"Carina Sturla - Doctoral Program in Social Complexity Sciences\" \/>\n<meta property=\"og:url\" content=\"https:\/\/gobierno.udd.cl\/doctorate\/persona\/carina-sturla-2\/\" \/>\n<meta property=\"og:site_name\" content=\"Doctoral Program in Social Complexity Sciences\" \/>\n<meta name=\"twitter:card\" content=\"summary_large_image\" \/>\n<script type=\"application\/ld+json\" class=\"yoast-schema-graph\">{\"@context\":\"https:\/\/schema.org\",\"@graph\":[{\"@type\":\"WebPage\",\"@id\":\"https:\/\/gobierno.udd.cl\/doctorate\/persona\/carina-sturla-2\/\",\"url\":\"https:\/\/gobierno.udd.cl\/doctorate\/persona\/carina-sturla-2\/\",\"name\":\"Carina Sturla - Doctoral Program in Social Complexity Sciences\",\"isPartOf\":{\"@id\":\"https:\/\/gobierno.udd.cl\/doctorate\/#website\"},\"primaryImageOfPage\":{\"@id\":\"https:\/\/gobierno.udd.cl\/doctorate\/persona\/carina-sturla-2\/#primaryimage\"},\"image\":{\"@id\":\"https:\/\/gobierno.udd.cl\/doctorate\/persona\/carina-sturla-2\/#primaryimage\"},\"thumbnailUrl\":\"https:\/\/gobierno.udd.cl\/doctorate\/files\/2017\/11\/karina-sturla.jpg\",\"datePublished\":\"2017-11-24T14:44:45+00:00\",\"breadcrumb\":{\"@id\":\"https:\/\/gobierno.udd.cl\/doctorate\/persona\/carina-sturla-2\/#breadcrumb\"},\"inLanguage\":\"en-US\",\"potentialAction\":[{\"@type\":\"ReadAction\",\"target\":[\"https:\/\/gobierno.udd.cl\/doctorate\/persona\/carina-sturla-2\/\"]}]},{\"@type\":\"ImageObject\",\"inLanguage\":\"en-US\",\"@id\":\"https:\/\/gobierno.udd.cl\/doctorate\/persona\/carina-sturla-2\/#primaryimage\",\"url\":\"https:\/\/gobierno.udd.cl\/doctorate\/files\/2017\/11\/karina-sturla.jpg\",\"contentUrl\":\"https:\/\/gobierno.udd.cl\/doctorate\/files\/2017\/11\/karina-sturla.jpg\",\"width\":125,\"height\":125},{\"@type\":\"BreadcrumbList\",\"@id\":\"https:\/\/gobierno.udd.cl\/doctorate\/persona\/carina-sturla-2\/#breadcrumb\",\"itemListElement\":[{\"@type\":\"ListItem\",\"position\":1,\"name\":\"Portada\",\"item\":\"https:\/\/gobierno.udd.cl\/doctorate\/\"},{\"@type\":\"ListItem\",\"position\":2,\"name\":\"Personas\",\"item\":\"https:\/\/gobierno.udd.cl\/doctorate\/persona\/\"},{\"@type\":\"ListItem\",\"position\":3,\"name\":\"Carina Sturla\"}]},{\"@type\":\"WebSite\",\"@id\":\"https:\/\/gobierno.udd.cl\/doctorate\/#website\",\"url\":\"https:\/\/gobierno.udd.cl\/doctorate\/\",\"name\":\"Doctoral Program in Social Complexity Sciences\",\"description\":\"\",\"inLanguage\":\"en-US\"}]}<\/script>\n<!-- \/ Yoast SEO plugin. -->","yoast_head_json":{"title":"Carina Sturla - Doctoral Program in Social Complexity Sciences","robots":{"index":"index","follow":"follow","max-snippet":"max-snippet:-1","max-image-preview":"max-image-preview:large","max-video-preview":"max-video-preview:-1"},"canonical":"https:\/\/gobierno.udd.cl\/doctorate\/persona\/carina-sturla-2\/","og_locale":"en_US","og_type":"article","og_title":"Carina Sturla - Doctoral Program in Social Complexity Sciences","og_url":"https:\/\/gobierno.udd.cl\/doctorate\/persona\/carina-sturla-2\/","og_site_name":"Doctoral Program in Social Complexity Sciences","twitter_card":"summary_large_image","schema":{"@context":"https:\/\/schema.org","@graph":[{"@type":"WebPage","@id":"https:\/\/gobierno.udd.cl\/doctorate\/persona\/carina-sturla-2\/","url":"https:\/\/gobierno.udd.cl\/doctorate\/persona\/carina-sturla-2\/","name":"Carina Sturla - Doctoral Program in Social Complexity Sciences","isPartOf":{"@id":"https:\/\/gobierno.udd.cl\/doctorate\/#website"},"primaryImageOfPage":{"@id":"https:\/\/gobierno.udd.cl\/doctorate\/persona\/carina-sturla-2\/#primaryimage"},"image":{"@id":"https:\/\/gobierno.udd.cl\/doctorate\/persona\/carina-sturla-2\/#primaryimage"},"thumbnailUrl":"https:\/\/gobierno.udd.cl\/doctorate\/files\/2017\/11\/karina-sturla.jpg","datePublished":"2017-11-24T14:44:45+00:00","breadcrumb":{"@id":"https:\/\/gobierno.udd.cl\/doctorate\/persona\/carina-sturla-2\/#breadcrumb"},"inLanguage":"en-US","potentialAction":[{"@type":"ReadAction","target":["https:\/\/gobierno.udd.cl\/doctorate\/persona\/carina-sturla-2\/"]}]},{"@type":"ImageObject","inLanguage":"en-US","@id":"https:\/\/gobierno.udd.cl\/doctorate\/persona\/carina-sturla-2\/#primaryimage","url":"https:\/\/gobierno.udd.cl\/doctorate\/files\/2017\/11\/karina-sturla.jpg","contentUrl":"https:\/\/gobierno.udd.cl\/doctorate\/files\/2017\/11\/karina-sturla.jpg","width":125,"height":125},{"@type":"BreadcrumbList","@id":"https:\/\/gobierno.udd.cl\/doctorate\/persona\/carina-sturla-2\/#breadcrumb","itemListElement":[{"@type":"ListItem","position":1,"name":"Portada","item":"https:\/\/gobierno.udd.cl\/doctorate\/"},{"@type":"ListItem","position":2,"name":"Personas","item":"https:\/\/gobierno.udd.cl\/doctorate\/persona\/"},{"@type":"ListItem","position":3,"name":"Carina Sturla"}]},{"@type":"WebSite","@id":"https:\/\/gobierno.udd.cl\/doctorate\/#website","url":"https:\/\/gobierno.udd.cl\/doctorate\/","name":"Doctoral Program in Social Complexity Sciences","description":"","inLanguage":"en-US"}]}},"label":"Carina  Sturla","title":{"rendered":"Carina  Sturla"},"role":"CLASS OF 2015 - B.Sc. in Renewable Natural Resources Engineering, Universidad de Chile","thumbnail_url":"https:\/\/gobierno.udd.cl\/doctorate\/files\/2017\/11\/karina-sturla.jpg","email":"","tel_job":"","content":{"rendered":"<div class=\"person-modal person-modal--scl\">\n\t<header class=\"person-modal__header\">\n\t\t<div class=\"person-modal__bg\"><\/div>\n\t\t<div class=\"modal-container\">\n\t\t\t\t\t\t<div class=\"person-modal__media\">\n\t\t\t\t<img width=\"125\" height=\"125\" src=\"https:\/\/gobierno.udd.cl\/doctorate\/files\/2017\/11\/karina-sturla-62x62.jpg\" class=\"person-modal__image wp-post-image lazyload\" alt=\"\" decoding=\"async\" loading=\"lazy\" sizes=\"auto, (max-width: 125px) 100vw, 125px\" data-src=\"https:\/\/gobierno.udd.cl\/doctorate\/files\/2017\/11\/karina-sturla.jpg\" data-srcset=\"https:\/\/gobierno.udd.cl\/doctorate\/files\/2017\/11\/karina-sturla.jpg 125w, https:\/\/gobierno.udd.cl\/doctorate\/files\/2017\/11\/karina-sturla-62x62.jpg 62w\" \/>\t\t\t<\/div>\n\t\t\t\t\t\t<div class=\"person-modal__data\">\n\t\t\t\t<h1 class=\"person-modal__name\">Carina  Sturla<\/h1>\n\t\t\t\t\t\t\t<span class=\"person-modal__description\">CLASS OF 2015 - B.Sc. in Renewable Natural Resources Engineering, Universidad de Chile<\/span>\n\t\t\t\t\t\t\t\t\t\t\t\t\t\t\t<\/div>\n\t\t<\/div>\n\t<\/header>\n\t<div class=\"modal-container\">\n\t\t\t<div class=\"person-modal__content text\">\n\t\t\t\t\t<p>B.Sc. in Renewable Natural Resources Engineering, Universidad de Chile.<br \/>\nDiploma in Community Intervention Processes, Universidad de Chile<\/p>\n\t\t\t\t\t\t\t\t\t\t<p><strong>Research interests:<\/strong><br \/>\nSocial capital, Risk management to Disasters, City, Data Science, Human ethology<\/p>\n<p><strong>Contact:<\/strong><br \/>\nMail: csturlal@udd.cl<br \/>\nPhone: 56 (2) 2327 9701<br \/>\nAddress: Av. Las Condes 12461, Las Condes, Santiago de Chile.<\/p>\n<h3><span>PRODUCTS<\/span><\/h3>\n<table border=\"1\" width=\"531\" cellspacing=\"1\" cellpadding=\"1\">\n<tbody>\n<tr>\n<td>\n<h2>PROJECTS<\/h2>\n<table border=\"1\" cellspacing=\"1\" cellpadding=\"1\">\n<tbody>\n<tr>\n<td>\n<ul>\n<li>Proyecto \u201cMejoramiento de las Condiciones de Conexi\u00f3n y Articulaci\u00f3n Interdistrital de los Distritos de Cusco, Santiago y Wanchaq de La Provincia de Cusco- Cusco\u201d, para la Oficina de Proyectos Especiales. Agosto a Septiembre 2012.<\/li>\n<li>Estudio \u201cZonificaci\u00f3n del territorio de la D. O. Pisco Chile\u201d que pertenece al \u201cPrograma de Innovaci\u00f3n Territorial de la Cadena Productiva del Pisco, para el mejoramiento de la competitividad y posicionamiento en el mercado internacional\u201d.<\/li>\n<li>Proyecto FONTAGRO \u201cEvaluaci\u00f3n de los cambios en la productividad del agua frente a diferentes escenarios clim\u00e1ticos en distintas regiones del Cono Sur\u201d.<br \/>\nCentro Nacional del Medioambiente (CENMA)- Universidad de Chile. \u201cProyecto An\u00e1lisis Econ\u00f3mico y Estudio de Factibilidad para el Funcionamiento del Sistema de \u00c1reas Protegidas\u201d. Noviembre 2006 a Marzo 2007.<\/li>\n<li>\u201cProyecto: Elaboraci\u00f3n de Ordenanzas y Planes de Manejo para las Zonas ZEN (Zona Especial Natural) y ZEC (Zona Especial Costera) del Plan Regulador Comunal de Puchuncav\u00ed\u201d. Junio a Agosto 2015.<\/li>\n<\/ul>\n<\/td>\n<td bgcolor=\"#551A8B\"><\/td>\n<\/tr>\n<\/tbody>\n<\/table>\n<\/td>\n<\/tr>\n<\/tbody>\n<\/table>\n\t\t<\/div>\n\t<\/div>\n<\/div>\n"},"identifier":"d032abd79741e9ea7ce512c456d29b57ab209549","has_credential":[],"given_name":"Carina ","family_name":"Sturla","name":"Carina  Sturla","job_title":"CLASS OF 2015 - B.Sc. in Renewable Natural Resources Engineering, Universidad de Chile","telephone":"","note":"B.Sc. in Renewable Natural Resources Engineering, Universidad de Chile.\nDiploma in Community Intervention Processes, Universidad de Chile\n\n\n\n","im":"","_self_schedule":null,"_links":{"self":[{"href":"https:\/\/gobierno.udd.cl\/doctorate\/wp-json\/wp\/v2\/people\/584","targetHints":{"allow":["GET"]}}],"collection":[{"href":"https:\/\/gobierno.udd.cl\/doctorate\/wp-json\/wp\/v2\/people"}],"about":[{"href":"https:\/\/gobierno.udd.cl\/doctorate\/wp-json\/wp\/v2\/types\/person"}],"wp:featuredmedia":[{"embeddable":true,"href":"https:\/\/gobierno.udd.cl\/doctorate\/wp-json\/wp\/v2\/media\/585"}],"wp:attachment":[{"href":"https:\/\/gobierno.udd.cl\/doctorate\/wp-json\/wp\/v2\/media?parent=584"}],"wp:term":[{"taxonomy":"people_tax","embeddable":true,"href":"https:\/\/gobierno.udd.cl\/doctorate\/wp-json\/wp\/v2\/people_tax?post=584"},{"taxonomy":"people_areas","embeddable":true,"href":"https:\/\/gobierno.udd.cl\/doctorate\/wp-json\/wp\/v2\/people_areas?post=584"},{"taxonomy":"people_levels","embeddable":true,"href":"https:\/\/gobierno.udd.cl\/doctorate\/wp-json\/wp\/v2\/people_levels?post=584"}],"curies":[{"name":"wp","href":"https:\/\/api.w.org\/{rel}","templated":true}]}}

<div class="person-modal person-modal--scl">
	<header class="person-modal__header">
		<div class="person-modal__bg"></div>
		<div class="modal-container">
						<div class="person-modal__media">
				<img width="125" height="125" src="https://gobierno.udd.cl/doctorate/files/2017/11/karina-sturla-62x62.jpg" class="person-modal__image wp-post-image lazyload" alt="" decoding="async" loading="lazy" sizes="auto, (max-width: 125px) 100vw, 125px" data-src="https://gobierno.udd.cl/doctorate/files/2017/11/karina-sturla.jpg" data-srcset="https://gobierno.udd.cl/doctorate/files/2017/11/karina-sturla.jpg 125w, https://gobierno.udd.cl/doctorate/files/2017/11/karina-sturla-62x62.jpg 62w" />			</div>
						<div class="person-modal__data">
				<h1 class="person-modal__name">Carina  Sturla</h1>
							<span class="person-modal__description">CLASS OF 2015 - B.Sc. in Renewable Natural Resources Engineering, Universidad de Chile</span>
															</div>
		</div>
	</header>
	<div class="modal-container">
			<div class="person-modal__content text">
					<p>B.Sc. in Renewable Natural Resources Engineering, Universidad de Chile.<br />
Diploma in Community Intervention Processes, Universidad de Chile</p>
										<p><strong>Research interests:</strong><br />
Social capital, Risk management to Disasters, City, Data Science, Human ethology</p>
<p><strong>Contact:</strong><br />
Mail: csturlal@udd.cl<br />
Phone: 56 (2) 2327 9701<br />
Address: Av. Las Condes 12461, Las Condes, Santiago de Chile.</p>
<h3><span>PRODUCTS</span></h3>
<table border="1" width="531" cellspacing="1" cellpadding="1">
<tbody>
<tr>
<td>
<h2>PROJECTS</h2>
<table border="1" cellspacing="1" cellpadding="1">
<tbody>
<tr>
<td>
<ul>
<li>Proyecto “Mejoramiento de las Condiciones de Conexión y Articulación Interdistrital de los Distritos de Cusco, Santiago y Wanchaq de La Provincia de Cusco- Cusco”, para la Oficina de Proyectos Especiales. Agosto a Septiembre 2012.</li>
<li>Estudio “Zonificación del territorio de la D. O. Pisco Chile” que pertenece al “Programa de Innovación Territorial de la Cadena Productiva del Pisco, para el mejoramiento de la competitividad y posicionamiento en el mercado internacional”.</li>
<li>Proyecto FONTAGRO “Evaluación de los cambios en la productividad del agua frente a diferentes escenarios climáticos en distintas regiones del Cono Sur”.<br />
Centro Nacional del Medioambiente (CENMA)- Universidad de Chile. “Proyecto Análisis Económico y Estudio de Factibilidad para el Funcionamiento del Sistema de Áreas Protegidas”. Noviembre 2006 a Marzo 2007.</li>
<li>“Proyecto: Elaboración de Ordenanzas y Planes de Manejo para las Zonas ZEN (Zona Especial Natural) y ZEC (Zona Especial Costera) del Plan Regulador Comunal de Puchuncaví”. Junio a Agosto 2015.</li>
</ul>
</td>
<td bgcolor="#551A8B"></td>
</tr>
</tbody>
</table>
</td>
</tr>
</tbody>
</table>
		</div>
	</div>
</div>
