{"id":573,"date":"2017-11-23T19:44:54","date_gmt":"2017-11-23T19:44:54","guid":{"rendered":"http:\/\/dccs.udd.cl\/?post_type=person&amp;p=573"},"modified":"2017-11-23T19:44:54","modified_gmt":"2017-11-23T19:44:54","slug":"jorge-urrutia-2","status":"publish","type":"person","link":"https:\/\/gobierno.udd.cl\/doctorate\/persona\/jorge-urrutia-2\/","featured_media":575,"template":"","people_tax":[716],"people_areas":[],"people_levels":[],"class_list":["post-573","person","type-person","status-publish","has-post-thumbnail","hentry","people_tax-egresados"],"yoast_head":"<!-- This site is optimized with the Yoast SEO plugin v26.9 - https:\/\/yoast.com\/product\/yoast-seo-wordpress\/ -->\n<title>Jorge Urrutia - Doctoral Program in Social Complexity Sciences<\/title>\n<meta name=\"robots\" content=\"index, follow, max-snippet:-1, max-image-preview:large, max-video-preview:-1\" \/>\n<link rel=\"canonical\" href=\"https:\/\/gobierno.udd.cl\/doctorate\/persona\/jorge-urrutia-2\/\" \/>\n<meta property=\"og:locale\" content=\"en_US\" \/>\n<meta property=\"og:type\" content=\"article\" \/>\n<meta property=\"og:title\" content=\"Jorge Urrutia - Doctoral Program in Social Complexity Sciences\" \/>\n<meta property=\"og:url\" content=\"https:\/\/gobierno.udd.cl\/doctorate\/persona\/jorge-urrutia-2\/\" \/>\n<meta property=\"og:site_name\" content=\"Doctoral Program in Social Complexity Sciences\" \/>\n<meta property=\"og:image\" content=\"https:\/\/gobierno.udd.cl\/doctorate\/files\/2017\/11\/jorge-urrutia.jpg\" \/>\n\t<meta property=\"og:image:width\" content=\"125\" \/>\n\t<meta property=\"og:image:height\" content=\"125\" \/>\n\t<meta property=\"og:image:type\" content=\"image\/jpeg\" \/>\n<meta name=\"twitter:card\" content=\"summary_large_image\" \/>\n<script type=\"application\/ld+json\" class=\"yoast-schema-graph\">{\"@context\":\"https:\/\/schema.org\",\"@graph\":[{\"@type\":\"WebPage\",\"@id\":\"https:\/\/gobierno.udd.cl\/doctorate\/persona\/jorge-urrutia-2\/\",\"url\":\"https:\/\/gobierno.udd.cl\/doctorate\/persona\/jorge-urrutia-2\/\",\"name\":\"Jorge Urrutia - Doctoral Program in Social Complexity Sciences\",\"isPartOf\":{\"@id\":\"https:\/\/gobierno.udd.cl\/doctorate\/#website\"},\"primaryImageOfPage\":{\"@id\":\"https:\/\/gobierno.udd.cl\/doctorate\/persona\/jorge-urrutia-2\/#primaryimage\"},\"image\":{\"@id\":\"https:\/\/gobierno.udd.cl\/doctorate\/persona\/jorge-urrutia-2\/#primaryimage\"},\"thumbnailUrl\":\"https:\/\/gobierno.udd.cl\/doctorate\/files\/2017\/11\/jorge-urrutia.jpg\",\"datePublished\":\"2017-11-23T19:44:54+00:00\",\"breadcrumb\":{\"@id\":\"https:\/\/gobierno.udd.cl\/doctorate\/persona\/jorge-urrutia-2\/#breadcrumb\"},\"inLanguage\":\"en-US\",\"potentialAction\":[{\"@type\":\"ReadAction\",\"target\":[\"https:\/\/gobierno.udd.cl\/doctorate\/persona\/jorge-urrutia-2\/\"]}]},{\"@type\":\"ImageObject\",\"inLanguage\":\"en-US\",\"@id\":\"https:\/\/gobierno.udd.cl\/doctorate\/persona\/jorge-urrutia-2\/#primaryimage\",\"url\":\"https:\/\/gobierno.udd.cl\/doctorate\/files\/2017\/11\/jorge-urrutia.jpg\",\"contentUrl\":\"https:\/\/gobierno.udd.cl\/doctorate\/files\/2017\/11\/jorge-urrutia.jpg\",\"width\":125,\"height\":125},{\"@type\":\"BreadcrumbList\",\"@id\":\"https:\/\/gobierno.udd.cl\/doctorate\/persona\/jorge-urrutia-2\/#breadcrumb\",\"itemListElement\":[{\"@type\":\"ListItem\",\"position\":1,\"name\":\"Portada\",\"item\":\"https:\/\/gobierno.udd.cl\/doctorate\/\"},{\"@type\":\"ListItem\",\"position\":2,\"name\":\"Personas\",\"item\":\"https:\/\/gobierno.udd.cl\/doctorate\/persona\/\"},{\"@type\":\"ListItem\",\"position\":3,\"name\":\"Jorge Urrutia\"}]},{\"@type\":\"WebSite\",\"@id\":\"https:\/\/gobierno.udd.cl\/doctorate\/#website\",\"url\":\"https:\/\/gobierno.udd.cl\/doctorate\/\",\"name\":\"Doctoral Program in Social Complexity Sciences\",\"description\":\"\",\"inLanguage\":\"en-US\"}]}<\/script>\n<!-- \/ Yoast SEO plugin. -->","yoast_head_json":{"title":"Jorge Urrutia - Doctoral Program in Social Complexity Sciences","robots":{"index":"index","follow":"follow","max-snippet":"max-snippet:-1","max-image-preview":"max-image-preview:large","max-video-preview":"max-video-preview:-1"},"canonical":"https:\/\/gobierno.udd.cl\/doctorate\/persona\/jorge-urrutia-2\/","og_locale":"en_US","og_type":"article","og_title":"Jorge Urrutia - Doctoral Program in Social Complexity Sciences","og_url":"https:\/\/gobierno.udd.cl\/doctorate\/persona\/jorge-urrutia-2\/","og_site_name":"Doctoral Program in Social Complexity Sciences","og_image":[{"width":125,"height":125,"url":"https:\/\/gobierno.udd.cl\/doctorate\/files\/2017\/11\/jorge-urrutia.jpg","type":"image\/jpeg"}],"twitter_card":"summary_large_image","schema":{"@context":"https:\/\/schema.org","@graph":[{"@type":"WebPage","@id":"https:\/\/gobierno.udd.cl\/doctorate\/persona\/jorge-urrutia-2\/","url":"https:\/\/gobierno.udd.cl\/doctorate\/persona\/jorge-urrutia-2\/","name":"Jorge Urrutia - Doctoral Program in Social Complexity Sciences","isPartOf":{"@id":"https:\/\/gobierno.udd.cl\/doctorate\/#website"},"primaryImageOfPage":{"@id":"https:\/\/gobierno.udd.cl\/doctorate\/persona\/jorge-urrutia-2\/#primaryimage"},"image":{"@id":"https:\/\/gobierno.udd.cl\/doctorate\/persona\/jorge-urrutia-2\/#primaryimage"},"thumbnailUrl":"https:\/\/gobierno.udd.cl\/doctorate\/files\/2017\/11\/jorge-urrutia.jpg","datePublished":"2017-11-23T19:44:54+00:00","breadcrumb":{"@id":"https:\/\/gobierno.udd.cl\/doctorate\/persona\/jorge-urrutia-2\/#breadcrumb"},"inLanguage":"en-US","potentialAction":[{"@type":"ReadAction","target":["https:\/\/gobierno.udd.cl\/doctorate\/persona\/jorge-urrutia-2\/"]}]},{"@type":"ImageObject","inLanguage":"en-US","@id":"https:\/\/gobierno.udd.cl\/doctorate\/persona\/jorge-urrutia-2\/#primaryimage","url":"https:\/\/gobierno.udd.cl\/doctorate\/files\/2017\/11\/jorge-urrutia.jpg","contentUrl":"https:\/\/gobierno.udd.cl\/doctorate\/files\/2017\/11\/jorge-urrutia.jpg","width":125,"height":125},{"@type":"BreadcrumbList","@id":"https:\/\/gobierno.udd.cl\/doctorate\/persona\/jorge-urrutia-2\/#breadcrumb","itemListElement":[{"@type":"ListItem","position":1,"name":"Portada","item":"https:\/\/gobierno.udd.cl\/doctorate\/"},{"@type":"ListItem","position":2,"name":"Personas","item":"https:\/\/gobierno.udd.cl\/doctorate\/persona\/"},{"@type":"ListItem","position":3,"name":"Jorge Urrutia"}]},{"@type":"WebSite","@id":"https:\/\/gobierno.udd.cl\/doctorate\/#website","url":"https:\/\/gobierno.udd.cl\/doctorate\/","name":"Doctoral Program in Social Complexity Sciences","description":"","inLanguage":"en-US"}]}},"label":"Jorge Urrutia","title":{"rendered":"Jorge Urrutia"},"role":"GENERACI\u00d3N 2015 - Ph.D. en Ciencias de la Complejidad Social, Universidad del Desarrollo","thumbnail_url":"https:\/\/gobierno.udd.cl\/doctorate\/files\/2017\/11\/jorge-urrutia.jpg","email":"","tel_job":"","content":{"rendered":"<div class=\"person-modal person-modal--scl\">\n\t<header class=\"person-modal__header\">\n\t\t<div class=\"person-modal__bg\"><\/div>\n\t\t<div class=\"modal-container\">\n\t\t\t\t\t\t<div class=\"person-modal__media\">\n\t\t\t\t<img width=\"125\" height=\"125\" src=\"https:\/\/gobierno.udd.cl\/doctorate\/files\/2017\/11\/jorge-urrutia-62x62.jpg\" class=\"person-modal__image wp-post-image lazyload\" alt=\"\" decoding=\"async\" loading=\"lazy\" sizes=\"auto, (max-width: 125px) 100vw, 125px\" data-src=\"https:\/\/gobierno.udd.cl\/doctorate\/files\/2017\/11\/jorge-urrutia.jpg\" data-srcset=\"https:\/\/gobierno.udd.cl\/doctorate\/files\/2017\/11\/jorge-urrutia.jpg 125w, https:\/\/gobierno.udd.cl\/doctorate\/files\/2017\/11\/jorge-urrutia-62x62.jpg 62w\" \/>\t\t\t<\/div>\n\t\t\t\t\t\t<div class=\"person-modal__data\">\n\t\t\t\t<h1 class=\"person-modal__name\">Jorge Urrutia<\/h1>\n\t\t\t\t\t\t\t<span class=\"person-modal__description\">GENERACI\u00d3N 2015 - Ph.D. en Ciencias de la Complejidad Social, Universidad del Desarrollo<\/span>\n\t\t\t\t\t\t\t\t\t\t\t\t\t\t\t<\/div>\n\t\t<\/div>\n\t<\/header>\n\t<div class=\"modal-container\">\n\t\t\t<div class=\"person-modal__content text\">\n\t\t\t\t\t<p>Acad\u00e9mico de pregrado del curso de optimizaci\u00f3n, programa de Ingenier\u00eda Industrial,<br \/>\nUniversidad Adolfo Iba\u00f1ez.<\/p>\n<p>Ph.D. en Ciencias de la Complejidad Social, Universidad del Desarrollo.<br \/>\nMaster Investigaci\u00f3n de Operaciones y Estad\u00edstica, Universidad Tecnol\u00f3gica de Pereira.<br \/>\nF\u00edsica, Universidad Tecnol\u00f3gica del Choc\u00f3.<br \/>\nMatem\u00e1ticas, Universidad Tecnol\u00f3gica del Choc\u00f3.<\/p>\n\t\t\t\t\t\t\t\t\t\t<p><strong>\u00c1reas de Investigaci\u00f3n:<\/strong><br \/>\nDiscrete Choice Model, Procesos de decisi\u00f3n, Comportamiento de Viaje.<\/p>\n<p><strong>Informaci\u00f3n de Contacto:<\/strong><br \/>\nMail: jurrutiam@udd.cl<br \/>\nTel\u00e9fono: 56 (2) 2327 9701<br \/>\nDirecci\u00f3n: Av. Las Condes 12461, Las Condes, Santiago de Chile.<\/p>\n<h3><span>PRODUCTOS<\/span><\/h3>\n<table border=\"1\" width=\"531\" cellspacing=\"1\" cellpadding=\"1\">\n<tbody>\n<tr>\n<td>\n<h2>PAPERS<\/h2>\n<table border=\"1\" cellspacing=\"1\" cellpadding=\"1\">\n<tbody>\n<tr>\n<td>\n<ul>\n<li>Modelaci\u00f3n de la elecci\u00f3n y compra de Autos:\u201cEstudio emp\u00edrico de las caracter\u00edsticas de los consumidores y valoraci\u00f3n de incentivos que influyen en la demanda del consumo de autos de baja contaminaci\u00f3n (El\u00e9ctricos e H\u00edbridos)\u201d,<\/li>\n<li>Urrutia-Mosquera, J., L\u00f3pez-Ospina, H., Sabatini, F., &amp; Rasse, A. (2017). Tolerancia a la diversidad y segregaci\u00f3n residencial. Una adaptaci\u00f3n del modelo de segregaci\u00f3n de Schelling con tres grupos sociales.\u00a0EURE (Santiago),\u00a043(130), 5-24.<\/li>\n<\/ul>\n<\/td>\n<td bgcolor=\"#551A8B\"><\/td>\n<\/tr>\n<\/tbody>\n<\/table>\n<\/td>\n<\/tr>\n<tr>\n<td>\n<h2>CONFERENCIAS<\/h2>\n<table border=\"1\" cellspacing=\"1\" cellpadding=\"1\">\n<tbody>\n<tr>\n<td>\n<ul>\n<li>Octava Conferencia Iberoamericana de Complejidad, Inform\u00e1tica y Cibern\u00e9tica: CICC 2018. Ponente y Co-Chair<\/li>\n<li>Urrutia-Mosquera, J., L\u00f3pez-Ospina, H., Sabatini, F., &amp; Rasse, A. (2018).\u00a0Tolerancias y preferencias en el modelo de segregaci\u00f3n de Schilling.\u00a0\u00a0Octava Conferencia Iberoamericana de Complejidad, Inform\u00e1tica y Cibern\u00e9tica: CICC 2018<\/li>\n<\/ul>\n<\/td>\n<td bgcolor=\"#551A8B\"><\/td>\n<\/tr>\n<\/tbody>\n<\/table>\n<\/td>\n<\/tr>\n<\/tbody>\n<\/table>\n\t\t<\/div>\n\t<\/div>\n<\/div>\n"},"identifier":"4c2120c6daa8fbd6967d3ed73519fa4eb96f83a5","has_credential":[],"given_name":"Jorge","family_name":"Urrutia","name":"Jorge Urrutia","job_title":"GENERACI\u00d3N 2015 - Ph.D. en Ciencias de la Complejidad Social, Universidad del Desarrollo","telephone":"","note":"Acad\u00e9mico de pregrado del curso de optimizaci\u00f3n, programa de Ingenier\u00eda Industrial,\nUniversidad Adolfo Iba\u00f1ez.\n\nPh.D. en Ciencias de la Complejidad Social, Universidad del Desarrollo.\nMaster Investigaci\u00f3n de Operaciones y Estad\u00edstica, Universidad Tecnol\u00f3gica de Pereira.\nF\u00edsica, Universidad Tecnol\u00f3gica del Choc\u00f3.\nMatem\u00e1ticas, Universidad Tecnol\u00f3gica del Choc\u00f3.\n","im":"","_self_schedule":null,"_links":{"self":[{"href":"https:\/\/gobierno.udd.cl\/doctorate\/wp-json\/wp\/v2\/people\/573","targetHints":{"allow":["GET"]}}],"collection":[{"href":"https:\/\/gobierno.udd.cl\/doctorate\/wp-json\/wp\/v2\/people"}],"about":[{"href":"https:\/\/gobierno.udd.cl\/doctorate\/wp-json\/wp\/v2\/types\/person"}],"wp:featuredmedia":[{"embeddable":true,"href":"https:\/\/gobierno.udd.cl\/doctorate\/wp-json\/wp\/v2\/media\/575"}],"wp:attachment":[{"href":"https:\/\/gobierno.udd.cl\/doctorate\/wp-json\/wp\/v2\/media?parent=573"}],"wp:term":[{"taxonomy":"people_tax","embeddable":true,"href":"https:\/\/gobierno.udd.cl\/doctorate\/wp-json\/wp\/v2\/people_tax?post=573"},{"taxonomy":"people_areas","embeddable":true,"href":"https:\/\/gobierno.udd.cl\/doctorate\/wp-json\/wp\/v2\/people_areas?post=573"},{"taxonomy":"people_levels","embeddable":true,"href":"https:\/\/gobierno.udd.cl\/doctorate\/wp-json\/wp\/v2\/people_levels?post=573"}],"curies":[{"name":"wp","href":"https:\/\/api.w.org\/{rel}","templated":true}]}}

GENERACIÓN 2015 - Ph.D. en Ciencias de la Complejidad Social, Universidad del Desarrollo

<div class="person-modal person-modal--scl">
	<header class="person-modal__header">
		<div class="person-modal__bg"></div>
		<div class="modal-container">
						<div class="person-modal__media">
				<img width="125" height="125" src="https://gobierno.udd.cl/doctorate/files/2017/11/jorge-urrutia-62x62.jpg" class="person-modal__image wp-post-image lazyload" alt="" decoding="async" loading="lazy" sizes="auto, (max-width: 125px) 100vw, 125px" data-src="https://gobierno.udd.cl/doctorate/files/2017/11/jorge-urrutia.jpg" data-srcset="https://gobierno.udd.cl/doctorate/files/2017/11/jorge-urrutia.jpg 125w, https://gobierno.udd.cl/doctorate/files/2017/11/jorge-urrutia-62x62.jpg 62w" />			</div>
						<div class="person-modal__data">
				<h1 class="person-modal__name">Jorge Urrutia</h1>
							<span class="person-modal__description">GENERACIÓN 2015 - Ph.D. en Ciencias de la Complejidad Social, Universidad del Desarrollo</span>
															</div>
		</div>
	</header>
	<div class="modal-container">
			<div class="person-modal__content text">
					<p>Académico de pregrado del curso de optimización, programa de Ingeniería Industrial,<br />
Universidad Adolfo Ibañez.</p>
<p>Ph.D. en Ciencias de la Complejidad Social, Universidad del Desarrollo.<br />
Master Investigación de Operaciones y Estadística, Universidad Tecnológica de Pereira.<br />
Física, Universidad Tecnológica del Chocó.<br />
Matemáticas, Universidad Tecnológica del Chocó.</p>
										<p><strong>Áreas de Investigación:</strong><br />
Discrete Choice Model, Procesos de decisión, Comportamiento de Viaje.</p>
<p><strong>Información de Contacto:</strong><br />
Mail: jurrutiam@udd.cl<br />
Teléfono: 56 (2) 2327 9701<br />
Dirección: Av. Las Condes 12461, Las Condes, Santiago de Chile.</p>
<h3><span>PRODUCTOS</span></h3>
<table border="1" width="531" cellspacing="1" cellpadding="1">
<tbody>
<tr>
<td>
<h2>PAPERS</h2>
<table border="1" cellspacing="1" cellpadding="1">
<tbody>
<tr>
<td>
<ul>
<li>Modelación de la elección y compra de Autos:“Estudio empírico de las características de los consumidores y valoración de incentivos que influyen en la demanda del consumo de autos de baja contaminación (Eléctricos e Híbridos)”,</li>
<li>Urrutia-Mosquera, J., López-Ospina, H., Sabatini, F., &amp; Rasse, A. (2017). Tolerancia a la diversidad y segregación residencial. Una adaptación del modelo de segregación de Schelling con tres grupos sociales. EURE (Santiago), 43(130), 5-24.</li>
</ul>
</td>
<td bgcolor="#551A8B"></td>
</tr>
</tbody>
</table>
</td>
</tr>
<tr>
<td>
<h2>CONFERENCIAS</h2>
<table border="1" cellspacing="1" cellpadding="1">
<tbody>
<tr>
<td>
<ul>
<li>Octava Conferencia Iberoamericana de Complejidad, Informática y Cibernética: CICC 2018. Ponente y Co-Chair</li>
<li>Urrutia-Mosquera, J., López-Ospina, H., Sabatini, F., &amp; Rasse, A. (2018). Tolerancias y preferencias en el modelo de segregación de Schilling.  Octava Conferencia Iberoamericana de Complejidad, Informática y Cibernética: CICC 2018</li>
</ul>
</td>
<td bgcolor="#551A8B"></td>
</tr>
</tbody>
</table>
</td>
</tr>
</tbody>
</table>
		</div>
	</div>
</div>

Académico de pregrado del curso de optimización, programa de Ingeniería Industrial,
Universidad Adolfo Ibañez.

Ph.D. en Ciencias de la Complejidad Social, Universidad del Desarrollo.
Master Investigación de Operaciones y Estadística, Universidad Tecnológica de Pereira.
Física, Universidad Tecnológica del Chocó.
Matemáticas, Universidad Tecnológica del Chocó.
