{"id":3368,"date":"2020-09-24T01:55:04","date_gmt":"2020-09-24T01:55:04","guid":{"rendered":"http:\/\/dccs.udd.cl\/?post_type=person&amp;p=3368"},"modified":"2020-09-24T01:55:04","modified_gmt":"2020-09-24T01:55:04","slug":"pedro-avila-villena","status":"publish","type":"person","link":"https:\/\/gobierno.udd.cl\/doctorate\/persona\/pedro-avila-villena\/","featured_media":3369,"template":"","people_tax":[719],"people_areas":[],"people_levels":[],"class_list":["post-3368","person","type-person","status-publish","has-post-thumbnail","hentry","people_tax-estudiantes"],"yoast_head":"<!-- This site is optimized with the Yoast SEO plugin v26.9 - https:\/\/yoast.com\/product\/yoast-seo-wordpress\/ -->\n<title>Pedro \u00c1vila Villena - Doctoral Program in Social Complexity Sciences<\/title>\n<meta name=\"robots\" content=\"index, follow, max-snippet:-1, max-image-preview:large, max-video-preview:-1\" \/>\n<link rel=\"canonical\" href=\"https:\/\/gobierno.udd.cl\/doctorate\/persona\/pedro-avila-villena\/\" \/>\n<meta property=\"og:locale\" content=\"en_US\" \/>\n<meta property=\"og:type\" content=\"article\" \/>\n<meta property=\"og:title\" content=\"Pedro \u00c1vila Villena - Doctoral Program in Social Complexity Sciences\" \/>\n<meta property=\"og:url\" content=\"https:\/\/gobierno.udd.cl\/doctorate\/persona\/pedro-avila-villena\/\" \/>\n<meta property=\"og:site_name\" content=\"Doctoral Program in Social Complexity Sciences\" \/>\n<meta property=\"og:image\" content=\"https:\/\/gobierno.udd.cl\/doctorate\/files\/2020\/09\/pedro-avila.jpg\" \/>\n\t<meta property=\"og:image:width\" content=\"158\" \/>\n\t<meta property=\"og:image:height\" content=\"150\" \/>\n\t<meta property=\"og:image:type\" content=\"image\/jpeg\" \/>\n<meta name=\"twitter:card\" content=\"summary_large_image\" \/>\n<script type=\"application\/ld+json\" class=\"yoast-schema-graph\">{\"@context\":\"https:\/\/schema.org\",\"@graph\":[{\"@type\":\"WebPage\",\"@id\":\"https:\/\/gobierno.udd.cl\/doctorate\/persona\/pedro-avila-villena\/\",\"url\":\"https:\/\/gobierno.udd.cl\/doctorate\/persona\/pedro-avila-villena\/\",\"name\":\"Pedro \u00c1vila Villena - Doctoral Program in Social Complexity Sciences\",\"isPartOf\":{\"@id\":\"https:\/\/gobierno.udd.cl\/doctorate\/#website\"},\"primaryImageOfPage\":{\"@id\":\"https:\/\/gobierno.udd.cl\/doctorate\/persona\/pedro-avila-villena\/#primaryimage\"},\"image\":{\"@id\":\"https:\/\/gobierno.udd.cl\/doctorate\/persona\/pedro-avila-villena\/#primaryimage\"},\"thumbnailUrl\":\"https:\/\/gobierno.udd.cl\/doctorate\/files\/2020\/09\/pedro-avila.jpg\",\"datePublished\":\"2020-09-24T01:55:04+00:00\",\"breadcrumb\":{\"@id\":\"https:\/\/gobierno.udd.cl\/doctorate\/persona\/pedro-avila-villena\/#breadcrumb\"},\"inLanguage\":\"en-US\",\"potentialAction\":[{\"@type\":\"ReadAction\",\"target\":[\"https:\/\/gobierno.udd.cl\/doctorate\/persona\/pedro-avila-villena\/\"]}]},{\"@type\":\"ImageObject\",\"inLanguage\":\"en-US\",\"@id\":\"https:\/\/gobierno.udd.cl\/doctorate\/persona\/pedro-avila-villena\/#primaryimage\",\"url\":\"https:\/\/gobierno.udd.cl\/doctorate\/files\/2020\/09\/pedro-avila.jpg\",\"contentUrl\":\"https:\/\/gobierno.udd.cl\/doctorate\/files\/2020\/09\/pedro-avila.jpg\",\"width\":158,\"height\":150},{\"@type\":\"BreadcrumbList\",\"@id\":\"https:\/\/gobierno.udd.cl\/doctorate\/persona\/pedro-avila-villena\/#breadcrumb\",\"itemListElement\":[{\"@type\":\"ListItem\",\"position\":1,\"name\":\"Portada\",\"item\":\"https:\/\/gobierno.udd.cl\/doctorate\/\"},{\"@type\":\"ListItem\",\"position\":2,\"name\":\"Personas\",\"item\":\"https:\/\/gobierno.udd.cl\/doctorate\/persona\/\"},{\"@type\":\"ListItem\",\"position\":3,\"name\":\"Pedro \u00c1vila Villena\"}]},{\"@type\":\"WebSite\",\"@id\":\"https:\/\/gobierno.udd.cl\/doctorate\/#website\",\"url\":\"https:\/\/gobierno.udd.cl\/doctorate\/\",\"name\":\"Doctoral Program in Social Complexity Sciences\",\"description\":\"\",\"inLanguage\":\"en-US\"}]}<\/script>\n<!-- \/ Yoast SEO plugin. -->","yoast_head_json":{"title":"Pedro \u00c1vila Villena - Doctoral Program in Social Complexity Sciences","robots":{"index":"index","follow":"follow","max-snippet":"max-snippet:-1","max-image-preview":"max-image-preview:large","max-video-preview":"max-video-preview:-1"},"canonical":"https:\/\/gobierno.udd.cl\/doctorate\/persona\/pedro-avila-villena\/","og_locale":"en_US","og_type":"article","og_title":"Pedro \u00c1vila Villena - Doctoral Program in Social Complexity Sciences","og_url":"https:\/\/gobierno.udd.cl\/doctorate\/persona\/pedro-avila-villena\/","og_site_name":"Doctoral Program in Social Complexity Sciences","og_image":[{"width":158,"height":150,"url":"https:\/\/gobierno.udd.cl\/doctorate\/files\/2020\/09\/pedro-avila.jpg","type":"image\/jpeg"}],"twitter_card":"summary_large_image","schema":{"@context":"https:\/\/schema.org","@graph":[{"@type":"WebPage","@id":"https:\/\/gobierno.udd.cl\/doctorate\/persona\/pedro-avila-villena\/","url":"https:\/\/gobierno.udd.cl\/doctorate\/persona\/pedro-avila-villena\/","name":"Pedro \u00c1vila Villena - Doctoral Program in Social Complexity Sciences","isPartOf":{"@id":"https:\/\/gobierno.udd.cl\/doctorate\/#website"},"primaryImageOfPage":{"@id":"https:\/\/gobierno.udd.cl\/doctorate\/persona\/pedro-avila-villena\/#primaryimage"},"image":{"@id":"https:\/\/gobierno.udd.cl\/doctorate\/persona\/pedro-avila-villena\/#primaryimage"},"thumbnailUrl":"https:\/\/gobierno.udd.cl\/doctorate\/files\/2020\/09\/pedro-avila.jpg","datePublished":"2020-09-24T01:55:04+00:00","breadcrumb":{"@id":"https:\/\/gobierno.udd.cl\/doctorate\/persona\/pedro-avila-villena\/#breadcrumb"},"inLanguage":"en-US","potentialAction":[{"@type":"ReadAction","target":["https:\/\/gobierno.udd.cl\/doctorate\/persona\/pedro-avila-villena\/"]}]},{"@type":"ImageObject","inLanguage":"en-US","@id":"https:\/\/gobierno.udd.cl\/doctorate\/persona\/pedro-avila-villena\/#primaryimage","url":"https:\/\/gobierno.udd.cl\/doctorate\/files\/2020\/09\/pedro-avila.jpg","contentUrl":"https:\/\/gobierno.udd.cl\/doctorate\/files\/2020\/09\/pedro-avila.jpg","width":158,"height":150},{"@type":"BreadcrumbList","@id":"https:\/\/gobierno.udd.cl\/doctorate\/persona\/pedro-avila-villena\/#breadcrumb","itemListElement":[{"@type":"ListItem","position":1,"name":"Portada","item":"https:\/\/gobierno.udd.cl\/doctorate\/"},{"@type":"ListItem","position":2,"name":"Personas","item":"https:\/\/gobierno.udd.cl\/doctorate\/persona\/"},{"@type":"ListItem","position":3,"name":"Pedro \u00c1vila Villena"}]},{"@type":"WebSite","@id":"https:\/\/gobierno.udd.cl\/doctorate\/#website","url":"https:\/\/gobierno.udd.cl\/doctorate\/","name":"Doctoral Program in Social Complexity Sciences","description":"","inLanguage":"en-US"}]}},"label":"Pedro \u00c1vila Villena","title":{"rendered":"Pedro \u00c1vila Villena"},"role":"GENERACI\u00d3N 2020 - Ingeniero Matem\u00e1tico, Universidad de Santiago de Chile","thumbnail_url":"https:\/\/gobierno.udd.cl\/doctorate\/files\/2020\/09\/pedro-avila.jpg","email":"","tel_job":"","content":{"rendered":"<div class=\"person-modal person-modal--scl\">\n\t<header class=\"person-modal__header\">\n\t\t<div class=\"person-modal__bg\"><\/div>\n\t\t<div class=\"modal-container\">\n\t\t\t\t\t\t<div class=\"person-modal__media\">\n\t\t\t\t<img width=\"158\" height=\"150\" src=\"https:\/\/gobierno.udd.cl\/doctorate\/files\/2020\/09\/pedro-avila-62x62.jpg\" class=\"person-modal__image wp-post-image lazyload\" alt=\"\" decoding=\"async\" loading=\"lazy\" data-src=\"https:\/\/gobierno.udd.cl\/doctorate\/files\/2020\/09\/pedro-avila.jpg\" \/>\t\t\t<\/div>\n\t\t\t\t\t\t<div class=\"person-modal__data\">\n\t\t\t\t<h1 class=\"person-modal__name\">Pedro \u00c1vila Villena<\/h1>\n\t\t\t\t\t\t\t<span class=\"person-modal__description\">GENERACI\u00d3N 2020 - Ingeniero Matem\u00e1tico, Universidad de Santiago de Chile<\/span>\n\t\t\t\t\t\t\t\t\t\t\t\t\t\t\t<\/div>\n\t\t<\/div>\n\t<\/header>\n\t<div class=\"modal-container\">\n\t\t\t<div class=\"person-modal__content text\">\n\t\t\t\t\t\t\t\t\t\t<div class=\"note\">\n<p><span><span>Mag\u00edster en Ciencias de la Ingenier\u00eda, Universidad del Desarrollo, Chile.<br \/>\nIngeniero Matem\u00e1tico, Universidad de Santiago de Chile.<\/span><\/span><\/p>\n<\/div>\n<p><strong>\u00c1reas de Investigaci\u00f3n:\u00a0<\/strong><\/p>\n<p>Ciencias Sociales Computacionales, Ciencias Matem\u00e1ticas.<\/p>\n<p><strong>Informaci\u00f3n de Contacto:<\/strong><br \/>Mail: p.avila@udd.cl\u00a0<br \/>Tel\u00e9fono: 56 (2) 2327 9701<br \/>Direcci\u00f3n: Av. Las Condes 12461, Las Condes, Santiago de Chile.<\/p>\n\t\t<\/div>\n\t<\/div>\n<\/div>\n"},"identifier":"fd7a0591b91bec14b3f453ddc256308dc10badda","has_credential":[],"given_name":"Pedro","family_name":"\u00c1vila Villena","name":"Pedro \u00c1vila Villena","job_title":"GENERACI\u00d3N 2020 - Ingeniero Matem\u00e1tico, Universidad de Santiago de Chile","telephone":"","note":"","im":"","_self_schedule":null,"_links":{"self":[{"href":"https:\/\/gobierno.udd.cl\/doctorate\/wp-json\/wp\/v2\/people\/3368","targetHints":{"allow":["GET"]}}],"collection":[{"href":"https:\/\/gobierno.udd.cl\/doctorate\/wp-json\/wp\/v2\/people"}],"about":[{"href":"https:\/\/gobierno.udd.cl\/doctorate\/wp-json\/wp\/v2\/types\/person"}],"wp:featuredmedia":[{"embeddable":true,"href":"https:\/\/gobierno.udd.cl\/doctorate\/wp-json\/wp\/v2\/media\/3369"}],"wp:attachment":[{"href":"https:\/\/gobierno.udd.cl\/doctorate\/wp-json\/wp\/v2\/media?parent=3368"}],"wp:term":[{"taxonomy":"people_tax","embeddable":true,"href":"https:\/\/gobierno.udd.cl\/doctorate\/wp-json\/wp\/v2\/people_tax?post=3368"},{"taxonomy":"people_areas","embeddable":true,"href":"https:\/\/gobierno.udd.cl\/doctorate\/wp-json\/wp\/v2\/people_areas?post=3368"},{"taxonomy":"people_levels","embeddable":true,"href":"https:\/\/gobierno.udd.cl\/doctorate\/wp-json\/wp\/v2\/people_levels?post=3368"}],"curies":[{"name":"wp","href":"https:\/\/api.w.org\/{rel}","templated":true}]}}

<!-- This site is optimized with the Yoast SEO plugin v26.9 - https://yoast.com/product/yoast-seo-wordpress/ -->
<title>Pedro Ávila Villena - Doctoral Program in Social Complexity Sciences</title>
<meta name="robots" content="index, follow, max-snippet:-1, max-image-preview:large, max-video-preview:-1" />
<link rel="canonical" href="https://gobierno.udd.cl/doctorate/persona/pedro-avila-villena/" />
<meta property="og:locale" content="en_US" />
<meta property="og:type" content="article" />
<meta property="og:title" content="Pedro Ávila Villena - Doctoral Program in Social Complexity Sciences" />
<meta property="og:url" content="https://gobierno.udd.cl/doctorate/persona/pedro-avila-villena/" />
<meta property="og:site_name" content="Doctoral Program in Social Complexity Sciences" />
<meta property="og:image" content="https://gobierno.udd.cl/doctorate/files/2020/09/pedro-avila.jpg" />
	<meta property="og:image:width" content="158" />
	<meta property="og:image:height" content="150" />
	<meta property="og:image:type" content="image/jpeg" />
<meta name="twitter:card" content="summary_large_image" />
<script type="application/ld+json" class="yoast-schema-graph">{"@context":"https://schema.org","@graph":[{"@type":"WebPage","@id":"https://gobierno.udd.cl/doctorate/persona/pedro-avila-villena/","url":"https://gobierno.udd.cl/doctorate/persona/pedro-avila-villena/","name":"Pedro Ávila Villena - Doctoral Program in Social Complexity Sciences","isPartOf":{"@id":"https://gobierno.udd.cl/doctorate/#website"},"primaryImageOfPage":{"@id":"https://gobierno.udd.cl/doctorate/persona/pedro-avila-villena/#primaryimage"},"image":{"@id":"https://gobierno.udd.cl/doctorate/persona/pedro-avila-villena/#primaryimage"},"thumbnailUrl":"https://gobierno.udd.cl/doctorate/files/2020/09/pedro-avila.jpg","datePublished":"2020-09-24T01:55:04+00:00","breadcrumb":{"@id":"https://gobierno.udd.cl/doctorate/persona/pedro-avila-villena/#breadcrumb"},"inLanguage":"en-US","potentialAction":[{"@type":"ReadAction","target":["https://gobierno.udd.cl/doctorate/persona/pedro-avila-villena/"]}]},{"@type":"ImageObject","inLanguage":"en-US","@id":"https://gobierno.udd.cl/doctorate/persona/pedro-avila-villena/#primaryimage","url":"https://gobierno.udd.cl/doctorate/files/2020/09/pedro-avila.jpg","contentUrl":"https://gobierno.udd.cl/doctorate/files/2020/09/pedro-avila.jpg","width":158,"height":150},{"@type":"BreadcrumbList","@id":"https://gobierno.udd.cl/doctorate/persona/pedro-avila-villena/#breadcrumb","itemListElement":[{"@type":"ListItem","position":1,"name":"Portada","item":"https://gobierno.udd.cl/doctorate/"},{"@type":"ListItem","position":2,"name":"Personas","item":"https://gobierno.udd.cl/doctorate/persona/"},{"@type":"ListItem","position":3,"name":"Pedro Ávila Villena"}]},{"@type":"WebSite","@id":"https://gobierno.udd.cl/doctorate/#website","url":"https://gobierno.udd.cl/doctorate/","name":"Doctoral Program in Social Complexity Sciences","description":"","inLanguage":"en-US"}]}</script>
<!-- / Yoast SEO plugin. -->

Pedro Ávila Villena - Doctoral Program in Social Complexity Sciences

Pedro Ávila Villena

GENERACIÓN 2020 - Ingeniero Matemático, Universidad de Santiago de Chile

<div class="person-modal person-modal--scl">
	<header class="person-modal__header">
		<div class="person-modal__bg"></div>
		<div class="modal-container">
						<div class="person-modal__media">
				<img width="158" height="150" src="https://gobierno.udd.cl/doctorate/files/2020/09/pedro-avila-62x62.jpg" class="person-modal__image wp-post-image lazyload" alt="" decoding="async" loading="lazy" data-src="https://gobierno.udd.cl/doctorate/files/2020/09/pedro-avila.jpg" />			</div>
						<div class="person-modal__data">
				<h1 class="person-modal__name">Pedro Ávila Villena</h1>
							<span class="person-modal__description">GENERACIÓN 2020 - Ingeniero Matemático, Universidad de Santiago de Chile</span>
															</div>
		</div>
	</header>
	<div class="modal-container">
			<div class="person-modal__content text">
										<div class="note">
<p><span><span>Magíster en Ciencias de la Ingeniería, Universidad del Desarrollo, Chile.<br />
Ingeniero Matemático, Universidad de Santiago de Chile.</span></span></p>
</div>
<p><strong>Áreas de Investigación: </strong></p>
<p>Ciencias Sociales Computacionales, Ciencias Matemáticas.</p>
<p><strong>Información de Contacto:</strong><br />Mail: p.avila@udd.cl <br />Teléfono: 56 (2) 2327 9701<br />Dirección: Av. Las Condes 12461, Las Condes, Santiago de Chile.</p>
		</div>
	</div>
</div>

Ávila Villena
