{"id":2554,"date":"2019-08-22T16:18:27","date_gmt":"2019-08-22T16:18:27","guid":{"rendered":"http:\/\/dccs.udd.cl\/?post_type=person&amp;p=2554"},"modified":"2019-08-22T16:18:27","modified_gmt":"2019-08-22T16:18:27","slug":"daniel-torrico","status":"publish","type":"person","link":"https:\/\/gobierno.udd.cl\/doctorate\/persona\/daniel-torrico\/","featured_media":2555,"template":"","people_tax":[719],"people_areas":[],"people_levels":[],"class_list":["post-2554","person","type-person","status-publish","has-post-thumbnail","hentry","people_tax-estudiantes"],"yoast_head":"<!-- This site is optimized with the Yoast SEO plugin v26.9 - https:\/\/yoast.com\/product\/yoast-seo-wordpress\/ -->\n<title>Daniel Torrico - Doctoral Program in Social Complexity Sciences<\/title>\n<meta name=\"robots\" content=\"index, follow, max-snippet:-1, max-image-preview:large, max-video-preview:-1\" \/>\n<link rel=\"canonical\" href=\"https:\/\/gobierno.udd.cl\/doctorate\/persona\/daniel-torrico\/\" \/>\n<meta property=\"og:locale\" content=\"en_US\" \/>\n<meta property=\"og:type\" content=\"article\" \/>\n<meta property=\"og:title\" content=\"Daniel Torrico - Doctoral Program in Social Complexity Sciences\" \/>\n<meta property=\"og:url\" content=\"https:\/\/gobierno.udd.cl\/doctorate\/persona\/daniel-torrico\/\" \/>\n<meta property=\"og:site_name\" content=\"Doctoral Program in Social Complexity Sciences\" \/>\n<meta property=\"og:image\" content=\"https:\/\/gobierno.udd.cl\/doctorate\/files\/2019\/08\/img_0187.jpg\" \/>\n\t<meta property=\"og:image:width\" content=\"2138\" \/>\n\t<meta property=\"og:image:height\" content=\"2220\" \/>\n\t<meta property=\"og:image:type\" content=\"image\/jpeg\" \/>\n<meta name=\"twitter:card\" content=\"summary_large_image\" \/>\n<script type=\"application\/ld+json\" class=\"yoast-schema-graph\">{\"@context\":\"https:\/\/schema.org\",\"@graph\":[{\"@type\":\"WebPage\",\"@id\":\"https:\/\/gobierno.udd.cl\/doctorate\/persona\/daniel-torrico\/\",\"url\":\"https:\/\/gobierno.udd.cl\/doctorate\/persona\/daniel-torrico\/\",\"name\":\"Daniel Torrico - Doctoral Program in Social Complexity Sciences\",\"isPartOf\":{\"@id\":\"https:\/\/gobierno.udd.cl\/doctorate\/#website\"},\"primaryImageOfPage\":{\"@id\":\"https:\/\/gobierno.udd.cl\/doctorate\/persona\/daniel-torrico\/#primaryimage\"},\"image\":{\"@id\":\"https:\/\/gobierno.udd.cl\/doctorate\/persona\/daniel-torrico\/#primaryimage\"},\"thumbnailUrl\":\"https:\/\/gobierno.udd.cl\/doctorate\/files\/2019\/08\/img_0187.jpg\",\"datePublished\":\"2019-08-22T16:18:27+00:00\",\"breadcrumb\":{\"@id\":\"https:\/\/gobierno.udd.cl\/doctorate\/persona\/daniel-torrico\/#breadcrumb\"},\"inLanguage\":\"en-US\",\"potentialAction\":[{\"@type\":\"ReadAction\",\"target\":[\"https:\/\/gobierno.udd.cl\/doctorate\/persona\/daniel-torrico\/\"]}]},{\"@type\":\"ImageObject\",\"inLanguage\":\"en-US\",\"@id\":\"https:\/\/gobierno.udd.cl\/doctorate\/persona\/daniel-torrico\/#primaryimage\",\"url\":\"https:\/\/gobierno.udd.cl\/doctorate\/files\/2019\/08\/img_0187.jpg\",\"contentUrl\":\"https:\/\/gobierno.udd.cl\/doctorate\/files\/2019\/08\/img_0187.jpg\",\"width\":2138,\"height\":2220},{\"@type\":\"BreadcrumbList\",\"@id\":\"https:\/\/gobierno.udd.cl\/doctorate\/persona\/daniel-torrico\/#breadcrumb\",\"itemListElement\":[{\"@type\":\"ListItem\",\"position\":1,\"name\":\"Portada\",\"item\":\"https:\/\/gobierno.udd.cl\/doctorate\/\"},{\"@type\":\"ListItem\",\"position\":2,\"name\":\"Personas\",\"item\":\"https:\/\/gobierno.udd.cl\/doctorate\/persona\/\"},{\"@type\":\"ListItem\",\"position\":3,\"name\":\"Daniel Torrico\"}]},{\"@type\":\"WebSite\",\"@id\":\"https:\/\/gobierno.udd.cl\/doctorate\/#website\",\"url\":\"https:\/\/gobierno.udd.cl\/doctorate\/\",\"name\":\"Doctoral Program in Social Complexity Sciences\",\"description\":\"\",\"inLanguage\":\"en-US\"}]}<\/script>\n<!-- \/ Yoast SEO plugin. -->","yoast_head_json":{"title":"Daniel Torrico - Doctoral Program in Social Complexity Sciences","robots":{"index":"index","follow":"follow","max-snippet":"max-snippet:-1","max-image-preview":"max-image-preview:large","max-video-preview":"max-video-preview:-1"},"canonical":"https:\/\/gobierno.udd.cl\/doctorate\/persona\/daniel-torrico\/","og_locale":"en_US","og_type":"article","og_title":"Daniel Torrico - Doctoral Program in Social Complexity Sciences","og_url":"https:\/\/gobierno.udd.cl\/doctorate\/persona\/daniel-torrico\/","og_site_name":"Doctoral Program in Social Complexity Sciences","og_image":[{"width":2138,"height":2220,"url":"https:\/\/gobierno.udd.cl\/doctorate\/files\/2019\/08\/img_0187.jpg","type":"image\/jpeg"}],"twitter_card":"summary_large_image","schema":{"@context":"https:\/\/schema.org","@graph":[{"@type":"WebPage","@id":"https:\/\/gobierno.udd.cl\/doctorate\/persona\/daniel-torrico\/","url":"https:\/\/gobierno.udd.cl\/doctorate\/persona\/daniel-torrico\/","name":"Daniel Torrico - Doctoral Program in Social Complexity Sciences","isPartOf":{"@id":"https:\/\/gobierno.udd.cl\/doctorate\/#website"},"primaryImageOfPage":{"@id":"https:\/\/gobierno.udd.cl\/doctorate\/persona\/daniel-torrico\/#primaryimage"},"image":{"@id":"https:\/\/gobierno.udd.cl\/doctorate\/persona\/daniel-torrico\/#primaryimage"},"thumbnailUrl":"https:\/\/gobierno.udd.cl\/doctorate\/files\/2019\/08\/img_0187.jpg","datePublished":"2019-08-22T16:18:27+00:00","breadcrumb":{"@id":"https:\/\/gobierno.udd.cl\/doctorate\/persona\/daniel-torrico\/#breadcrumb"},"inLanguage":"en-US","potentialAction":[{"@type":"ReadAction","target":["https:\/\/gobierno.udd.cl\/doctorate\/persona\/daniel-torrico\/"]}]},{"@type":"ImageObject","inLanguage":"en-US","@id":"https:\/\/gobierno.udd.cl\/doctorate\/persona\/daniel-torrico\/#primaryimage","url":"https:\/\/gobierno.udd.cl\/doctorate\/files\/2019\/08\/img_0187.jpg","contentUrl":"https:\/\/gobierno.udd.cl\/doctorate\/files\/2019\/08\/img_0187.jpg","width":2138,"height":2220},{"@type":"BreadcrumbList","@id":"https:\/\/gobierno.udd.cl\/doctorate\/persona\/daniel-torrico\/#breadcrumb","itemListElement":[{"@type":"ListItem","position":1,"name":"Portada","item":"https:\/\/gobierno.udd.cl\/doctorate\/"},{"@type":"ListItem","position":2,"name":"Personas","item":"https:\/\/gobierno.udd.cl\/doctorate\/persona\/"},{"@type":"ListItem","position":3,"name":"Daniel Torrico"}]},{"@type":"WebSite","@id":"https:\/\/gobierno.udd.cl\/doctorate\/#website","url":"https:\/\/gobierno.udd.cl\/doctorate\/","name":"Doctoral Program in Social Complexity Sciences","description":"","inLanguage":"en-US"}]}},"label":"Daniel Torrico","title":{"rendered":"Daniel Torrico"},"role":"GENERACI\u00d3N 2019 - Mag\u00edster en Ciencias Biol\u00f3gicas, Universidad de Chile.","thumbnail_url":"https:\/\/gobierno.udd.cl\/doctorate\/files\/2019\/08\/img_0187-500x500.jpg","email":"","tel_job":"","content":{"rendered":"<div class=\"person-modal person-modal--scl\">\n\t<header class=\"person-modal__header\">\n\t\t<div class=\"person-modal__bg\"><\/div>\n\t\t<div class=\"modal-container\">\n\t\t\t\t\t\t<div class=\"person-modal__media\">\n\t\t\t\t<img width=\"500\" height=\"500\" src=\"https:\/\/gobierno.udd.cl\/doctorate\/files\/2019\/08\/img_0187-62x62.jpg\" class=\"person-modal__image wp-post-image lazyload\" alt=\"\" decoding=\"async\" loading=\"lazy\" sizes=\"auto, (max-width: 500px) 100vw, 500px\" data-src=\"https:\/\/gobierno.udd.cl\/doctorate\/files\/2019\/08\/img_0187-500x500.jpg\" data-srcset=\"https:\/\/gobierno.udd.cl\/doctorate\/files\/2019\/08\/img_0187-500x500.jpg 500w, https:\/\/gobierno.udd.cl\/doctorate\/files\/2019\/08\/img_0187-150x150.jpg 150w, https:\/\/gobierno.udd.cl\/doctorate\/files\/2019\/08\/img_0187-62x62.jpg 62w, https:\/\/gobierno.udd.cl\/doctorate\/files\/2019\/08\/img_0187-750x750.jpg 750w, https:\/\/gobierno.udd.cl\/doctorate\/files\/2019\/08\/img_0187-250x250.jpg 250w, https:\/\/gobierno.udd.cl\/doctorate\/files\/2019\/08\/img_0187-126x126.jpg 126w\" \/>\t\t\t<\/div>\n\t\t\t\t\t\t<div class=\"person-modal__data\">\n\t\t\t\t<h1 class=\"person-modal__name\">Daniel Torrico<\/h1>\n\t\t\t\t\t\t\t<span class=\"person-modal__description\">GENERACI\u00d3N 2019 - Mag\u00edster en Ciencias Biol\u00f3gicas, Universidad de Chile.<\/span>\n\t\t\t\t\t\t\t\t\t\t\t\t\t\t\t<\/div>\n\t\t<\/div>\n\t<\/header>\n\t<div class=\"modal-container\">\n\t\t\t<div class=\"person-modal__content text\">\n\t\t\t\t\t<p>Licenciado en Biolog\u00eda, Universidad de San Sim\u00f3n, Bolivia.<br \/>\nBi\u00f3logo, Universidad de San Sim\u00f3n, Bolivia.<br \/>\nMag\u00edster en Ciencias Biol\u00f3gicas, Universidad de Chile.<\/p>\n\t\t\t\t\t\t\t\t\t\t<p><strong>\u00c1reas de Investigaci\u00f3n:\u00a0<\/strong><\/p>\n<p>Comportamiento Social, Ecolog\u00eda Evolutiva, Biolog\u00eda Evolutiva, Transmisi\u00f3n de Ideas, Comportamiento Colectivo.<\/p>\n<p><strong>Informaci\u00f3n de Contacto:<\/strong><br \/>Mail: dtorricob@udd.cl\u00a0<br \/>Tel\u00e9fono: 56 (2) 2327 9701<br \/>Direcci\u00f3n: Av. Las Condes 12461, Las Condes, Santiago de Chile.<\/p>\n\t\t<\/div>\n\t<\/div>\n<\/div>\n"},"identifier":"5efbc5ab4232f6b0f43ac6886a01237b99da90a3","has_credential":[],"given_name":"Daniel","family_name":"Torrico","name":"Daniel Torrico","job_title":"GENERACI\u00d3N 2019 - Mag\u00edster en Ciencias Biol\u00f3gicas, Universidad de Chile.","telephone":"","note":"Licenciado en Biolog\u00eda, Universidad de San Sim\u00f3n, Bolivia.\nBi\u00f3logo, Universidad de San Sim\u00f3n, Bolivia.\nMag\u00edster en Ciencias Biol\u00f3gicas, Universidad de Chile.","im":"","_self_schedule":null,"_links":{"self":[{"href":"https:\/\/gobierno.udd.cl\/doctorate\/wp-json\/wp\/v2\/people\/2554","targetHints":{"allow":["GET"]}}],"collection":[{"href":"https:\/\/gobierno.udd.cl\/doctorate\/wp-json\/wp\/v2\/people"}],"about":[{"href":"https:\/\/gobierno.udd.cl\/doctorate\/wp-json\/wp\/v2\/types\/person"}],"wp:featuredmedia":[{"embeddable":true,"href":"https:\/\/gobierno.udd.cl\/doctorate\/wp-json\/wp\/v2\/media\/2555"}],"wp:attachment":[{"href":"https:\/\/gobierno.udd.cl\/doctorate\/wp-json\/wp\/v2\/media?parent=2554"}],"wp:term":[{"taxonomy":"people_tax","embeddable":true,"href":"https:\/\/gobierno.udd.cl\/doctorate\/wp-json\/wp\/v2\/people_tax?post=2554"},{"taxonomy":"people_areas","embeddable":true,"href":"https:\/\/gobierno.udd.cl\/doctorate\/wp-json\/wp\/v2\/people_areas?post=2554"},{"taxonomy":"people_levels","embeddable":true,"href":"https:\/\/gobierno.udd.cl\/doctorate\/wp-json\/wp\/v2\/people_levels?post=2554"}],"curies":[{"name":"wp","href":"https:\/\/api.w.org\/{rel}","templated":true}]}}

GENERACIÓN 2019 - Magíster en Ciencias Biológicas, Universidad de Chile.

<div class="person-modal person-modal--scl">
	<header class="person-modal__header">
		<div class="person-modal__bg"></div>
		<div class="modal-container">
						<div class="person-modal__media">
				<img width="500" height="500" src="https://gobierno.udd.cl/doctorate/files/2019/08/img_0187-62x62.jpg" class="person-modal__image wp-post-image lazyload" alt="" decoding="async" loading="lazy" sizes="auto, (max-width: 500px) 100vw, 500px" data-src="https://gobierno.udd.cl/doctorate/files/2019/08/img_0187-500x500.jpg" data-srcset="https://gobierno.udd.cl/doctorate/files/2019/08/img_0187-500x500.jpg 500w, https://gobierno.udd.cl/doctorate/files/2019/08/img_0187-150x150.jpg 150w, https://gobierno.udd.cl/doctorate/files/2019/08/img_0187-62x62.jpg 62w, https://gobierno.udd.cl/doctorate/files/2019/08/img_0187-750x750.jpg 750w, https://gobierno.udd.cl/doctorate/files/2019/08/img_0187-250x250.jpg 250w, https://gobierno.udd.cl/doctorate/files/2019/08/img_0187-126x126.jpg 126w" />			</div>
						<div class="person-modal__data">
				<h1 class="person-modal__name">Daniel Torrico</h1>
							<span class="person-modal__description">GENERACIÓN 2019 - Magíster en Ciencias Biológicas, Universidad de Chile.</span>
															</div>
		</div>
	</header>
	<div class="modal-container">
			<div class="person-modal__content text">
					<p>Licenciado en Biología, Universidad de San Simón, Bolivia.<br />
Biólogo, Universidad de San Simón, Bolivia.<br />
Magíster en Ciencias Biológicas, Universidad de Chile.</p>
										<p><strong>Áreas de Investigación: </strong></p>
<p>Comportamiento Social, Ecología Evolutiva, Biología Evolutiva, Transmisión de Ideas, Comportamiento Colectivo.</p>
<p><strong>Información de Contacto:</strong><br />Mail: dtorricob@udd.cl <br />Teléfono: 56 (2) 2327 9701<br />Dirección: Av. Las Condes 12461, Las Condes, Santiago de Chile.</p>
		</div>
	</div>
</div>

Licenciado en Biología, Universidad de San Simón, Bolivia.
Biólogo, Universidad de San Simón, Bolivia.
Magíster en Ciencias Biológicas, Universidad de Chile.
