{"id":1954,"date":"2018-10-05T20:58:21","date_gmt":"2018-10-05T20:58:21","guid":{"rendered":"http:\/\/dccs.udd.cl\/?post_type=person&amp;p=1954"},"modified":"2018-10-05T20:58:21","modified_gmt":"2018-10-05T20:58:21","slug":"gabriela-paz-fajardo-2","status":"publish","type":"person","link":"https:\/\/gobierno.udd.cl\/doctorate\/persona\/gabriela-paz-fajardo-2\/","featured_media":1953,"template":"","people_tax":[728],"people_areas":[],"people_levels":[],"class_list":["post-1954","person","type-person","status-publish","has-post-thumbnail","hentry","people_tax-students"],"yoast_head":"<!-- This site is optimized with the Yoast SEO plugin v26.9 - https:\/\/yoast.com\/product\/yoast-seo-wordpress\/ -->\n<title>Gabriela Paz Fajardo Rodr\u00edguez - Doctoral Program in Social Complexity Sciences<\/title>\n<meta name=\"robots\" content=\"index, follow, max-snippet:-1, max-image-preview:large, max-video-preview:-1\" \/>\n<link rel=\"canonical\" href=\"https:\/\/gobierno.udd.cl\/doctorate\/persona\/gabriela-paz-fajardo-2\/\" \/>\n<meta property=\"og:locale\" content=\"en_US\" \/>\n<meta property=\"og:type\" content=\"article\" \/>\n<meta property=\"og:title\" content=\"Gabriela Paz Fajardo Rodr\u00edguez - Doctoral Program in Social Complexity Sciences\" \/>\n<meta property=\"og:url\" content=\"https:\/\/gobierno.udd.cl\/doctorate\/persona\/gabriela-paz-fajardo-2\/\" \/>\n<meta property=\"og:site_name\" content=\"Doctoral Program in Social Complexity Sciences\" \/>\n<meta property=\"og:image\" content=\"https:\/\/gobierno.udd.cl\/doctorate\/files\/2018\/10\/gabriela-paz-fajardo_web.jpg\" \/>\n\t<meta property=\"og:image:width\" content=\"354\" \/>\n\t<meta property=\"og:image:height\" content=\"400\" \/>\n\t<meta property=\"og:image:type\" content=\"image\/jpeg\" \/>\n<meta name=\"twitter:card\" content=\"summary_large_image\" \/>\n<script type=\"application\/ld+json\" class=\"yoast-schema-graph\">{\"@context\":\"https:\/\/schema.org\",\"@graph\":[{\"@type\":\"WebPage\",\"@id\":\"https:\/\/gobierno.udd.cl\/doctorate\/persona\/gabriela-paz-fajardo-2\/\",\"url\":\"https:\/\/gobierno.udd.cl\/doctorate\/persona\/gabriela-paz-fajardo-2\/\",\"name\":\"Gabriela Paz Fajardo Rodr\u00edguez - Doctoral Program in Social Complexity Sciences\",\"isPartOf\":{\"@id\":\"https:\/\/gobierno.udd.cl\/doctorate\/#website\"},\"primaryImageOfPage\":{\"@id\":\"https:\/\/gobierno.udd.cl\/doctorate\/persona\/gabriela-paz-fajardo-2\/#primaryimage\"},\"image\":{\"@id\":\"https:\/\/gobierno.udd.cl\/doctorate\/persona\/gabriela-paz-fajardo-2\/#primaryimage\"},\"thumbnailUrl\":\"https:\/\/gobierno.udd.cl\/doctorate\/files\/2018\/10\/gabriela-paz-fajardo_web.jpg\",\"datePublished\":\"2018-10-05T20:58:21+00:00\",\"breadcrumb\":{\"@id\":\"https:\/\/gobierno.udd.cl\/doctorate\/persona\/gabriela-paz-fajardo-2\/#breadcrumb\"},\"inLanguage\":\"en-US\",\"potentialAction\":[{\"@type\":\"ReadAction\",\"target\":[\"https:\/\/gobierno.udd.cl\/doctorate\/persona\/gabriela-paz-fajardo-2\/\"]}]},{\"@type\":\"ImageObject\",\"inLanguage\":\"en-US\",\"@id\":\"https:\/\/gobierno.udd.cl\/doctorate\/persona\/gabriela-paz-fajardo-2\/#primaryimage\",\"url\":\"https:\/\/gobierno.udd.cl\/doctorate\/files\/2018\/10\/gabriela-paz-fajardo_web.jpg\",\"contentUrl\":\"https:\/\/gobierno.udd.cl\/doctorate\/files\/2018\/10\/gabriela-paz-fajardo_web.jpg\",\"width\":354,\"height\":400},{\"@type\":\"BreadcrumbList\",\"@id\":\"https:\/\/gobierno.udd.cl\/doctorate\/persona\/gabriela-paz-fajardo-2\/#breadcrumb\",\"itemListElement\":[{\"@type\":\"ListItem\",\"position\":1,\"name\":\"Portada\",\"item\":\"https:\/\/gobierno.udd.cl\/doctorate\/\"},{\"@type\":\"ListItem\",\"position\":2,\"name\":\"Personas\",\"item\":\"https:\/\/gobierno.udd.cl\/doctorate\/persona\/\"},{\"@type\":\"ListItem\",\"position\":3,\"name\":\"Gabriela Paz Fajardo Rodr\u00edguez\"}]},{\"@type\":\"WebSite\",\"@id\":\"https:\/\/gobierno.udd.cl\/doctorate\/#website\",\"url\":\"https:\/\/gobierno.udd.cl\/doctorate\/\",\"name\":\"Doctoral Program in Social Complexity Sciences\",\"description\":\"\",\"inLanguage\":\"en-US\"}]}<\/script>\n<!-- \/ Yoast SEO plugin. -->","yoast_head_json":{"title":"Gabriela Paz Fajardo Rodr\u00edguez - Doctoral Program in Social Complexity Sciences","robots":{"index":"index","follow":"follow","max-snippet":"max-snippet:-1","max-image-preview":"max-image-preview:large","max-video-preview":"max-video-preview:-1"},"canonical":"https:\/\/gobierno.udd.cl\/doctorate\/persona\/gabriela-paz-fajardo-2\/","og_locale":"en_US","og_type":"article","og_title":"Gabriela Paz Fajardo Rodr\u00edguez - Doctoral Program in Social Complexity Sciences","og_url":"https:\/\/gobierno.udd.cl\/doctorate\/persona\/gabriela-paz-fajardo-2\/","og_site_name":"Doctoral Program in Social Complexity Sciences","og_image":[{"width":354,"height":400,"url":"https:\/\/gobierno.udd.cl\/doctorate\/files\/2018\/10\/gabriela-paz-fajardo_web.jpg","type":"image\/jpeg"}],"twitter_card":"summary_large_image","schema":{"@context":"https:\/\/schema.org","@graph":[{"@type":"WebPage","@id":"https:\/\/gobierno.udd.cl\/doctorate\/persona\/gabriela-paz-fajardo-2\/","url":"https:\/\/gobierno.udd.cl\/doctorate\/persona\/gabriela-paz-fajardo-2\/","name":"Gabriela Paz Fajardo Rodr\u00edguez - Doctoral Program in Social Complexity Sciences","isPartOf":{"@id":"https:\/\/gobierno.udd.cl\/doctorate\/#website"},"primaryImageOfPage":{"@id":"https:\/\/gobierno.udd.cl\/doctorate\/persona\/gabriela-paz-fajardo-2\/#primaryimage"},"image":{"@id":"https:\/\/gobierno.udd.cl\/doctorate\/persona\/gabriela-paz-fajardo-2\/#primaryimage"},"thumbnailUrl":"https:\/\/gobierno.udd.cl\/doctorate\/files\/2018\/10\/gabriela-paz-fajardo_web.jpg","datePublished":"2018-10-05T20:58:21+00:00","breadcrumb":{"@id":"https:\/\/gobierno.udd.cl\/doctorate\/persona\/gabriela-paz-fajardo-2\/#breadcrumb"},"inLanguage":"en-US","potentialAction":[{"@type":"ReadAction","target":["https:\/\/gobierno.udd.cl\/doctorate\/persona\/gabriela-paz-fajardo-2\/"]}]},{"@type":"ImageObject","inLanguage":"en-US","@id":"https:\/\/gobierno.udd.cl\/doctorate\/persona\/gabriela-paz-fajardo-2\/#primaryimage","url":"https:\/\/gobierno.udd.cl\/doctorate\/files\/2018\/10\/gabriela-paz-fajardo_web.jpg","contentUrl":"https:\/\/gobierno.udd.cl\/doctorate\/files\/2018\/10\/gabriela-paz-fajardo_web.jpg","width":354,"height":400},{"@type":"BreadcrumbList","@id":"https:\/\/gobierno.udd.cl\/doctorate\/persona\/gabriela-paz-fajardo-2\/#breadcrumb","itemListElement":[{"@type":"ListItem","position":1,"name":"Portada","item":"https:\/\/gobierno.udd.cl\/doctorate\/"},{"@type":"ListItem","position":2,"name":"Personas","item":"https:\/\/gobierno.udd.cl\/doctorate\/persona\/"},{"@type":"ListItem","position":3,"name":"Gabriela Paz Fajardo Rodr\u00edguez"}]},{"@type":"WebSite","@id":"https:\/\/gobierno.udd.cl\/doctorate\/#website","url":"https:\/\/gobierno.udd.cl\/doctorate\/","name":"Doctoral Program in Social Complexity Sciences","description":"","inLanguage":"en-US"}]}},"label":"Gabriela Paz Fajardo Rodr\u00edguez","title":{"rendered":"Gabriela Paz Fajardo Rodr\u00edguez"},"role":"CLASS OF 2018 - Sociologist, Pontificia Universidad Cat\u00f3lica de Chile","thumbnail_url":"https:\/\/gobierno.udd.cl\/doctorate\/files\/2018\/10\/gabriela-paz-fajardo_web.jpg","email":"","tel_job":"","content":{"rendered":"<div class=\"person-modal person-modal--scl\">\n\t<header class=\"person-modal__header\">\n\t\t<div class=\"person-modal__bg\"><\/div>\n\t\t<div class=\"modal-container\">\n\t\t\t\t\t\t<div class=\"person-modal__media\">\n\t\t\t\t<img width=\"354\" height=\"400\" src=\"https:\/\/gobierno.udd.cl\/doctorate\/files\/2018\/10\/gabriela-paz-fajardo_web-62x62.jpg\" class=\"person-modal__image wp-post-image lazyload\" alt=\"\" decoding=\"async\" loading=\"lazy\" sizes=\"auto, (max-width: 354px) 100vw, 354px\" data-src=\"https:\/\/gobierno.udd.cl\/doctorate\/files\/2018\/10\/gabriela-paz-fajardo_web.jpg\" data-srcset=\"https:\/\/gobierno.udd.cl\/doctorate\/files\/2018\/10\/gabriela-paz-fajardo_web.jpg 354w, https:\/\/gobierno.udd.cl\/doctorate\/files\/2018\/10\/gabriela-paz-fajardo_web-266x300.jpg 266w\" \/>\t\t\t<\/div>\n\t\t\t\t\t\t<div class=\"person-modal__data\">\n\t\t\t\t<h1 class=\"person-modal__name\">Gabriela Paz Fajardo Rodr\u00edguez<\/h1>\n\t\t\t\t\t\t\t<span class=\"person-modal__description\">CLASS OF 2018 - Sociologist, Pontificia Universidad Cat\u00f3lica de Chile<\/span>\n\t\t\t\t\t\t\t\t\t\t\t\t\t\t\t<\/div>\n\t\t<\/div>\n\t<\/header>\n\t<div class=\"modal-container\">\n\t\t\t<div class=\"person-modal__content text\">\n\t\t\t\t\t<p>Sociologist, Pontificia Universidad Cat\u00f3lica de Chile<\/p>\n\t\t\t\t\t\t\t\t\t\t<p><strong>Research interests<\/strong><strong>:<\/strong><br \/>\nEducation, Public Policy, Early Childhood.<\/p>\n<p><strong>Contact:<\/strong><br \/>\nMail: gfajardor@udd.cl<br \/>\nPhone: 56 (2) 2327 9701<br \/>\nAddress: Av. Las Condes 12461, Las Condes, Santiago de Chile.<\/p>\n<h3><span>PRODUCTS<\/span><\/h3>\n<table border=\"1\" width=\"531\" cellspacing=\"1\" cellpadding=\"1\">\n<tbody>\n<tr>\n<td>\n<h2>PAPERS<\/h2>\n<table border=\"1\" cellspacing=\"1\" cellpadding=\"1\">\n<tbody>\n<tr>\n<td>\n<ul>\n<li>Mart\u00ednez, M., Godoy, F., Trevi\u00f1o, E., Varas, L. &amp; Fajardo, G. (2017). \u00bfQu\u00e9 nos revelan los instrumentos de observaci\u00f3n de aula sobre clases de matem\u00e1tica en escuelas con trayectoria de mejoramiento? Revista Educa\u00e7\u00e3o e Pesquisa. Sao Paulo, Brasil.<\/li>\n<\/ul>\n<\/td>\n<td bgcolor=\"#551A8B\"><\/td>\n<\/tr>\n<\/tbody>\n<\/table>\n<\/td>\n<\/tr>\n<tr>\n<td>\n<h2>PROJECTS<\/h2>\n<table border=\"1\" cellspacing=\"1\" cellpadding=\"1\">\n<tbody>\n<tr>\n<td>\n<ul>\n<li>Proyecto FAI Universidad de Los Andes. \u201cBienestar y Desarrollo en Primera Infancia en Chile\u201d. 2017.<\/li>\n<li>Proyecto Centro de Liderazgo Educativo Universidad Diego Portales. &#8220;\u00bfC\u00f3mo se organizan y funcionan los equipos directivos para apoyar la labor docente? Un estudio en escuelas b\u00e1sicas de las regiones del Maule y de la Araucan\u00eda&#8221;. 2016.<\/li>\n<li>Proyecto Centro de Liderazgo Educativo Universidad Diego Portales. &#8220;\u00bfC\u00f3mo se organizan y funcionan los equipos directivos para apoyar la labor docente? Un estudio en escuelas b\u00e1sicas de las regiones del Maule y de la Araucan\u00eda&#8221;. 2016.<\/li>\n<li>Proyecto Anillo SOC1104 \u201cMejoramiento de la Efectividad Escolar en Chile\u201d. 2015.<\/li>\n<li>Proyecto FONIDE N\u00ba F711218 \u201cCaracterizaci\u00f3n del proceso de contrataci\u00f3n de docentes de Chile: Oportunidades para profesores reci\u00e9n egresados\u201d. 2013-2014<\/li>\n<\/ul>\n<\/td>\n<td bgcolor=\"#551A8B\"><\/td>\n<\/tr>\n<\/tbody>\n<\/table>\n<\/td>\n<\/tr>\n<\/tbody>\n<\/table>\n<div><\/div>\n\t\t<\/div>\n\t<\/div>\n<\/div>\n"},"identifier":"5f474c83146a26969454f663bb87641b40089e9a","has_credential":["false"],"given_name":"Gabriela Paz","family_name":"Fajardo Rodr\u00edguez","name":"Gabriela Paz Fajardo Rodr\u00edguez","job_title":"CLASS OF 2018 - Sociologist, Pontificia Universidad Cat\u00f3lica de Chile","telephone":"","note":"Sociologist, Pontificia Universidad Cat\u00f3lica de Chile","im":"","_self_schedule":null,"_links":{"self":[{"href":"https:\/\/gobierno.udd.cl\/doctorate\/wp-json\/wp\/v2\/people\/1954","targetHints":{"allow":["GET"]}}],"collection":[{"href":"https:\/\/gobierno.udd.cl\/doctorate\/wp-json\/wp\/v2\/people"}],"about":[{"href":"https:\/\/gobierno.udd.cl\/doctorate\/wp-json\/wp\/v2\/types\/person"}],"wp:featuredmedia":[{"embeddable":true,"href":"https:\/\/gobierno.udd.cl\/doctorate\/wp-json\/wp\/v2\/media\/1953"}],"wp:attachment":[{"href":"https:\/\/gobierno.udd.cl\/doctorate\/wp-json\/wp\/v2\/media?parent=1954"}],"wp:term":[{"taxonomy":"people_tax","embeddable":true,"href":"https:\/\/gobierno.udd.cl\/doctorate\/wp-json\/wp\/v2\/people_tax?post=1954"},{"taxonomy":"people_areas","embeddable":true,"href":"https:\/\/gobierno.udd.cl\/doctorate\/wp-json\/wp\/v2\/people_areas?post=1954"},{"taxonomy":"people_levels","embeddable":true,"href":"https:\/\/gobierno.udd.cl\/doctorate\/wp-json\/wp\/v2\/people_levels?post=1954"}],"curies":[{"name":"wp","href":"https:\/\/api.w.org\/{rel}","templated":true}]}}

<!-- This site is optimized with the Yoast SEO plugin v26.9 - https://yoast.com/product/yoast-seo-wordpress/ -->
<title>Gabriela Paz Fajardo Rodríguez - Doctoral Program in Social Complexity Sciences</title>
<meta name="robots" content="index, follow, max-snippet:-1, max-image-preview:large, max-video-preview:-1" />
<link rel="canonical" href="https://gobierno.udd.cl/doctorate/persona/gabriela-paz-fajardo-2/" />
<meta property="og:locale" content="en_US" />
<meta property="og:type" content="article" />
<meta property="og:title" content="Gabriela Paz Fajardo Rodríguez - Doctoral Program in Social Complexity Sciences" />
<meta property="og:url" content="https://gobierno.udd.cl/doctorate/persona/gabriela-paz-fajardo-2/" />
<meta property="og:site_name" content="Doctoral Program in Social Complexity Sciences" />
<meta property="og:image" content="https://gobierno.udd.cl/doctorate/files/2018/10/gabriela-paz-fajardo_web.jpg" />
	<meta property="og:image:width" content="354" />
	<meta property="og:image:height" content="400" />
	<meta property="og:image:type" content="image/jpeg" />
<meta name="twitter:card" content="summary_large_image" />
<script type="application/ld+json" class="yoast-schema-graph">{"@context":"https://schema.org","@graph":[{"@type":"WebPage","@id":"https://gobierno.udd.cl/doctorate/persona/gabriela-paz-fajardo-2/","url":"https://gobierno.udd.cl/doctorate/persona/gabriela-paz-fajardo-2/","name":"Gabriela Paz Fajardo Rodríguez - Doctoral Program in Social Complexity Sciences","isPartOf":{"@id":"https://gobierno.udd.cl/doctorate/#website"},"primaryImageOfPage":{"@id":"https://gobierno.udd.cl/doctorate/persona/gabriela-paz-fajardo-2/#primaryimage"},"image":{"@id":"https://gobierno.udd.cl/doctorate/persona/gabriela-paz-fajardo-2/#primaryimage"},"thumbnailUrl":"https://gobierno.udd.cl/doctorate/files/2018/10/gabriela-paz-fajardo_web.jpg","datePublished":"2018-10-05T20:58:21+00:00","breadcrumb":{"@id":"https://gobierno.udd.cl/doctorate/persona/gabriela-paz-fajardo-2/#breadcrumb"},"inLanguage":"en-US","potentialAction":[{"@type":"ReadAction","target":["https://gobierno.udd.cl/doctorate/persona/gabriela-paz-fajardo-2/"]}]},{"@type":"ImageObject","inLanguage":"en-US","@id":"https://gobierno.udd.cl/doctorate/persona/gabriela-paz-fajardo-2/#primaryimage","url":"https://gobierno.udd.cl/doctorate/files/2018/10/gabriela-paz-fajardo_web.jpg","contentUrl":"https://gobierno.udd.cl/doctorate/files/2018/10/gabriela-paz-fajardo_web.jpg","width":354,"height":400},{"@type":"BreadcrumbList","@id":"https://gobierno.udd.cl/doctorate/persona/gabriela-paz-fajardo-2/#breadcrumb","itemListElement":[{"@type":"ListItem","position":1,"name":"Portada","item":"https://gobierno.udd.cl/doctorate/"},{"@type":"ListItem","position":2,"name":"Personas","item":"https://gobierno.udd.cl/doctorate/persona/"},{"@type":"ListItem","position":3,"name":"Gabriela Paz Fajardo Rodríguez"}]},{"@type":"WebSite","@id":"https://gobierno.udd.cl/doctorate/#website","url":"https://gobierno.udd.cl/doctorate/","name":"Doctoral Program in Social Complexity Sciences","description":"","inLanguage":"en-US"}]}</script>
<!-- / Yoast SEO plugin. -->

Gabriela Paz Fajardo Rodríguez - Doctoral Program in Social Complexity Sciences

Gabriela Paz Fajardo Rodríguez

CLASS OF 2018 - Sociologist, Pontificia Universidad Católica de Chile

<div class="person-modal person-modal--scl">
	<header class="person-modal__header">
		<div class="person-modal__bg"></div>
		<div class="modal-container">
						<div class="person-modal__media">
				<img width="354" height="400" src="https://gobierno.udd.cl/doctorate/files/2018/10/gabriela-paz-fajardo_web-62x62.jpg" class="person-modal__image wp-post-image lazyload" alt="" decoding="async" loading="lazy" sizes="auto, (max-width: 354px) 100vw, 354px" data-src="https://gobierno.udd.cl/doctorate/files/2018/10/gabriela-paz-fajardo_web.jpg" data-srcset="https://gobierno.udd.cl/doctorate/files/2018/10/gabriela-paz-fajardo_web.jpg 354w, https://gobierno.udd.cl/doctorate/files/2018/10/gabriela-paz-fajardo_web-266x300.jpg 266w" />			</div>
						<div class="person-modal__data">
				<h1 class="person-modal__name">Gabriela Paz Fajardo Rodríguez</h1>
							<span class="person-modal__description">CLASS OF 2018 - Sociologist, Pontificia Universidad Católica de Chile</span>
															</div>
		</div>
	</header>
	<div class="modal-container">
			<div class="person-modal__content text">
					<p>Sociologist, Pontificia Universidad Católica de Chile</p>
										<p><strong>Research interests</strong><strong>:</strong><br />
Education, Public Policy, Early Childhood.</p>
<p><strong>Contact:</strong><br />
Mail: gfajardor@udd.cl<br />
Phone: 56 (2) 2327 9701<br />
Address: Av. Las Condes 12461, Las Condes, Santiago de Chile.</p>
<h3><span>PRODUCTS</span></h3>
<table border="1" width="531" cellspacing="1" cellpadding="1">
<tbody>
<tr>
<td>
<h2>PAPERS</h2>
<table border="1" cellspacing="1" cellpadding="1">
<tbody>
<tr>
<td>
<ul>
<li>Martínez, M., Godoy, F., Treviño, E., Varas, L. &amp; Fajardo, G. (2017). ¿Qué nos revelan los instrumentos de observación de aula sobre clases de matemática en escuelas con trayectoria de mejoramiento? Revista Educação e Pesquisa. Sao Paulo, Brasil.</li>
</ul>
</td>
<td bgcolor="#551A8B"></td>
</tr>
</tbody>
</table>
</td>
</tr>
<tr>
<td>
<h2>PROJECTS</h2>
<table border="1" cellspacing="1" cellpadding="1">
<tbody>
<tr>
<td>
<ul>
<li>Proyecto FAI Universidad de Los Andes. “Bienestar y Desarrollo en Primera Infancia en Chile”. 2017.</li>
<li>Proyecto Centro de Liderazgo Educativo Universidad Diego Portales. &#8220;¿Cómo se organizan y funcionan los equipos directivos para apoyar la labor docente? Un estudio en escuelas básicas de las regiones del Maule y de la Araucanía&#8221;. 2016.</li>
<li>Proyecto Centro de Liderazgo Educativo Universidad Diego Portales. &#8220;¿Cómo se organizan y funcionan los equipos directivos para apoyar la labor docente? Un estudio en escuelas básicas de las regiones del Maule y de la Araucanía&#8221;. 2016.</li>
<li>Proyecto Anillo SOC1104 “Mejoramiento de la Efectividad Escolar en Chile”. 2015.</li>
<li>Proyecto FONIDE Nº F711218 “Caracterización del proceso de contratación de docentes de Chile: Oportunidades para profesores recién egresados”. 2013-2014</li>
</ul>
</td>
<td bgcolor="#551A8B"></td>
</tr>
</tbody>
</table>
</td>
</tr>
</tbody>
</table>
<div></div>
		</div>
	</div>
</div>

Fajardo Rodríguez

Sociologist, Pontificia Universidad Católica de Chile
