{"id":1952,"date":"2018-10-05T20:55:37","date_gmt":"2018-10-05T20:55:37","guid":{"rendered":"http:\/\/dccs.udd.cl\/?post_type=person&amp;p=1952"},"modified":"2018-10-05T20:55:37","modified_gmt":"2018-10-05T20:55:37","slug":"victor-julio-marquez-2","status":"publish","type":"person","link":"https:\/\/gobierno.udd.cl\/doctorate\/persona\/victor-julio-marquez-2\/","featured_media":1951,"template":"","people_tax":[728],"people_areas":[],"people_levels":[],"class_list":["post-1952","person","type-person","status-publish","has-post-thumbnail","hentry","people_tax-students"],"yoast_head":"<!-- This site is optimized with the Yoast SEO plugin v26.9 - https:\/\/yoast.com\/product\/yoast-seo-wordpress\/ -->\n<title>V\u00edctor M\u00e1rquez Rodr\u00edguez - Doctoral Program in Social Complexity Sciences<\/title>\n<meta name=\"robots\" content=\"index, follow, max-snippet:-1, max-image-preview:large, max-video-preview:-1\" \/>\n<link rel=\"canonical\" href=\"https:\/\/gobierno.udd.cl\/doctorate\/persona\/victor-julio-marquez-2\/\" \/>\n<meta property=\"og:locale\" content=\"en_US\" \/>\n<meta property=\"og:type\" content=\"article\" \/>\n<meta property=\"og:title\" content=\"V\u00edctor M\u00e1rquez Rodr\u00edguez - Doctoral Program in Social Complexity Sciences\" \/>\n<meta property=\"og:url\" content=\"https:\/\/gobierno.udd.cl\/doctorate\/persona\/victor-julio-marquez-2\/\" \/>\n<meta property=\"og:site_name\" content=\"Doctoral Program in Social Complexity Sciences\" \/>\n<meta property=\"og:image\" content=\"https:\/\/gobierno.udd.cl\/doctorate\/files\/2018\/10\/victor-julio-marquez_web.jpg\" \/>\n\t<meta property=\"og:image:width\" content=\"427\" \/>\n\t<meta property=\"og:image:height\" content=\"400\" \/>\n\t<meta property=\"og:image:type\" content=\"image\/jpeg\" \/>\n<meta name=\"twitter:card\" content=\"summary_large_image\" \/>\n<script type=\"application\/ld+json\" class=\"yoast-schema-graph\">{\"@context\":\"https:\/\/schema.org\",\"@graph\":[{\"@type\":\"WebPage\",\"@id\":\"https:\/\/gobierno.udd.cl\/doctorate\/persona\/victor-julio-marquez-2\/\",\"url\":\"https:\/\/gobierno.udd.cl\/doctorate\/persona\/victor-julio-marquez-2\/\",\"name\":\"V\u00edctor M\u00e1rquez Rodr\u00edguez - Doctoral Program in Social Complexity Sciences\",\"isPartOf\":{\"@id\":\"https:\/\/gobierno.udd.cl\/doctorate\/#website\"},\"primaryImageOfPage\":{\"@id\":\"https:\/\/gobierno.udd.cl\/doctorate\/persona\/victor-julio-marquez-2\/#primaryimage\"},\"image\":{\"@id\":\"https:\/\/gobierno.udd.cl\/doctorate\/persona\/victor-julio-marquez-2\/#primaryimage\"},\"thumbnailUrl\":\"https:\/\/gobierno.udd.cl\/doctorate\/files\/2018\/10\/victor-julio-marquez_web.jpg\",\"datePublished\":\"2018-10-05T20:55:37+00:00\",\"breadcrumb\":{\"@id\":\"https:\/\/gobierno.udd.cl\/doctorate\/persona\/victor-julio-marquez-2\/#breadcrumb\"},\"inLanguage\":\"en-US\",\"potentialAction\":[{\"@type\":\"ReadAction\",\"target\":[\"https:\/\/gobierno.udd.cl\/doctorate\/persona\/victor-julio-marquez-2\/\"]}]},{\"@type\":\"ImageObject\",\"inLanguage\":\"en-US\",\"@id\":\"https:\/\/gobierno.udd.cl\/doctorate\/persona\/victor-julio-marquez-2\/#primaryimage\",\"url\":\"https:\/\/gobierno.udd.cl\/doctorate\/files\/2018\/10\/victor-julio-marquez_web.jpg\",\"contentUrl\":\"https:\/\/gobierno.udd.cl\/doctorate\/files\/2018\/10\/victor-julio-marquez_web.jpg\",\"width\":427,\"height\":400},{\"@type\":\"BreadcrumbList\",\"@id\":\"https:\/\/gobierno.udd.cl\/doctorate\/persona\/victor-julio-marquez-2\/#breadcrumb\",\"itemListElement\":[{\"@type\":\"ListItem\",\"position\":1,\"name\":\"Portada\",\"item\":\"https:\/\/gobierno.udd.cl\/doctorate\/\"},{\"@type\":\"ListItem\",\"position\":2,\"name\":\"Personas\",\"item\":\"https:\/\/gobierno.udd.cl\/doctorate\/persona\/\"},{\"@type\":\"ListItem\",\"position\":3,\"name\":\"V\u00edctor M\u00e1rquez Rodr\u00edguez\"}]},{\"@type\":\"WebSite\",\"@id\":\"https:\/\/gobierno.udd.cl\/doctorate\/#website\",\"url\":\"https:\/\/gobierno.udd.cl\/doctorate\/\",\"name\":\"Doctoral Program in Social Complexity Sciences\",\"description\":\"\",\"inLanguage\":\"en-US\"}]}<\/script>\n<!-- \/ Yoast SEO plugin. -->","yoast_head_json":{"title":"V\u00edctor M\u00e1rquez Rodr\u00edguez - Doctoral Program in Social Complexity Sciences","robots":{"index":"index","follow":"follow","max-snippet":"max-snippet:-1","max-image-preview":"max-image-preview:large","max-video-preview":"max-video-preview:-1"},"canonical":"https:\/\/gobierno.udd.cl\/doctorate\/persona\/victor-julio-marquez-2\/","og_locale":"en_US","og_type":"article","og_title":"V\u00edctor M\u00e1rquez Rodr\u00edguez - Doctoral Program in Social Complexity Sciences","og_url":"https:\/\/gobierno.udd.cl\/doctorate\/persona\/victor-julio-marquez-2\/","og_site_name":"Doctoral Program in Social Complexity Sciences","og_image":[{"width":427,"height":400,"url":"https:\/\/gobierno.udd.cl\/doctorate\/files\/2018\/10\/victor-julio-marquez_web.jpg","type":"image\/jpeg"}],"twitter_card":"summary_large_image","schema":{"@context":"https:\/\/schema.org","@graph":[{"@type":"WebPage","@id":"https:\/\/gobierno.udd.cl\/doctorate\/persona\/victor-julio-marquez-2\/","url":"https:\/\/gobierno.udd.cl\/doctorate\/persona\/victor-julio-marquez-2\/","name":"V\u00edctor M\u00e1rquez Rodr\u00edguez - Doctoral Program in Social Complexity Sciences","isPartOf":{"@id":"https:\/\/gobierno.udd.cl\/doctorate\/#website"},"primaryImageOfPage":{"@id":"https:\/\/gobierno.udd.cl\/doctorate\/persona\/victor-julio-marquez-2\/#primaryimage"},"image":{"@id":"https:\/\/gobierno.udd.cl\/doctorate\/persona\/victor-julio-marquez-2\/#primaryimage"},"thumbnailUrl":"https:\/\/gobierno.udd.cl\/doctorate\/files\/2018\/10\/victor-julio-marquez_web.jpg","datePublished":"2018-10-05T20:55:37+00:00","breadcrumb":{"@id":"https:\/\/gobierno.udd.cl\/doctorate\/persona\/victor-julio-marquez-2\/#breadcrumb"},"inLanguage":"en-US","potentialAction":[{"@type":"ReadAction","target":["https:\/\/gobierno.udd.cl\/doctorate\/persona\/victor-julio-marquez-2\/"]}]},{"@type":"ImageObject","inLanguage":"en-US","@id":"https:\/\/gobierno.udd.cl\/doctorate\/persona\/victor-julio-marquez-2\/#primaryimage","url":"https:\/\/gobierno.udd.cl\/doctorate\/files\/2018\/10\/victor-julio-marquez_web.jpg","contentUrl":"https:\/\/gobierno.udd.cl\/doctorate\/files\/2018\/10\/victor-julio-marquez_web.jpg","width":427,"height":400},{"@type":"BreadcrumbList","@id":"https:\/\/gobierno.udd.cl\/doctorate\/persona\/victor-julio-marquez-2\/#breadcrumb","itemListElement":[{"@type":"ListItem","position":1,"name":"Portada","item":"https:\/\/gobierno.udd.cl\/doctorate\/"},{"@type":"ListItem","position":2,"name":"Personas","item":"https:\/\/gobierno.udd.cl\/doctorate\/persona\/"},{"@type":"ListItem","position":3,"name":"V\u00edctor M\u00e1rquez Rodr\u00edguez"}]},{"@type":"WebSite","@id":"https:\/\/gobierno.udd.cl\/doctorate\/#website","url":"https:\/\/gobierno.udd.cl\/doctorate\/","name":"Doctoral Program in Social Complexity Sciences","description":"","inLanguage":"en-US"}]}},"label":"V\u00edctor  M\u00e1rquez Rodr\u00edguez","title":{"rendered":"V\u00edctor  M\u00e1rquez Rodr\u00edguez"},"role":"CLASS OF 2018 - Bachelor Degree in Physics -  Magister Scientiae in  Fundamental Physics ","thumbnail_url":"https:\/\/gobierno.udd.cl\/doctorate\/files\/2018\/10\/victor-julio-marquez_web.jpg","email":"","tel_job":"","content":{"rendered":"<div class=\"person-modal person-modal--scl\">\n\t<header class=\"person-modal__header\">\n\t\t<div class=\"person-modal__bg\"><\/div>\n\t\t<div class=\"modal-container\">\n\t\t\t\t\t\t<div class=\"person-modal__media\">\n\t\t\t\t<img width=\"427\" height=\"400\" src=\"https:\/\/gobierno.udd.cl\/doctorate\/files\/2018\/10\/victor-julio-marquez_web-62x62.jpg\" class=\"person-modal__image wp-post-image lazyload\" alt=\"\" decoding=\"async\" loading=\"lazy\" sizes=\"auto, (max-width: 427px) 100vw, 427px\" data-src=\"https:\/\/gobierno.udd.cl\/doctorate\/files\/2018\/10\/victor-julio-marquez_web.jpg\" data-srcset=\"https:\/\/gobierno.udd.cl\/doctorate\/files\/2018\/10\/victor-julio-marquez_web.jpg 427w, https:\/\/gobierno.udd.cl\/doctorate\/files\/2018\/10\/victor-julio-marquez_web-300x281.jpg 300w\" \/>\t\t\t<\/div>\n\t\t\t\t\t\t<div class=\"person-modal__data\">\n\t\t\t\t<h1 class=\"person-modal__name\">V\u00edctor  M\u00e1rquez Rodr\u00edguez<\/h1>\n\t\t\t\t\t\t\t<span class=\"person-modal__description\">CLASS OF 2018 - Bachelor Degree in Physics -  Magister Scientiae in  Fundamental Physics <\/span>\n\t\t\t\t\t\t\t\t\t\t\t\t\t\t\t<\/div>\n\t\t<\/div>\n\t<\/header>\n\t<div class=\"modal-container\">\n\t\t\t<div class=\"person-modal__content text\">\n\t\t\t\t\t<p>Bachelor Degree in Physics -  Magister Scientiae in  Fundamental Physics, Universidad de los Andes, Venezuela <\/p>\n\t\t\t\t\t\t\t\t\t\t<p><strong>Research interests<\/strong><strong>:\u00a0<\/strong><\/p>\n<p>Complex Systems, Neuroscience, Complex Networks<\/p>\n<p><strong>Contact:<\/strong><br \/>\nMail: jmarquezr@udd.cl<br \/>\nPhone: 56 (2) 2327 9701<br \/>\nAddress: Av. Las Condes 12461, Las Condes, Santiago de Chile.<\/p>\n<h3><span>PRODUCTS<\/span><\/h3>\n<table border=\"1\" width=\"531\" cellspacing=\"1\" cellpadding=\"1\">\n<tbody>\n<tr>\n<td>\n<h2>PAPERS<\/h2>\n<table border=\"1\" cellspacing=\"1\" cellpadding=\"1\">\n<tbody>\n<tr>\n<td>\n<ul>\n<li>V. J. M\u00e1rquez, &#8220;Efecto de la densidad de veh\u00edculos de transporte p\u00fablico en la fluidez del tr\u00e1fico: un mdelo aut\u00f3mata celular&#8221;, Revista Cient\u00edfica de la UNET, Volumen 21 (1). 2009. 120-124.<\/li>\n<li>V.J. M\u00e1rquez, M.G. Cosenza, K. Tucci, &#8220;Estructura jer\u00e1rquica inducida por est\u00edmulo externo en redes din\u00e1micas coevolutivas&#8221;, Revista de Ciencia e Ingenier\u00eda ULA, Edici\u00f3n Especial (Jornadas de Modelado y Simulaci\u00f3n). Noviembre 2011.\u00a0 101-106.<\/li>\n<\/ul>\n<\/td>\n<td bgcolor=\"#551A8B\"><\/td>\n<\/tr>\n<\/tbody>\n<\/table>\n<\/td>\n<\/tr>\n<tr>\n<td>\n<h2>PROJECTS<\/h2>\n<table border=\"1\" cellspacing=\"1\" cellpadding=\"1\">\n<tbody>\n<tr>\n<td>\n<ul>\n<li>Partner at the &#8220;Sistemas din\u00e1micos con interacciones globales&#8221; project, identify with the code C-1827-13-05-B by the Consejo de Desarrollo Cient\u00edfico, Human\u00edstico y Tecnol\u00f3gico of the Universidad de Los Andes. M\u00e9rida, Venezuela (2013).<\/li>\n<li>Partner at the &#8220;Investigaci\u00f3n de estados quim\u00e9ricos en poblaciones interactivas de osciladores ca\u00f3ticos&#8221; project, identify with the code\u00a0C-1906-14-05-B by the Consejo de Desarrollo Cient\u00edfico, Human\u00edstico y Tecnol\u00f3gico of the Universidad de Los Andes. M\u00e9rida, Venezuela (2014).<\/li>\n<\/ul>\n<\/td>\n<td bgcolor=\"#551A8B\"><\/td>\n<\/tr>\n<\/tbody>\n<\/table>\n<\/td>\n<\/tr>\n<\/tbody>\n<\/table>\n<p>&nbsp;<\/p>\n<p>&nbsp;<\/p>\n\t\t<\/div>\n\t<\/div>\n<\/div>\n"},"identifier":"788b9d99e958c1a05d25b926618154b7f7521a9a","has_credential":["false"],"given_name":"V\u00edctor ","family_name":"M\u00e1rquez Rodr\u00edguez","name":"V\u00edctor  M\u00e1rquez Rodr\u00edguez","job_title":"CLASS OF 2018 - Bachelor Degree in Physics -  Magister Scientiae in  Fundamental Physics ","telephone":"","note":"Bachelor Degree in Physics -  Magister Scientiae in  Fundamental Physics, Universidad de los Andes, Venezuela ","im":"","_self_schedule":null,"_links":{"self":[{"href":"https:\/\/gobierno.udd.cl\/doctorate\/wp-json\/wp\/v2\/people\/1952","targetHints":{"allow":["GET"]}}],"collection":[{"href":"https:\/\/gobierno.udd.cl\/doctorate\/wp-json\/wp\/v2\/people"}],"about":[{"href":"https:\/\/gobierno.udd.cl\/doctorate\/wp-json\/wp\/v2\/types\/person"}],"wp:featuredmedia":[{"embeddable":true,"href":"https:\/\/gobierno.udd.cl\/doctorate\/wp-json\/wp\/v2\/media\/1951"}],"wp:attachment":[{"href":"https:\/\/gobierno.udd.cl\/doctorate\/wp-json\/wp\/v2\/media?parent=1952"}],"wp:term":[{"taxonomy":"people_tax","embeddable":true,"href":"https:\/\/gobierno.udd.cl\/doctorate\/wp-json\/wp\/v2\/people_tax?post=1952"},{"taxonomy":"people_areas","embeddable":true,"href":"https:\/\/gobierno.udd.cl\/doctorate\/wp-json\/wp\/v2\/people_areas?post=1952"},{"taxonomy":"people_levels","embeddable":true,"href":"https:\/\/gobierno.udd.cl\/doctorate\/wp-json\/wp\/v2\/people_levels?post=1952"}],"curies":[{"name":"wp","href":"https:\/\/api.w.org\/{rel}","templated":true}]}}

<!-- This site is optimized with the Yoast SEO plugin v26.9 - https://yoast.com/product/yoast-seo-wordpress/ -->
<title>Víctor Márquez Rodríguez - Doctoral Program in Social Complexity Sciences</title>
<meta name="robots" content="index, follow, max-snippet:-1, max-image-preview:large, max-video-preview:-1" />
<link rel="canonical" href="https://gobierno.udd.cl/doctorate/persona/victor-julio-marquez-2/" />
<meta property="og:locale" content="en_US" />
<meta property="og:type" content="article" />
<meta property="og:title" content="Víctor Márquez Rodríguez - Doctoral Program in Social Complexity Sciences" />
<meta property="og:url" content="https://gobierno.udd.cl/doctorate/persona/victor-julio-marquez-2/" />
<meta property="og:site_name" content="Doctoral Program in Social Complexity Sciences" />
<meta property="og:image" content="https://gobierno.udd.cl/doctorate/files/2018/10/victor-julio-marquez_web.jpg" />
	<meta property="og:image:width" content="427" />
	<meta property="og:image:height" content="400" />
	<meta property="og:image:type" content="image/jpeg" />
<meta name="twitter:card" content="summary_large_image" />
<script type="application/ld+json" class="yoast-schema-graph">{"@context":"https://schema.org","@graph":[{"@type":"WebPage","@id":"https://gobierno.udd.cl/doctorate/persona/victor-julio-marquez-2/","url":"https://gobierno.udd.cl/doctorate/persona/victor-julio-marquez-2/","name":"Víctor Márquez Rodríguez - Doctoral Program in Social Complexity Sciences","isPartOf":{"@id":"https://gobierno.udd.cl/doctorate/#website"},"primaryImageOfPage":{"@id":"https://gobierno.udd.cl/doctorate/persona/victor-julio-marquez-2/#primaryimage"},"image":{"@id":"https://gobierno.udd.cl/doctorate/persona/victor-julio-marquez-2/#primaryimage"},"thumbnailUrl":"https://gobierno.udd.cl/doctorate/files/2018/10/victor-julio-marquez_web.jpg","datePublished":"2018-10-05T20:55:37+00:00","breadcrumb":{"@id":"https://gobierno.udd.cl/doctorate/persona/victor-julio-marquez-2/#breadcrumb"},"inLanguage":"en-US","potentialAction":[{"@type":"ReadAction","target":["https://gobierno.udd.cl/doctorate/persona/victor-julio-marquez-2/"]}]},{"@type":"ImageObject","inLanguage":"en-US","@id":"https://gobierno.udd.cl/doctorate/persona/victor-julio-marquez-2/#primaryimage","url":"https://gobierno.udd.cl/doctorate/files/2018/10/victor-julio-marquez_web.jpg","contentUrl":"https://gobierno.udd.cl/doctorate/files/2018/10/victor-julio-marquez_web.jpg","width":427,"height":400},{"@type":"BreadcrumbList","@id":"https://gobierno.udd.cl/doctorate/persona/victor-julio-marquez-2/#breadcrumb","itemListElement":[{"@type":"ListItem","position":1,"name":"Portada","item":"https://gobierno.udd.cl/doctorate/"},{"@type":"ListItem","position":2,"name":"Personas","item":"https://gobierno.udd.cl/doctorate/persona/"},{"@type":"ListItem","position":3,"name":"Víctor Márquez Rodríguez"}]},{"@type":"WebSite","@id":"https://gobierno.udd.cl/doctorate/#website","url":"https://gobierno.udd.cl/doctorate/","name":"Doctoral Program in Social Complexity Sciences","description":"","inLanguage":"en-US"}]}</script>
<!-- / Yoast SEO plugin. -->

Víctor Márquez Rodríguez - Doctoral Program in Social Complexity Sciences

Víctor Márquez Rodríguez

Víctor  Márquez Rodríguez

<div class="person-modal person-modal--scl">
	<header class="person-modal__header">
		<div class="person-modal__bg"></div>
		<div class="modal-container">
						<div class="person-modal__media">
				<img width="427" height="400" src="https://gobierno.udd.cl/doctorate/files/2018/10/victor-julio-marquez_web-62x62.jpg" class="person-modal__image wp-post-image lazyload" alt="" decoding="async" loading="lazy" sizes="auto, (max-width: 427px) 100vw, 427px" data-src="https://gobierno.udd.cl/doctorate/files/2018/10/victor-julio-marquez_web.jpg" data-srcset="https://gobierno.udd.cl/doctorate/files/2018/10/victor-julio-marquez_web.jpg 427w, https://gobierno.udd.cl/doctorate/files/2018/10/victor-julio-marquez_web-300x281.jpg 300w" />			</div>
						<div class="person-modal__data">
				<h1 class="person-modal__name">Víctor  Márquez Rodríguez</h1>
							<span class="person-modal__description">CLASS OF 2018 - Bachelor Degree in Physics -  Magister Scientiae in  Fundamental Physics </span>
															</div>
		</div>
	</header>
	<div class="modal-container">
			<div class="person-modal__content text">
					<p>Bachelor Degree in Physics -  Magister Scientiae in  Fundamental Physics, Universidad de los Andes, Venezuela </p>
										<p><strong>Research interests</strong><strong>: </strong></p>
<p>Complex Systems, Neuroscience, Complex Networks</p>
<p><strong>Contact:</strong><br />
Mail: jmarquezr@udd.cl<br />
Phone: 56 (2) 2327 9701<br />
Address: Av. Las Condes 12461, Las Condes, Santiago de Chile.</p>
<h3><span>PRODUCTS</span></h3>
<table border="1" width="531" cellspacing="1" cellpadding="1">
<tbody>
<tr>
<td>
<h2>PAPERS</h2>
<table border="1" cellspacing="1" cellpadding="1">
<tbody>
<tr>
<td>
<ul>
<li>V. J. Márquez, &#8220;Efecto de la densidad de vehículos de transporte público en la fluidez del tráfico: un mdelo autómata celular&#8221;, Revista Científica de la UNET, Volumen 21 (1). 2009. 120-124.</li>
<li>V.J. Márquez, M.G. Cosenza, K. Tucci, &#8220;Estructura jerárquica inducida por estímulo externo en redes dinámicas coevolutivas&#8221;, Revista de Ciencia e Ingeniería ULA, Edición Especial (Jornadas de Modelado y Simulación). Noviembre 2011.  101-106.</li>
</ul>
</td>
<td bgcolor="#551A8B"></td>
</tr>
</tbody>
</table>
</td>
</tr>
<tr>
<td>
<h2>PROJECTS</h2>
<table border="1" cellspacing="1" cellpadding="1">
<tbody>
<tr>
<td>
<ul>
<li>Partner at the &#8220;Sistemas dinámicos con interacciones globales&#8221; project, identify with the code C-1827-13-05-B by the Consejo de Desarrollo Científico, Humanístico y Tecnológico of the Universidad de Los Andes. Mérida, Venezuela (2013).</li>
<li>Partner at the &#8220;Investigación de estados quiméricos en poblaciones interactivas de osciladores caóticos&#8221; project, identify with the code C-1906-14-05-B by the Consejo de Desarrollo Científico, Humanístico y Tecnológico of the Universidad de Los Andes. Mérida, Venezuela (2014).</li>
</ul>
</td>
<td bgcolor="#551A8B"></td>
</tr>
</tbody>
</table>
</td>
</tr>
</tbody>
</table>
<p>&nbsp;</p>
<p>&nbsp;</p>
		</div>
	</div>
</div>

Víctor

Márquez Rodríguez
