{"id":151,"date":"2017-10-26T17:11:52","date_gmt":"2017-10-26T17:11:52","guid":{"rendered":"http:\/\/gobierno.udd.cl\/doctorado\/?page_id=151"},"modified":"2017-10-26T17:11:52","modified_gmt":"2017-10-26T17:11:52","slug":"pasantias","status":"publish","type":"page","link":"https:\/\/gobierno.udd.cl\/doctorate\/investigacion\/pasantias\/","title":{"rendered":"Pasant\u00edas"},"content":{"rendered":"<h2>Pasant\u00edas en Centros de Investigaci\u00f3n<\/h2>\n<p>El CICS tiene una red de colaboraci\u00f3n activa con una serie de centros de investigaci\u00f3n en ciencias sociales anal\u00edticas, tanto a nivel internacional como nacional. Como parte de su formaci\u00f3n, los doctorandos el programa promueve el desarrollo de pasant\u00edas de investigaci\u00f3n en alguno de los centros que forman parte de la red de investigaci\u00f3n de los acad\u00e9micos del programa.<\/p>\n<p>Algunos de los centros con los que han hecho colaboraciones los investigadores del CICS son los siguientes:<\/p>\n<h3>Internacionales<\/h3>\n<p>Santa Fe Institute; MIT Media Lab; UCSB , Center for Evolutionary Psychology; Princeton University, Woodrow Wilson School; Duke University, Political Science; Carnegie Mellon, Department of Social and Decision Sciences.<\/p>\n<h3>Nacionales<\/h3>\n<p>Universidad Cat\u00f3lica de Chile, Departamentos de Ecolog\u00eda y Psicolog\u00eda (neurociencia); Universidad de Valpara\u00edso, Centro de Investigaci\u00f3n en Neurociencia.<\/p>\n<p><img loading=\"lazy\" decoding=\"async\" class=\"aligncenter size-full wp-image-1366\" src=\"http:\/\/dccs.udd.cl\/files\/2017\/10\/Red-Global-1.png\" alt=\"Red Global\" width=\"940\" height=\"788\" \/><\/p>\n","protected":false},"excerpt":{"rendered":"<p>Pasant\u00edas en Centros de Investigaci\u00f3n El CICS tiene una red de colaboraci\u00f3n activa con una serie de centros de investigaci\u00f3n en ciencias sociales anal\u00edticas, tanto a nivel internacional como nacional. Como parte de su formaci\u00f3n, los doctorandos el programa promueve el desarrollo de pasant\u00edas de investigaci\u00f3n en alguno de los centros que forman parte de [&hellip;]<\/p>\n","protected":false},"author":0,"featured_media":0,"parent":147,"menu_order":3,"comment_status":"closed","ping_status":"closed","template":"template-children-tabs.php","meta":{"footnotes":""},"class_list":["post-151","page","type-page","status-publish","hentry"],"yoast_head":"<!-- This site is optimized with the Yoast SEO plugin v26.9 - https:\/\/yoast.com\/product\/yoast-seo-wordpress\/ -->\n<title>Pasant\u00edas - Doctoral Program in Social Complexity Sciences<\/title>\n<meta name=\"robots\" content=\"index, follow, max-snippet:-1, max-image-preview:large, max-video-preview:-1\" \/>\n<link rel=\"canonical\" href=\"https:\/\/gobierno.udd.cl\/doctorate\/investigacion\/pasantias\/\" \/>\n<meta property=\"og:locale\" content=\"en_US\" \/>\n<meta property=\"og:type\" content=\"article\" \/>\n<meta property=\"og:title\" content=\"Pasant\u00edas - Doctoral Program in Social Complexity Sciences\" \/>\n<meta property=\"og:description\" content=\"Pasant\u00edas en Centros de Investigaci\u00f3n El CICS tiene una red de colaboraci\u00f3n activa con una serie de centros de investigaci\u00f3n en ciencias sociales anal\u00edticas, tanto a nivel internacional como nacional. Como parte de su formaci\u00f3n, los doctorandos el programa promueve el desarrollo de pasant\u00edas de investigaci\u00f3n en alguno de los centros que forman parte de [&hellip;]\" \/>\n<meta property=\"og:url\" content=\"https:\/\/gobierno.udd.cl\/doctorate\/investigacion\/pasantias\/\" \/>\n<meta property=\"og:site_name\" content=\"Doctoral Program in Social Complexity Sciences\" \/>\n<meta property=\"og:image\" content=\"http:\/\/dccs.udd.cl\/files\/2017\/10\/Red-Global-1.png\" \/>\n<meta name=\"twitter:card\" content=\"summary_large_image\" \/>\n<meta name=\"twitter:label1\" content=\"Est. reading time\" \/>\n\t<meta name=\"twitter:data1\" content=\"1 minute\" \/>\n<script type=\"application\/ld+json\" class=\"yoast-schema-graph\">{\"@context\":\"https:\/\/schema.org\",\"@graph\":[{\"@type\":\"WebPage\",\"@id\":\"https:\/\/gobierno.udd.cl\/doctorate\/investigacion\/pasantias\/\",\"url\":\"https:\/\/gobierno.udd.cl\/doctorate\/investigacion\/pasantias\/\",\"name\":\"Pasant\u00edas - Doctoral Program in Social Complexity Sciences\",\"isPartOf\":{\"@id\":\"https:\/\/gobierno.udd.cl\/doctorate\/#website\"},\"primaryImageOfPage\":{\"@id\":\"https:\/\/gobierno.udd.cl\/doctorate\/investigacion\/pasantias\/#primaryimage\"},\"image\":{\"@id\":\"https:\/\/gobierno.udd.cl\/doctorate\/investigacion\/pasantias\/#primaryimage\"},\"thumbnailUrl\":\"http:\/\/dccs.udd.cl\/files\/2017\/10\/Red-Global-1.png\",\"datePublished\":\"2017-10-26T17:11:52+00:00\",\"breadcrumb\":{\"@id\":\"https:\/\/gobierno.udd.cl\/doctorate\/investigacion\/pasantias\/#breadcrumb\"},\"inLanguage\":\"en-US\",\"potentialAction\":[{\"@type\":\"ReadAction\",\"target\":[\"https:\/\/gobierno.udd.cl\/doctorate\/investigacion\/pasantias\/\"]}]},{\"@type\":\"ImageObject\",\"inLanguage\":\"en-US\",\"@id\":\"https:\/\/gobierno.udd.cl\/doctorate\/investigacion\/pasantias\/#primaryimage\",\"url\":\"http:\/\/dccs.udd.cl\/files\/2017\/10\/Red-Global-1.png\",\"contentUrl\":\"http:\/\/dccs.udd.cl\/files\/2017\/10\/Red-Global-1.png\"},{\"@type\":\"BreadcrumbList\",\"@id\":\"https:\/\/gobierno.udd.cl\/doctorate\/investigacion\/pasantias\/#breadcrumb\",\"itemListElement\":[{\"@type\":\"ListItem\",\"position\":1,\"name\":\"Portada\",\"item\":\"https:\/\/gobierno.udd.cl\/doctorate\/\"},{\"@type\":\"ListItem\",\"position\":2,\"name\":\"Investigaci\u00f3n\",\"item\":\"https:\/\/gobierno.udd.cl\/doctorate\/investigacion\/\"},{\"@type\":\"ListItem\",\"position\":3,\"name\":\"Pasant\u00edas\"}]},{\"@type\":\"WebSite\",\"@id\":\"https:\/\/gobierno.udd.cl\/doctorate\/#website\",\"url\":\"https:\/\/gobierno.udd.cl\/doctorate\/\",\"name\":\"Doctoral Program in Social Complexity Sciences\",\"description\":\"\",\"inLanguage\":\"en-US\"}]}<\/script>\n<!-- \/ Yoast SEO plugin. -->","yoast_head_json":{"title":"Pasant\u00edas - Doctoral Program in Social Complexity Sciences","robots":{"index":"index","follow":"follow","max-snippet":"max-snippet:-1","max-image-preview":"max-image-preview:large","max-video-preview":"max-video-preview:-1"},"canonical":"https:\/\/gobierno.udd.cl\/doctorate\/investigacion\/pasantias\/","og_locale":"en_US","og_type":"article","og_title":"Pasant\u00edas - Doctoral Program in Social Complexity Sciences","og_description":"Pasant\u00edas en Centros de Investigaci\u00f3n El CICS tiene una red de colaboraci\u00f3n activa con una serie de centros de investigaci\u00f3n en ciencias sociales anal\u00edticas, tanto a nivel internacional como nacional. Como parte de su formaci\u00f3n, los doctorandos el programa promueve el desarrollo de pasant\u00edas de investigaci\u00f3n en alguno de los centros que forman parte de [&hellip;]","og_url":"https:\/\/gobierno.udd.cl\/doctorate\/investigacion\/pasantias\/","og_site_name":"Doctoral Program in Social Complexity Sciences","og_image":[{"url":"http:\/\/dccs.udd.cl\/files\/2017\/10\/Red-Global-1.png","type":"","width":"","height":""}],"twitter_card":"summary_large_image","twitter_misc":{"Est. reading time":"1 minute"},"schema":{"@context":"https:\/\/schema.org","@graph":[{"@type":"WebPage","@id":"https:\/\/gobierno.udd.cl\/doctorate\/investigacion\/pasantias\/","url":"https:\/\/gobierno.udd.cl\/doctorate\/investigacion\/pasantias\/","name":"Pasant\u00edas - Doctoral Program in Social Complexity Sciences","isPartOf":{"@id":"https:\/\/gobierno.udd.cl\/doctorate\/#website"},"primaryImageOfPage":{"@id":"https:\/\/gobierno.udd.cl\/doctorate\/investigacion\/pasantias\/#primaryimage"},"image":{"@id":"https:\/\/gobierno.udd.cl\/doctorate\/investigacion\/pasantias\/#primaryimage"},"thumbnailUrl":"http:\/\/dccs.udd.cl\/files\/2017\/10\/Red-Global-1.png","datePublished":"2017-10-26T17:11:52+00:00","breadcrumb":{"@id":"https:\/\/gobierno.udd.cl\/doctorate\/investigacion\/pasantias\/#breadcrumb"},"inLanguage":"en-US","potentialAction":[{"@type":"ReadAction","target":["https:\/\/gobierno.udd.cl\/doctorate\/investigacion\/pasantias\/"]}]},{"@type":"ImageObject","inLanguage":"en-US","@id":"https:\/\/gobierno.udd.cl\/doctorate\/investigacion\/pasantias\/#primaryimage","url":"http:\/\/dccs.udd.cl\/files\/2017\/10\/Red-Global-1.png","contentUrl":"http:\/\/dccs.udd.cl\/files\/2017\/10\/Red-Global-1.png"},{"@type":"BreadcrumbList","@id":"https:\/\/gobierno.udd.cl\/doctorate\/investigacion\/pasantias\/#breadcrumb","itemListElement":[{"@type":"ListItem","position":1,"name":"Portada","item":"https:\/\/gobierno.udd.cl\/doctorate\/"},{"@type":"ListItem","position":2,"name":"Investigaci\u00f3n","item":"https:\/\/gobierno.udd.cl\/doctorate\/investigacion\/"},{"@type":"ListItem","position":3,"name":"Pasant\u00edas"}]},{"@type":"WebSite","@id":"https:\/\/gobierno.udd.cl\/doctorate\/#website","url":"https:\/\/gobierno.udd.cl\/doctorate\/","name":"Doctoral Program in Social Complexity Sciences","description":"","inLanguage":"en-US"}]}},"_links":{"self":[{"href":"https:\/\/gobierno.udd.cl\/doctorate\/wp-json\/wp\/v2\/pages\/151","targetHints":{"allow":["GET"]}}],"collection":[{"href":"https:\/\/gobierno.udd.cl\/doctorate\/wp-json\/wp\/v2\/pages"}],"about":[{"href":"https:\/\/gobierno.udd.cl\/doctorate\/wp-json\/wp\/v2\/types\/page"}],"replies":[{"embeddable":true,"href":"https:\/\/gobierno.udd.cl\/doctorate\/wp-json\/wp\/v2\/comments?post=151"}],"version-history":[{"count":0,"href":"https:\/\/gobierno.udd.cl\/doctorate\/wp-json\/wp\/v2\/pages\/151\/revisions"}],"up":[{"embeddable":true,"href":"https:\/\/gobierno.udd.cl\/doctorate\/wp-json\/wp\/v2\/pages\/147"}],"wp:attachment":[{"href":"https:\/\/gobierno.udd.cl\/doctorate\/wp-json\/wp\/v2\/media?parent=151"}],"curies":[{"name":"wp","href":"https:\/\/api.w.org\/{rel}","templated":true}]}}