{"version":"1.0","provider_name":" Doctoral Program in Social Complexity Sciences ","provider_url":"https:\/\/gobierno.udd.cl\/doctorate","author_name":" Doctoral Program in Social Complexity Sciences ","author_url":"https:\/\/gobierno.udd.cl\/doctorate","title":"El cerebro social reactivo - Doctoral Program in Social Complexity Sciences","type":"rich","width":600,"height":338,"html":"<blockquote class=\"wp-embedded-content\" data-secret=\"DQZWQSzFXU\"><a href=\"https:\/\/gobierno.udd.cl\/doctorate\/2018\/03\/12\/el-cerebro-social-reactivo\/\">El cerebro social reactivo<\/a><\/blockquote><iframe sandbox=\"allow-scripts\" security=\"restricted\" src=\"https:\/\/gobierno.udd.cl\/doctorate\/2018\/03\/12\/el-cerebro-social-reactivo\/embed\/#?secret=DQZWQSzFXU\" width=\"600\" height=\"338\" title=\"&#8220;El cerebro social reactivo&#8221; &#8212;  Doctoral Program in Social Complexity Sciences \" data-secret=\"DQZWQSzFXU\" frameborder=\"0\" marginwidth=\"0\" marginheight=\"0\" scrolling=\"no\" class=\"wp-embedded-content\"><\/iframe><script type=\"text\/javascript\">\n\/* <![CDATA[ *\/\n\/*! This file is auto-generated *\/\n!function(d,l){\"use strict\";l.querySelector&&d.addEventListener&&\"undefined\"!=typeof URL&&(d.wp=d.wp||{},d.wp.receiveEmbedMessage||(d.wp.receiveEmbedMessage=function(e){var t=e.data;if((t||t.secret||t.message||t.value)&&!\/[^a-zA-Z0-9]\/.test(t.secret)){for(var s,r,n,a=l.querySelectorAll('iframe[data-secret=\"'+t.secret+'\"]'),o=l.querySelectorAll('blockquote[data-secret=\"'+t.secret+'\"]'),c=new RegExp(\"^https?:$\",\"i\"),i=0;i<o.length;i++)o[i].style.display=\"none\";for(i=0;i<a.length;i++)s=a[i],e.source===s.contentWindow&&(s.removeAttribute(\"style\"),\"height\"===t.message?(1e3<(r=parseInt(t.value,10))?r=1e3:~~r<200&&(r=200),s.height=r):\"link\"===t.message&&(r=new URL(s.getAttribute(\"src\")),n=new URL(t.value),c.test(n.protocol))&&n.host===r.host&&l.activeElement===s&&(d.top.location.href=t.value))}},d.addEventListener(\"message\",d.wp.receiveEmbedMessage,!1),l.addEventListener(\"DOMContentLoaded\",function(){for(var e,t,s=l.querySelectorAll(\"iframe.wp-embedded-content\"),r=0;r<s.length;r++)(t=(e=s[r]).getAttribute(\"data-secret\"))||(t=Math.random().toString(36).substring(2,12),e.src+=\"#?secret=\"+t,e.setAttribute(\"data-secret\",t)),e.contentWindow.postMessage({message:\"ready\",secret:t},\"*\")},!1)))}(window,document);\n\/\/# sourceURL=https:\/\/gobierno.udd.cl\/doctorate\/wp-includes\/js\/wp-embed.min.js\n\/* ]]> *\/\n<\/script>\n","thumbnail_url":"http:\/\/dccs.udd.cl\/files\/2018\/03\/shutterstock_173629682-grande-1024x589.jpg","thumbnail_width":600,"thumbnail_height":345,"description":"M\u00c1S AMIGOS, M\u00c1S COMUNICACI\u00d3N, M\u00c1S INTELIGENTES. \u00bfO ES AL REV\u00c9S? Para animales que viven en grupos peque\u00f1os, los costos de tener un gran cerebro son mayores que sus beneficios. Esta hip\u00f3tesis se asoci\u00f3 con datos obtenidos de estudios de primates a principios\u00a0de los 90s , pero ahora, 20 a\u00f1os despu\u00e9s, la imagen es m\u00e1s complicada. [&hellip;]"}

MÁS AMIGOS, MÁS COMUNICACIÓN, MÁS INTELIGENTES. ¿O ES AL REVÉS? Para animales que viven en grupos pequeños, los costos de tener un gran cerebro son mayores que sus beneficios. Esta hipótesis se asoció con datos obtenidos de estudios de primates a principios de los 90s , pero ahora, 20 años después, la imagen es más complicada. [&hellip;]
