{"id":807,"date":"2017-12-14T18:55:07","date_gmt":"2017-12-14T18:55:07","guid":{"rendered":"http:\/\/dccs.udd.cl\/?post_type=person&amp;p=807"},"modified":"2017-12-14T18:55:07","modified_gmt":"2017-12-14T18:55:07","slug":"anne-bliss","status":"publish","type":"person","link":"https:\/\/gobierno.udd.cl\/dccs\/persona\/anne-bliss\/","featured_media":808,"template":"","people_tax":[44],"people_areas":[45],"people_levels":[],"class_list":["post-807","person","type-person","status-publish","has-post-thumbnail","hentry","people_tax-colaboradores","people_areas-investigadores"],"yoast_head":"<!-- This site is optimized with the Yoast SEO plugin v26.9 - https:\/\/yoast.com\/product\/yoast-seo-wordpress\/ -->\n<title>Anne Bliss - Doctorado en Ciencias de la Complejidad Social<\/title>\n<meta name=\"robots\" content=\"index, follow, max-snippet:-1, max-image-preview:large, max-video-preview:-1\" \/>\n<link rel=\"canonical\" href=\"https:\/\/gobierno.udd.cl\/dccs\/persona\/anne-bliss\/\" \/>\n<meta property=\"og:locale\" content=\"es_ES\" \/>\n<meta property=\"og:type\" content=\"article\" \/>\n<meta property=\"og:title\" content=\"Anne Bliss - Doctorado en Ciencias de la Complejidad Social\" \/>\n<meta property=\"og:url\" content=\"https:\/\/gobierno.udd.cl\/dccs\/persona\/anne-bliss\/\" \/>\n<meta property=\"og:site_name\" content=\"Doctorado en Ciencias de la Complejidad Social\" \/>\n<meta property=\"og:image\" content=\"https:\/\/gobierno.udd.cl\/dccs\/files\/2017\/12\/anne-bliss.jpg\" \/>\n\t<meta property=\"og:image:width\" content=\"195\" \/>\n\t<meta property=\"og:image:height\" content=\"199\" \/>\n\t<meta property=\"og:image:type\" content=\"image\/jpeg\" \/>\n<meta name=\"twitter:card\" content=\"summary_large_image\" \/>\n<script type=\"application\/ld+json\" class=\"yoast-schema-graph\">{\"@context\":\"https:\/\/schema.org\",\"@graph\":[{\"@type\":\"WebPage\",\"@id\":\"https:\/\/gobierno.udd.cl\/dccs\/persona\/anne-bliss\/\",\"url\":\"https:\/\/gobierno.udd.cl\/dccs\/persona\/anne-bliss\/\",\"name\":\"Anne Bliss - Doctorado en Ciencias de la Complejidad Social\",\"isPartOf\":{\"@id\":\"https:\/\/gobierno.udd.cl\/dccs\/#website\"},\"primaryImageOfPage\":{\"@id\":\"https:\/\/gobierno.udd.cl\/dccs\/persona\/anne-bliss\/#primaryimage\"},\"image\":{\"@id\":\"https:\/\/gobierno.udd.cl\/dccs\/persona\/anne-bliss\/#primaryimage\"},\"thumbnailUrl\":\"https:\/\/gobierno.udd.cl\/dccs\/files\/2017\/12\/anne-bliss.jpg\",\"datePublished\":\"2017-12-14T18:55:07+00:00\",\"breadcrumb\":{\"@id\":\"https:\/\/gobierno.udd.cl\/dccs\/persona\/anne-bliss\/#breadcrumb\"},\"inLanguage\":\"es\",\"potentialAction\":[{\"@type\":\"ReadAction\",\"target\":[\"https:\/\/gobierno.udd.cl\/dccs\/persona\/anne-bliss\/\"]}]},{\"@type\":\"ImageObject\",\"inLanguage\":\"es\",\"@id\":\"https:\/\/gobierno.udd.cl\/dccs\/persona\/anne-bliss\/#primaryimage\",\"url\":\"https:\/\/gobierno.udd.cl\/dccs\/files\/2017\/12\/anne-bliss.jpg\",\"contentUrl\":\"https:\/\/gobierno.udd.cl\/dccs\/files\/2017\/12\/anne-bliss.jpg\",\"width\":195,\"height\":199},{\"@type\":\"BreadcrumbList\",\"@id\":\"https:\/\/gobierno.udd.cl\/dccs\/persona\/anne-bliss\/#breadcrumb\",\"itemListElement\":[{\"@type\":\"ListItem\",\"position\":1,\"name\":\"Portada\",\"item\":\"https:\/\/gobierno.udd.cl\/dccs\/\"},{\"@type\":\"ListItem\",\"position\":2,\"name\":\"Personas\",\"item\":\"https:\/\/gobierno.udd.cl\/dccs\/persona\/\"},{\"@type\":\"ListItem\",\"position\":3,\"name\":\"Anne Bliss\"}]},{\"@type\":\"WebSite\",\"@id\":\"https:\/\/gobierno.udd.cl\/dccs\/#website\",\"url\":\"https:\/\/gobierno.udd.cl\/dccs\/\",\"name\":\"Doctorado en Ciencias de la Complejidad Social\",\"description\":\"Centro de Investigaci\u00f3n en Complejidad Social | UDD\",\"inLanguage\":\"es\"}]}<\/script>\n<!-- \/ Yoast SEO plugin. -->","yoast_head_json":{"title":"Anne Bliss - Doctorado en Ciencias de la Complejidad Social","robots":{"index":"index","follow":"follow","max-snippet":"max-snippet:-1","max-image-preview":"max-image-preview:large","max-video-preview":"max-video-preview:-1"},"canonical":"https:\/\/gobierno.udd.cl\/dccs\/persona\/anne-bliss\/","og_locale":"es_ES","og_type":"article","og_title":"Anne Bliss - Doctorado en Ciencias de la Complejidad Social","og_url":"https:\/\/gobierno.udd.cl\/dccs\/persona\/anne-bliss\/","og_site_name":"Doctorado en Ciencias de la Complejidad Social","og_image":[{"width":195,"height":199,"url":"https:\/\/gobierno.udd.cl\/dccs\/files\/2017\/12\/anne-bliss.jpg","type":"image\/jpeg"}],"twitter_card":"summary_large_image","schema":{"@context":"https:\/\/schema.org","@graph":[{"@type":"WebPage","@id":"https:\/\/gobierno.udd.cl\/dccs\/persona\/anne-bliss\/","url":"https:\/\/gobierno.udd.cl\/dccs\/persona\/anne-bliss\/","name":"Anne Bliss - Doctorado en Ciencias de la Complejidad Social","isPartOf":{"@id":"https:\/\/gobierno.udd.cl\/dccs\/#website"},"primaryImageOfPage":{"@id":"https:\/\/gobierno.udd.cl\/dccs\/persona\/anne-bliss\/#primaryimage"},"image":{"@id":"https:\/\/gobierno.udd.cl\/dccs\/persona\/anne-bliss\/#primaryimage"},"thumbnailUrl":"https:\/\/gobierno.udd.cl\/dccs\/files\/2017\/12\/anne-bliss.jpg","datePublished":"2017-12-14T18:55:07+00:00","breadcrumb":{"@id":"https:\/\/gobierno.udd.cl\/dccs\/persona\/anne-bliss\/#breadcrumb"},"inLanguage":"es","potentialAction":[{"@type":"ReadAction","target":["https:\/\/gobierno.udd.cl\/dccs\/persona\/anne-bliss\/"]}]},{"@type":"ImageObject","inLanguage":"es","@id":"https:\/\/gobierno.udd.cl\/dccs\/persona\/anne-bliss\/#primaryimage","url":"https:\/\/gobierno.udd.cl\/dccs\/files\/2017\/12\/anne-bliss.jpg","contentUrl":"https:\/\/gobierno.udd.cl\/dccs\/files\/2017\/12\/anne-bliss.jpg","width":195,"height":199},{"@type":"BreadcrumbList","@id":"https:\/\/gobierno.udd.cl\/dccs\/persona\/anne-bliss\/#breadcrumb","itemListElement":[{"@type":"ListItem","position":1,"name":"Portada","item":"https:\/\/gobierno.udd.cl\/dccs\/"},{"@type":"ListItem","position":2,"name":"Personas","item":"https:\/\/gobierno.udd.cl\/dccs\/persona\/"},{"@type":"ListItem","position":3,"name":"Anne Bliss"}]},{"@type":"WebSite","@id":"https:\/\/gobierno.udd.cl\/dccs\/#website","url":"https:\/\/gobierno.udd.cl\/dccs\/","name":"Doctorado en Ciencias de la Complejidad Social","description":"Centro de Investigaci\u00f3n en Complejidad Social | UDD","inLanguage":"es"}]}},"label":"Anne Bliss","title":{"rendered":"Anne Bliss"},"role":"Ph.D. en Multicultural Education, Educational Assessment, Policy, University of Colorado - Profesora Visitante DCCS","thumbnail_url":"https:\/\/gobierno.udd.cl\/dccs\/files\/2017\/12\/anne-bliss.jpg","email":"","tel_job":"","content":{"rendered":"<div class=\"person-modal person-modal--scl\">\n\t<header class=\"person-modal__header\">\n\t\t<div class=\"person-modal__bg\"><\/div>\n\t\t<div class=\"modal-container\">\n\t\t\t\t\t\t<div class=\"person-modal__media\">\n\t\t\t\t<img width=\"195\" height=\"199\" src=\"https:\/\/gobierno.udd.cl\/dccs\/files\/2017\/12\/anne-bliss-62x62.jpg\" class=\"person-modal__image wp-post-image lazyload\" alt=\"\" decoding=\"async\" loading=\"lazy\" sizes=\"auto, (max-width: 195px) 100vw, 195px\" data-src=\"https:\/\/gobierno.udd.cl\/dccs\/files\/2017\/12\/anne-bliss.jpg\" data-srcset=\"https:\/\/gobierno.udd.cl\/dccs\/files\/2017\/12\/anne-bliss.jpg 195w, https:\/\/gobierno.udd.cl\/dccs\/files\/2017\/12\/anne-bliss-62x62.jpg 62w\" \/>\t\t\t<\/div>\n\t\t\t\t\t\t<div class=\"person-modal__data\">\n\t\t\t\t<h1 class=\"person-modal__name\">Anne Bliss<\/h1>\n\t\t\t\t\t\t\t<span class=\"person-modal__description\">Ph.D. en Multicultural Education, Educational Assessment, Policy, University of Colorado - Profesora Visitante DCCS<\/span>\n\t\t\t\t\t\t\t\t\t\t\t\t\t\t\t<\/div>\n\t\t<\/div>\n\t<\/header>\n\t<div class=\"modal-container\">\n\t\t\t<div class=\"person-modal__content text\">\n\t\t\t\t\t<p>Profesora Visitante DCCS<br \/>\nSenior Instructor Em\u00e9rita of University of Colorado at Boulder.<\/p>\n<p>Ph.D. en Multicultural Education, Educational Assessment, Policy, University of Colorado at Boulder.<br \/>\nMaster en Ling\u00fc\u00edstica, University of Colorado at Boulder.<br \/>\nB.A. en Ingl\u00e9s, Seattle University<\/p>\n\t\t\t\t\t\t\t\t\t\t<p><strong>\u00c1reas de Investigaci\u00f3n:<\/strong><br \/>\nEscritura, Ret\u00f3rica, Lin\u00fc\u00edstica.<\/p>\n<p><strong>Informaci\u00f3n de Contacto:<\/strong><br \/>\nMail: anne.bliss@colorado.edu; anne.bliss@gmail.com<br \/>\nTel\u00e9fono: 303-449-7757<br \/>\nDirecci\u00f3n: 3550 Catalpa Way Boulder, CO 80304<\/p>\n\t\t<\/div>\n\t<\/div>\n<\/div>\n"},"identifier":"52da7a46a0642a9944bd9db3a75c2819420b1bb0","has_credential":[],"given_name":"Anne","family_name":"Bliss","name":"Anne Bliss","job_title":"Ph.D. en Multicultural Education, Educational Assessment, Policy, University of Colorado - Profesora Visitante DCCS","telephone":"","note":"Profesora Visitante DCCS\nSenior Instructor Em\u00e9rita of University of Colorado at Boulder.\n\nPh.D. en Multicultural Education, Educational Assessment, Policy, University of Colorado at Boulder.\nMaster en Ling\u00fc\u00edstica, University of Colorado at Boulder.\nB.A. en Ingl\u00e9s, Seattle University\n","im":"","_self_schedule":null,"_links":{"self":[{"href":"https:\/\/gobierno.udd.cl\/dccs\/wp-json\/wp\/v2\/people\/807","targetHints":{"allow":["GET"]}}],"collection":[{"href":"https:\/\/gobierno.udd.cl\/dccs\/wp-json\/wp\/v2\/people"}],"about":[{"href":"https:\/\/gobierno.udd.cl\/dccs\/wp-json\/wp\/v2\/types\/person"}],"wp:featuredmedia":[{"embeddable":true,"href":"https:\/\/gobierno.udd.cl\/dccs\/wp-json\/wp\/v2\/media\/808"}],"wp:attachment":[{"href":"https:\/\/gobierno.udd.cl\/dccs\/wp-json\/wp\/v2\/media?parent=807"}],"wp:term":[{"taxonomy":"people_tax","embeddable":true,"href":"https:\/\/gobierno.udd.cl\/dccs\/wp-json\/wp\/v2\/people_tax?post=807"},{"taxonomy":"people_areas","embeddable":true,"href":"https:\/\/gobierno.udd.cl\/dccs\/wp-json\/wp\/v2\/people_areas?post=807"},{"taxonomy":"people_levels","embeddable":true,"href":"https:\/\/gobierno.udd.cl\/dccs\/wp-json\/wp\/v2\/people_levels?post=807"}],"curies":[{"name":"wp","href":"https:\/\/api.w.org\/{rel}","templated":true}]}}

<!-- This site is optimized with the Yoast SEO plugin v26.9 - https://yoast.com/product/yoast-seo-wordpress/ -->
<title>Anne Bliss - Doctorado en Ciencias de la Complejidad Social</title>
<meta name="robots" content="index, follow, max-snippet:-1, max-image-preview:large, max-video-preview:-1" />
<link rel="canonical" href="https://gobierno.udd.cl/dccs/persona/anne-bliss/" />
<meta property="og:locale" content="es_ES" />
<meta property="og:type" content="article" />
<meta property="og:title" content="Anne Bliss - Doctorado en Ciencias de la Complejidad Social" />
<meta property="og:url" content="https://gobierno.udd.cl/dccs/persona/anne-bliss/" />
<meta property="og:site_name" content="Doctorado en Ciencias de la Complejidad Social" />
<meta property="og:image" content="https://gobierno.udd.cl/dccs/files/2017/12/anne-bliss.jpg" />
	<meta property="og:image:width" content="195" />
	<meta property="og:image:height" content="199" />
	<meta property="og:image:type" content="image/jpeg" />
<meta name="twitter:card" content="summary_large_image" />
<script type="application/ld+json" class="yoast-schema-graph">{"@context":"https://schema.org","@graph":[{"@type":"WebPage","@id":"https://gobierno.udd.cl/dccs/persona/anne-bliss/","url":"https://gobierno.udd.cl/dccs/persona/anne-bliss/","name":"Anne Bliss - Doctorado en Ciencias de la Complejidad Social","isPartOf":{"@id":"https://gobierno.udd.cl/dccs/#website"},"primaryImageOfPage":{"@id":"https://gobierno.udd.cl/dccs/persona/anne-bliss/#primaryimage"},"image":{"@id":"https://gobierno.udd.cl/dccs/persona/anne-bliss/#primaryimage"},"thumbnailUrl":"https://gobierno.udd.cl/dccs/files/2017/12/anne-bliss.jpg","datePublished":"2017-12-14T18:55:07+00:00","breadcrumb":{"@id":"https://gobierno.udd.cl/dccs/persona/anne-bliss/#breadcrumb"},"inLanguage":"es","potentialAction":[{"@type":"ReadAction","target":["https://gobierno.udd.cl/dccs/persona/anne-bliss/"]}]},{"@type":"ImageObject","inLanguage":"es","@id":"https://gobierno.udd.cl/dccs/persona/anne-bliss/#primaryimage","url":"https://gobierno.udd.cl/dccs/files/2017/12/anne-bliss.jpg","contentUrl":"https://gobierno.udd.cl/dccs/files/2017/12/anne-bliss.jpg","width":195,"height":199},{"@type":"BreadcrumbList","@id":"https://gobierno.udd.cl/dccs/persona/anne-bliss/#breadcrumb","itemListElement":[{"@type":"ListItem","position":1,"name":"Portada","item":"https://gobierno.udd.cl/dccs/"},{"@type":"ListItem","position":2,"name":"Personas","item":"https://gobierno.udd.cl/dccs/persona/"},{"@type":"ListItem","position":3,"name":"Anne Bliss"}]},{"@type":"WebSite","@id":"https://gobierno.udd.cl/dccs/#website","url":"https://gobierno.udd.cl/dccs/","name":"Doctorado en Ciencias de la Complejidad Social","description":"Centro de Investigación en Complejidad Social | UDD","inLanguage":"es"}]}</script>
<!-- / Yoast SEO plugin. -->

Centro de Investigación en Complejidad Social | UDD

<div class="person-modal person-modal--scl">
	<header class="person-modal__header">
		<div class="person-modal__bg"></div>
		<div class="modal-container">
						<div class="person-modal__media">
				<img width="195" height="199" src="https://gobierno.udd.cl/dccs/files/2017/12/anne-bliss-62x62.jpg" class="person-modal__image wp-post-image lazyload" alt="" decoding="async" loading="lazy" sizes="auto, (max-width: 195px) 100vw, 195px" data-src="https://gobierno.udd.cl/dccs/files/2017/12/anne-bliss.jpg" data-srcset="https://gobierno.udd.cl/dccs/files/2017/12/anne-bliss.jpg 195w, https://gobierno.udd.cl/dccs/files/2017/12/anne-bliss-62x62.jpg 62w" />			</div>
						<div class="person-modal__data">
				<h1 class="person-modal__name">Anne Bliss</h1>
							<span class="person-modal__description">Ph.D. en Multicultural Education, Educational Assessment, Policy, University of Colorado - Profesora Visitante DCCS</span>
															</div>
		</div>
	</header>
	<div class="modal-container">
			<div class="person-modal__content text">
					<p>Profesora Visitante DCCS<br />
Senior Instructor Emérita of University of Colorado at Boulder.</p>
<p>Ph.D. en Multicultural Education, Educational Assessment, Policy, University of Colorado at Boulder.<br />
Master en Lingüística, University of Colorado at Boulder.<br />
B.A. en Inglés, Seattle University</p>
										<p><strong>Áreas de Investigación:</strong><br />
Escritura, Retórica, Linüística.</p>
<p><strong>Información de Contacto:</strong><br />
Mail: anne.bliss@colorado.edu; anne.bliss@gmail.com<br />
Teléfono: 303-449-7757<br />
Dirección: 3550 Catalpa Way Boulder, CO 80304</p>
		</div>
	</div>
</div>

Profesora Visitante DCCS
Senior Instructor Emérita of University of Colorado at Boulder.

Ph.D. en Multicultural Education, Educational Assessment, Policy, University of Colorado at Boulder.
Master en Lingüística, University of Colorado at Boulder.
B.A. en Inglés, Seattle University
