{"id":797,"date":"2017-12-14T17:45:38","date_gmt":"2017-12-14T17:45:38","guid":{"rendered":"http:\/\/dccs.udd.cl\/?post_type=person&amp;p=797"},"modified":"2017-12-14T17:45:38","modified_gmt":"2017-12-14T17:45:38","slug":"leonardo-ferres-2","status":"publish","type":"person","link":"https:\/\/gobierno.udd.cl\/dccs\/persona\/leonardo-ferres-2\/","featured_media":796,"template":"","people_tax":[38],"people_areas":[],"people_levels":[],"class_list":["post-797","person","type-person","status-publish","has-post-thumbnail","hentry","people_tax-faculty"],"yoast_head":"<!-- This site is optimized with the Yoast SEO plugin v26.9 - https:\/\/yoast.com\/product\/yoast-seo-wordpress\/ -->\n<title>Leo Ferres - Doctorado en Ciencias de la Complejidad Social<\/title>\n<meta name=\"robots\" content=\"index, follow, max-snippet:-1, max-image-preview:large, max-video-preview:-1\" \/>\n<link rel=\"canonical\" href=\"https:\/\/gobierno.udd.cl\/dccs\/persona\/leonardo-ferres-2\/\" \/>\n<meta property=\"og:locale\" content=\"es_ES\" \/>\n<meta property=\"og:type\" content=\"article\" \/>\n<meta property=\"og:title\" content=\"Leo Ferres - Doctorado en Ciencias de la Complejidad Social\" \/>\n<meta property=\"og:url\" content=\"https:\/\/gobierno.udd.cl\/dccs\/persona\/leonardo-ferres-2\/\" \/>\n<meta property=\"og:site_name\" content=\"Doctorado en Ciencias de la Complejidad Social\" \/>\n<meta property=\"og:image\" content=\"https:\/\/gobierno.udd.cl\/dccs\/files\/2017\/12\/leo-ferres.jpg\" \/>\n\t<meta property=\"og:image:width\" content=\"195\" \/>\n\t<meta property=\"og:image:height\" content=\"199\" \/>\n\t<meta property=\"og:image:type\" content=\"image\/jpeg\" \/>\n<meta name=\"twitter:card\" content=\"summary_large_image\" \/>\n<script type=\"application\/ld+json\" class=\"yoast-schema-graph\">{\"@context\":\"https:\/\/schema.org\",\"@graph\":[{\"@type\":\"WebPage\",\"@id\":\"https:\/\/gobierno.udd.cl\/dccs\/persona\/leonardo-ferres-2\/\",\"url\":\"https:\/\/gobierno.udd.cl\/dccs\/persona\/leonardo-ferres-2\/\",\"name\":\"Leo Ferres - Doctorado en Ciencias de la Complejidad Social\",\"isPartOf\":{\"@id\":\"https:\/\/gobierno.udd.cl\/dccs\/#website\"},\"primaryImageOfPage\":{\"@id\":\"https:\/\/gobierno.udd.cl\/dccs\/persona\/leonardo-ferres-2\/#primaryimage\"},\"image\":{\"@id\":\"https:\/\/gobierno.udd.cl\/dccs\/persona\/leonardo-ferres-2\/#primaryimage\"},\"thumbnailUrl\":\"https:\/\/gobierno.udd.cl\/dccs\/files\/2017\/12\/leo-ferres.jpg\",\"datePublished\":\"2017-12-14T17:45:38+00:00\",\"breadcrumb\":{\"@id\":\"https:\/\/gobierno.udd.cl\/dccs\/persona\/leonardo-ferres-2\/#breadcrumb\"},\"inLanguage\":\"es\",\"potentialAction\":[{\"@type\":\"ReadAction\",\"target\":[\"https:\/\/gobierno.udd.cl\/dccs\/persona\/leonardo-ferres-2\/\"]}]},{\"@type\":\"ImageObject\",\"inLanguage\":\"es\",\"@id\":\"https:\/\/gobierno.udd.cl\/dccs\/persona\/leonardo-ferres-2\/#primaryimage\",\"url\":\"https:\/\/gobierno.udd.cl\/dccs\/files\/2017\/12\/leo-ferres.jpg\",\"contentUrl\":\"https:\/\/gobierno.udd.cl\/dccs\/files\/2017\/12\/leo-ferres.jpg\",\"width\":195,\"height\":199},{\"@type\":\"BreadcrumbList\",\"@id\":\"https:\/\/gobierno.udd.cl\/dccs\/persona\/leonardo-ferres-2\/#breadcrumb\",\"itemListElement\":[{\"@type\":\"ListItem\",\"position\":1,\"name\":\"Portada\",\"item\":\"https:\/\/gobierno.udd.cl\/dccs\/\"},{\"@type\":\"ListItem\",\"position\":2,\"name\":\"Personas\",\"item\":\"https:\/\/gobierno.udd.cl\/dccs\/persona\/\"},{\"@type\":\"ListItem\",\"position\":3,\"name\":\"Leo Ferres\"}]},{\"@type\":\"WebSite\",\"@id\":\"https:\/\/gobierno.udd.cl\/dccs\/#website\",\"url\":\"https:\/\/gobierno.udd.cl\/dccs\/\",\"name\":\"Doctorado en Ciencias de la Complejidad Social\",\"description\":\"Centro de Investigaci\u00f3n en Complejidad Social | UDD\",\"inLanguage\":\"es\"}]}<\/script>\n<!-- \/ Yoast SEO plugin. -->","yoast_head_json":{"title":"Leo Ferres - Doctorado en Ciencias de la Complejidad Social","robots":{"index":"index","follow":"follow","max-snippet":"max-snippet:-1","max-image-preview":"max-image-preview:large","max-video-preview":"max-video-preview:-1"},"canonical":"https:\/\/gobierno.udd.cl\/dccs\/persona\/leonardo-ferres-2\/","og_locale":"es_ES","og_type":"article","og_title":"Leo Ferres - Doctorado en Ciencias de la Complejidad Social","og_url":"https:\/\/gobierno.udd.cl\/dccs\/persona\/leonardo-ferres-2\/","og_site_name":"Doctorado en Ciencias de la Complejidad Social","og_image":[{"width":195,"height":199,"url":"https:\/\/gobierno.udd.cl\/dccs\/files\/2017\/12\/leo-ferres.jpg","type":"image\/jpeg"}],"twitter_card":"summary_large_image","schema":{"@context":"https:\/\/schema.org","@graph":[{"@type":"WebPage","@id":"https:\/\/gobierno.udd.cl\/dccs\/persona\/leonardo-ferres-2\/","url":"https:\/\/gobierno.udd.cl\/dccs\/persona\/leonardo-ferres-2\/","name":"Leo Ferres - Doctorado en Ciencias de la Complejidad Social","isPartOf":{"@id":"https:\/\/gobierno.udd.cl\/dccs\/#website"},"primaryImageOfPage":{"@id":"https:\/\/gobierno.udd.cl\/dccs\/persona\/leonardo-ferres-2\/#primaryimage"},"image":{"@id":"https:\/\/gobierno.udd.cl\/dccs\/persona\/leonardo-ferres-2\/#primaryimage"},"thumbnailUrl":"https:\/\/gobierno.udd.cl\/dccs\/files\/2017\/12\/leo-ferres.jpg","datePublished":"2017-12-14T17:45:38+00:00","breadcrumb":{"@id":"https:\/\/gobierno.udd.cl\/dccs\/persona\/leonardo-ferres-2\/#breadcrumb"},"inLanguage":"es","potentialAction":[{"@type":"ReadAction","target":["https:\/\/gobierno.udd.cl\/dccs\/persona\/leonardo-ferres-2\/"]}]},{"@type":"ImageObject","inLanguage":"es","@id":"https:\/\/gobierno.udd.cl\/dccs\/persona\/leonardo-ferres-2\/#primaryimage","url":"https:\/\/gobierno.udd.cl\/dccs\/files\/2017\/12\/leo-ferres.jpg","contentUrl":"https:\/\/gobierno.udd.cl\/dccs\/files\/2017\/12\/leo-ferres.jpg","width":195,"height":199},{"@type":"BreadcrumbList","@id":"https:\/\/gobierno.udd.cl\/dccs\/persona\/leonardo-ferres-2\/#breadcrumb","itemListElement":[{"@type":"ListItem","position":1,"name":"Portada","item":"https:\/\/gobierno.udd.cl\/dccs\/"},{"@type":"ListItem","position":2,"name":"Personas","item":"https:\/\/gobierno.udd.cl\/dccs\/persona\/"},{"@type":"ListItem","position":3,"name":"Leo Ferres"}]},{"@type":"WebSite","@id":"https:\/\/gobierno.udd.cl\/dccs\/#website","url":"https:\/\/gobierno.udd.cl\/dccs\/","name":"Doctorado en Ciencias de la Complejidad Social","description":"Centro de Investigaci\u00f3n en Complejidad Social | UDD","inLanguage":"es"}]}},"label":"Leo Ferres","title":{"rendered":"Leo Ferres"},"role":"Ph.D. in Cognitive Science Carleton University - DCCS Faculty Member","thumbnail_url":"https:\/\/gobierno.udd.cl\/dccs\/files\/2017\/12\/leo-ferres.jpg","email":"","tel_job":"","content":{"rendered":"<div class=\"person-modal person-modal--scl\">\n\t<header class=\"person-modal__header\">\n\t\t<div class=\"person-modal__bg\"><\/div>\n\t\t<div class=\"modal-container\">\n\t\t\t\t\t\t<div class=\"person-modal__media\">\n\t\t\t\t<img width=\"195\" height=\"199\" src=\"https:\/\/gobierno.udd.cl\/dccs\/files\/2017\/12\/leo-ferres-62x62.jpg\" class=\"person-modal__image wp-post-image lazyload\" alt=\"\" decoding=\"async\" loading=\"lazy\" sizes=\"auto, (max-width: 195px) 100vw, 195px\" data-src=\"https:\/\/gobierno.udd.cl\/dccs\/files\/2017\/12\/leo-ferres.jpg\" data-srcset=\"https:\/\/gobierno.udd.cl\/dccs\/files\/2017\/12\/leo-ferres.jpg 195w, https:\/\/gobierno.udd.cl\/dccs\/files\/2017\/12\/leo-ferres-62x62.jpg 62w\" \/>\t\t\t<\/div>\n\t\t\t\t\t\t<div class=\"person-modal__data\">\n\t\t\t\t<h1 class=\"person-modal__name\">Leo Ferres<\/h1>\n\t\t\t\t\t\t\t<span class=\"person-modal__description\">Ph.D. in Cognitive Science Carleton University - DCCS Faculty Member<\/span>\n\t\t\t\t\t\t\t\t\t\t\t\t\t\t\t<\/div>\n\t\t<\/div>\n\t<\/header>\n\t<div class=\"modal-container\">\n\t\t\t<div class=\"person-modal__content text\">\n\t\t\t\t\t<p>DCCS Faculty Member<br \/>\nResearcher Data Science Institute, Engineering Faculty, Universidad del Desarrollo.<\/p>\n<p>Ph.D., in Cognitive Science Carleton University, Ottawa, Canad\u00e1.<br \/>\nComputational Linguistics, Universidad Nacional de San Juan, Argentina.<\/p>\n\t\t\t\t\t\t\t\t\t\t<h3><span>RESEARCH LINES<\/span><\/h3>\n<p><strong>Computacional Social Sciences<\/strong><\/p>\n<p><strong>Research Interests:<\/strong><br \/>\nData Science, Big Data (high-performance computing), Social Networks.<\/p>\n<p><strong>Contact:<\/strong><br \/>\nlferres@udd.cl<br \/>\n<a href=\"https:\/\/scholar.google.com\/citations?user=KjTakkIAAAAJ&amp;hl=es\">Google Scholar<\/a><br \/>\nPhone: 56 (2) 2327 5540<br \/>\nAddress: Av. Plaza 680, Las Condes, Santiago.<\/p>\n<h3><span>PRODUCTS<\/span><\/h3>\n<table border=\"1\" width=\"531\" cellspacing=\"1\" cellpadding=\"1\">\n<tbody>\n<tr>\n<td>\n<h2>PAPERS<\/h2>\n<table border=\"1\" cellspacing=\"1\" cellpadding=\"1\">\n<tbody>\n<tr>\n<td>\n<ul>\n<li>McCoy, Kathleen F.; Arnott, John L.; Ferres, Leo; Fried-Oken, Melanie; Roark, Brian; Fecha: 2013; Nombre: Speech and Language processing as assistive technologies; Nombre revista\/ Libro: COMPUTER SPEECH AND LANGUAGE; Editorial: ACADEMIC PRESS LTD- ELSEVIER SCIENCE LTD; ISSN: 8852308; DOI: 10.1016\/j.csl.2013.04.005; Factor de Impacto a\u00f1o de publicaci\u00f3n: 1,753; Cuartil de la categor\u00eda: Q2<\/li>\n<li>Ferres, Leo; Lindgaard, Gitte; Sumegi, Livia; Tsuji, Bruce; Fecha: 2013; Nombre: Evaluating a Tool for Improving Accessibility to Charts and Graphs; Nombre revista\/ Libro: ACM TRANSACTIONS ON COMPUTER-HUMAN INTERACTION; Editorial: ASSOC COMPUTING MACHINERY; ISSN:978-1-60558-881-0; DOI: 10.1145\/2533682.2533683; Factor de Impacto a\u00f1o de publicaci\u00f3n: 2,227; Cuartil de la categor\u00eda: Q2, Q2<\/li>\n<li>Graells-Garrido, Eduardo; Ferres, Leo; Caro, Diego; Bravo, Loreto; Fecha: 2017; Nombre: The effect of Pokemon Go on the pulse of the city: a natural experiment; Nombre revista\/ Libro: EPJ DATA SCIENCE; Editorial: SPRINGER HEIDELBERG, TIERGARTENSTRASSE 17, D-69121 HEIDELBERG, GERMANY; ISSN: 2193-1127; DOI: \u00a010.1140\/epjds\/s13688-017-0119-3; Factor de Impacto a\u00f1o de publicaci\u00f3n: 2,787; Cuartil de la categor\u00eda: Q1; Q1<\/li>\n<li>Fuentes-Sepulveda, Jose; Elejalde, Erick; Ferres, Leo; Seco, Diego; Fecha: 2017; Nombre: Parallel construction of wavelet tress on multicore architectures; Nombre revista\/ Libro: KNOWLEDGE AND INFORMATION SYSTEMS; Editorial: SPRINGER LONDON LTD, 236 GRAYS INN RD, 6TH FLOOR, LONDON WC1X 8HL, ENGLAND; ISSN:: \u00a00219-3116; DOI: 10.1007\/s10115-016-1000-6; Factor de Impacto a\u00f1o de publicaci\u00f3n: 2,004; Cuartil de la categor\u00eda: Q2, Q2<\/li>\n<\/ul>\n<\/td>\n<td bgcolor=\"#551A8B\"><\/td>\n<\/tr>\n<\/tbody>\n<\/table>\n<\/td>\n<\/tr>\n<tr>\n<td>\n<h2>PROJECTS<\/h2>\n<table border=\"1\" cellspacing=\"1\" cellpadding=\"1\">\n<tbody>\n<tr>\n<td>\n<ul>\n<li>Impacto geogr\u00e1fico de titulares de noticias en las redes sociales chilenas . CONICYT &#8211; FONDO DE ESTUDIOS SOBRE EL PLURALISMO EN EL SISTEMA INFORMATIVO . 2015.<\/li>\n<li>A consistency model for geographic changes and processes applied to regions. CONICYT &#8211; ECOS 2010-2013.<\/li>\n<li>Desarrollo de una plataforma para el diagn\u00f3stico de la comprensi\u00f3n lectora y orientaciones para la intervenci\u00f3n pedag\u00f3gica. FONDEF 2016 &#8211; 2018.<\/li>\n<li>Gender and Urban Mobility: Addressing Unequal Access to Urban Transportation for Women and Girls. United Nations Foundation; PI, 2016,Fondo internacional de la UN.<\/li>\n<\/ul>\n<\/td>\n<td bgcolor=\"#551A8B\"><\/td>\n<\/tr>\n<\/tbody>\n<\/table>\n<\/td>\n<\/tr>\n<\/tbody>\n<\/table>\n\t\t<\/div>\n\t<\/div>\n<\/div>\n"},"identifier":"4201e20d3de0fa568f7b5c8332fcdef367a4a40d","has_credential":[],"given_name":"Leo","family_name":"Ferres","name":"Leo Ferres","job_title":"Ph.D. in Cognitive Science Carleton University - DCCS Faculty Member","telephone":"","note":"DCCS Faculty Member\nResearcher Data Science Institute, Engineering Faculty, Universidad del Desarrollo.\n\nPh.D., in Cognitive Science Carleton University, Ottawa, Canad\u00e1.\nComputational Linguistics, Universidad Nacional de San Juan, Argentina.\n","im":"","_self_schedule":null,"_links":{"self":[{"href":"https:\/\/gobierno.udd.cl\/dccs\/wp-json\/wp\/v2\/people\/797","targetHints":{"allow":["GET"]}}],"collection":[{"href":"https:\/\/gobierno.udd.cl\/dccs\/wp-json\/wp\/v2\/people"}],"about":[{"href":"https:\/\/gobierno.udd.cl\/dccs\/wp-json\/wp\/v2\/types\/person"}],"wp:featuredmedia":[{"embeddable":true,"href":"https:\/\/gobierno.udd.cl\/dccs\/wp-json\/wp\/v2\/media\/796"}],"wp:attachment":[{"href":"https:\/\/gobierno.udd.cl\/dccs\/wp-json\/wp\/v2\/media?parent=797"}],"wp:term":[{"taxonomy":"people_tax","embeddable":true,"href":"https:\/\/gobierno.udd.cl\/dccs\/wp-json\/wp\/v2\/people_tax?post=797"},{"taxonomy":"people_areas","embeddable":true,"href":"https:\/\/gobierno.udd.cl\/dccs\/wp-json\/wp\/v2\/people_areas?post=797"},{"taxonomy":"people_levels","embeddable":true,"href":"https:\/\/gobierno.udd.cl\/dccs\/wp-json\/wp\/v2\/people_levels?post=797"}],"curies":[{"name":"wp","href":"https:\/\/api.w.org\/{rel}","templated":true}]}}

<!-- This site is optimized with the Yoast SEO plugin v26.9 - https://yoast.com/product/yoast-seo-wordpress/ -->
<title>Leo Ferres - Doctorado en Ciencias de la Complejidad Social</title>
<meta name="robots" content="index, follow, max-snippet:-1, max-image-preview:large, max-video-preview:-1" />
<link rel="canonical" href="https://gobierno.udd.cl/dccs/persona/leonardo-ferres-2/" />
<meta property="og:locale" content="es_ES" />
<meta property="og:type" content="article" />
<meta property="og:title" content="Leo Ferres - Doctorado en Ciencias de la Complejidad Social" />
<meta property="og:url" content="https://gobierno.udd.cl/dccs/persona/leonardo-ferres-2/" />
<meta property="og:site_name" content="Doctorado en Ciencias de la Complejidad Social" />
<meta property="og:image" content="https://gobierno.udd.cl/dccs/files/2017/12/leo-ferres.jpg" />
	<meta property="og:image:width" content="195" />
	<meta property="og:image:height" content="199" />
	<meta property="og:image:type" content="image/jpeg" />
<meta name="twitter:card" content="summary_large_image" />
<script type="application/ld+json" class="yoast-schema-graph">{"@context":"https://schema.org","@graph":[{"@type":"WebPage","@id":"https://gobierno.udd.cl/dccs/persona/leonardo-ferres-2/","url":"https://gobierno.udd.cl/dccs/persona/leonardo-ferres-2/","name":"Leo Ferres - Doctorado en Ciencias de la Complejidad Social","isPartOf":{"@id":"https://gobierno.udd.cl/dccs/#website"},"primaryImageOfPage":{"@id":"https://gobierno.udd.cl/dccs/persona/leonardo-ferres-2/#primaryimage"},"image":{"@id":"https://gobierno.udd.cl/dccs/persona/leonardo-ferres-2/#primaryimage"},"thumbnailUrl":"https://gobierno.udd.cl/dccs/files/2017/12/leo-ferres.jpg","datePublished":"2017-12-14T17:45:38+00:00","breadcrumb":{"@id":"https://gobierno.udd.cl/dccs/persona/leonardo-ferres-2/#breadcrumb"},"inLanguage":"es","potentialAction":[{"@type":"ReadAction","target":["https://gobierno.udd.cl/dccs/persona/leonardo-ferres-2/"]}]},{"@type":"ImageObject","inLanguage":"es","@id":"https://gobierno.udd.cl/dccs/persona/leonardo-ferres-2/#primaryimage","url":"https://gobierno.udd.cl/dccs/files/2017/12/leo-ferres.jpg","contentUrl":"https://gobierno.udd.cl/dccs/files/2017/12/leo-ferres.jpg","width":195,"height":199},{"@type":"BreadcrumbList","@id":"https://gobierno.udd.cl/dccs/persona/leonardo-ferres-2/#breadcrumb","itemListElement":[{"@type":"ListItem","position":1,"name":"Portada","item":"https://gobierno.udd.cl/dccs/"},{"@type":"ListItem","position":2,"name":"Personas","item":"https://gobierno.udd.cl/dccs/persona/"},{"@type":"ListItem","position":3,"name":"Leo Ferres"}]},{"@type":"WebSite","@id":"https://gobierno.udd.cl/dccs/#website","url":"https://gobierno.udd.cl/dccs/","name":"Doctorado en Ciencias de la Complejidad Social","description":"Centro de Investigación en Complejidad Social | UDD","inLanguage":"es"}]}</script>
<!-- / Yoast SEO plugin. -->

Centro de Investigación en Complejidad Social | UDD

<div class="person-modal person-modal--scl">
	<header class="person-modal__header">
		<div class="person-modal__bg"></div>
		<div class="modal-container">
						<div class="person-modal__media">
				<img width="195" height="199" src="https://gobierno.udd.cl/dccs/files/2017/12/leo-ferres-62x62.jpg" class="person-modal__image wp-post-image lazyload" alt="" decoding="async" loading="lazy" sizes="auto, (max-width: 195px) 100vw, 195px" data-src="https://gobierno.udd.cl/dccs/files/2017/12/leo-ferres.jpg" data-srcset="https://gobierno.udd.cl/dccs/files/2017/12/leo-ferres.jpg 195w, https://gobierno.udd.cl/dccs/files/2017/12/leo-ferres-62x62.jpg 62w" />			</div>
						<div class="person-modal__data">
				<h1 class="person-modal__name">Leo Ferres</h1>
							<span class="person-modal__description">Ph.D. in Cognitive Science Carleton University - DCCS Faculty Member</span>
															</div>
		</div>
	</header>
	<div class="modal-container">
			<div class="person-modal__content text">
					<p>DCCS Faculty Member<br />
Researcher Data Science Institute, Engineering Faculty, Universidad del Desarrollo.</p>
<p>Ph.D., in Cognitive Science Carleton University, Ottawa, Canadá.<br />
Computational Linguistics, Universidad Nacional de San Juan, Argentina.</p>
										<h3><span>RESEARCH LINES</span></h3>
<p><strong>Computacional Social Sciences</strong></p>
<p><strong>Research Interests:</strong><br />
Data Science, Big Data (high-performance computing), Social Networks.</p>
<p><strong>Contact:</strong><br />
lferres@udd.cl<br />
<a href="https://scholar.google.com/citations?user=KjTakkIAAAAJ&amp;hl=es">Google Scholar</a><br />
Phone: 56 (2) 2327 5540<br />
Address: Av. Plaza 680, Las Condes, Santiago.</p>
<h3><span>PRODUCTS</span></h3>
<table border="1" width="531" cellspacing="1" cellpadding="1">
<tbody>
<tr>
<td>
<h2>PAPERS</h2>
<table border="1" cellspacing="1" cellpadding="1">
<tbody>
<tr>
<td>
<ul>
<li>McCoy, Kathleen F.; Arnott, John L.; Ferres, Leo; Fried-Oken, Melanie; Roark, Brian; Fecha: 2013; Nombre: Speech and Language processing as assistive technologies; Nombre revista/ Libro: COMPUTER SPEECH AND LANGUAGE; Editorial: ACADEMIC PRESS LTD- ELSEVIER SCIENCE LTD; ISSN: 8852308; DOI: 10.1016/j.csl.2013.04.005; Factor de Impacto año de publicación: 1,753; Cuartil de la categoría: Q2</li>
<li>Ferres, Leo; Lindgaard, Gitte; Sumegi, Livia; Tsuji, Bruce; Fecha: 2013; Nombre: Evaluating a Tool for Improving Accessibility to Charts and Graphs; Nombre revista/ Libro: ACM TRANSACTIONS ON COMPUTER-HUMAN INTERACTION; Editorial: ASSOC COMPUTING MACHINERY; ISSN:978-1-60558-881-0; DOI: 10.1145/2533682.2533683; Factor de Impacto año de publicación: 2,227; Cuartil de la categoría: Q2, Q2</li>
<li>Graells-Garrido, Eduardo; Ferres, Leo; Caro, Diego; Bravo, Loreto; Fecha: 2017; Nombre: The effect of Pokemon Go on the pulse of the city: a natural experiment; Nombre revista/ Libro: EPJ DATA SCIENCE; Editorial: SPRINGER HEIDELBERG, TIERGARTENSTRASSE 17, D-69121 HEIDELBERG, GERMANY; ISSN: 2193-1127; DOI:  10.1140/epjds/s13688-017-0119-3; Factor de Impacto año de publicación: 2,787; Cuartil de la categoría: Q1; Q1</li>
<li>Fuentes-Sepulveda, Jose; Elejalde, Erick; Ferres, Leo; Seco, Diego; Fecha: 2017; Nombre: Parallel construction of wavelet tress on multicore architectures; Nombre revista/ Libro: KNOWLEDGE AND INFORMATION SYSTEMS; Editorial: SPRINGER LONDON LTD, 236 GRAYS INN RD, 6TH FLOOR, LONDON WC1X 8HL, ENGLAND; ISSN::  0219-3116; DOI: 10.1007/s10115-016-1000-6; Factor de Impacto año de publicación: 2,004; Cuartil de la categoría: Q2, Q2</li>
</ul>
</td>
<td bgcolor="#551A8B"></td>
</tr>
</tbody>
</table>
</td>
</tr>
<tr>
<td>
<h2>PROJECTS</h2>
<table border="1" cellspacing="1" cellpadding="1">
<tbody>
<tr>
<td>
<ul>
<li>Impacto geográfico de titulares de noticias en las redes sociales chilenas . CONICYT &#8211; FONDO DE ESTUDIOS SOBRE EL PLURALISMO EN EL SISTEMA INFORMATIVO . 2015.</li>
<li>A consistency model for geographic changes and processes applied to regions. CONICYT &#8211; ECOS 2010-2013.</li>
<li>Desarrollo de una plataforma para el diagnóstico de la comprensión lectora y orientaciones para la intervención pedagógica. FONDEF 2016 &#8211; 2018.</li>
<li>Gender and Urban Mobility: Addressing Unequal Access to Urban Transportation for Women and Girls. United Nations Foundation; PI, 2016,Fondo internacional de la UN.</li>
</ul>
</td>
<td bgcolor="#551A8B"></td>
</tr>
</tbody>
</table>
</td>
</tr>
</tbody>
</table>
		</div>
	</div>
</div>

DCCS Faculty Member
Researcher Data Science Institute, Engineering Faculty, Universidad del Desarrollo.

Ph.D., in Cognitive Science Carleton University, Ottawa, Canadá.
Computational Linguistics, Universidad Nacional de San Juan, Argentina.
