{"id":587,"date":"2017-11-24T14:49:27","date_gmt":"2017-11-24T14:49:27","guid":{"rendered":"http:\/\/dccs.udd.cl\/?post_type=person&amp;p=587"},"modified":"2017-11-24T14:49:27","modified_gmt":"2017-11-24T14:49:27","slug":"mauricio-aspe-2","status":"publish","type":"person","link":"https:\/\/gobierno.udd.cl\/dccs\/persona\/mauricio-aspe-2\/","featured_media":588,"template":"","people_tax":[75],"people_areas":[],"people_levels":[],"class_list":["post-587","person","type-person","status-publish","has-post-thumbnail","hentry","people_tax-alumni"],"yoast_head":"<!-- This site is optimized with the Yoast SEO plugin v26.9 - https:\/\/yoast.com\/product\/yoast-seo-wordpress\/ -->\n<title>Mauricio Asp\u00e9 - Doctorado en Ciencias de la Complejidad Social<\/title>\n<meta name=\"robots\" content=\"index, follow, max-snippet:-1, max-image-preview:large, max-video-preview:-1\" \/>\n<link rel=\"canonical\" href=\"https:\/\/gobierno.udd.cl\/dccs\/persona\/mauricio-aspe-2\/\" \/>\n<meta property=\"og:locale\" content=\"es_ES\" \/>\n<meta property=\"og:type\" content=\"article\" \/>\n<meta property=\"og:title\" content=\"Mauricio Asp\u00e9 - Doctorado en Ciencias de la Complejidad Social\" \/>\n<meta property=\"og:url\" content=\"https:\/\/gobierno.udd.cl\/dccs\/persona\/mauricio-aspe-2\/\" \/>\n<meta property=\"og:site_name\" content=\"Doctorado en Ciencias de la Complejidad Social\" \/>\n<meta property=\"og:image\" content=\"https:\/\/gobierno.udd.cl\/dccs\/files\/2017\/11\/mauricio-aspe.jpg\" \/>\n\t<meta property=\"og:image:width\" content=\"125\" \/>\n\t<meta property=\"og:image:height\" content=\"125\" \/>\n\t<meta property=\"og:image:type\" content=\"image\/jpeg\" \/>\n<meta name=\"twitter:card\" content=\"summary_large_image\" \/>\n<script type=\"application\/ld+json\" class=\"yoast-schema-graph\">{\"@context\":\"https:\/\/schema.org\",\"@graph\":[{\"@type\":\"WebPage\",\"@id\":\"https:\/\/gobierno.udd.cl\/dccs\/persona\/mauricio-aspe-2\/\",\"url\":\"https:\/\/gobierno.udd.cl\/dccs\/persona\/mauricio-aspe-2\/\",\"name\":\"Mauricio Asp\u00e9 - Doctorado en Ciencias de la Complejidad Social\",\"isPartOf\":{\"@id\":\"https:\/\/gobierno.udd.cl\/dccs\/#website\"},\"primaryImageOfPage\":{\"@id\":\"https:\/\/gobierno.udd.cl\/dccs\/persona\/mauricio-aspe-2\/#primaryimage\"},\"image\":{\"@id\":\"https:\/\/gobierno.udd.cl\/dccs\/persona\/mauricio-aspe-2\/#primaryimage\"},\"thumbnailUrl\":\"https:\/\/gobierno.udd.cl\/dccs\/files\/2017\/11\/mauricio-aspe.jpg\",\"datePublished\":\"2017-11-24T14:49:27+00:00\",\"breadcrumb\":{\"@id\":\"https:\/\/gobierno.udd.cl\/dccs\/persona\/mauricio-aspe-2\/#breadcrumb\"},\"inLanguage\":\"es\",\"potentialAction\":[{\"@type\":\"ReadAction\",\"target\":[\"https:\/\/gobierno.udd.cl\/dccs\/persona\/mauricio-aspe-2\/\"]}]},{\"@type\":\"ImageObject\",\"inLanguage\":\"es\",\"@id\":\"https:\/\/gobierno.udd.cl\/dccs\/persona\/mauricio-aspe-2\/#primaryimage\",\"url\":\"https:\/\/gobierno.udd.cl\/dccs\/files\/2017\/11\/mauricio-aspe.jpg\",\"contentUrl\":\"https:\/\/gobierno.udd.cl\/dccs\/files\/2017\/11\/mauricio-aspe.jpg\",\"width\":125,\"height\":125},{\"@type\":\"BreadcrumbList\",\"@id\":\"https:\/\/gobierno.udd.cl\/dccs\/persona\/mauricio-aspe-2\/#breadcrumb\",\"itemListElement\":[{\"@type\":\"ListItem\",\"position\":1,\"name\":\"Portada\",\"item\":\"https:\/\/gobierno.udd.cl\/dccs\/\"},{\"@type\":\"ListItem\",\"position\":2,\"name\":\"Personas\",\"item\":\"https:\/\/gobierno.udd.cl\/dccs\/persona\/\"},{\"@type\":\"ListItem\",\"position\":3,\"name\":\"Mauricio Asp\u00e9\"}]},{\"@type\":\"WebSite\",\"@id\":\"https:\/\/gobierno.udd.cl\/dccs\/#website\",\"url\":\"https:\/\/gobierno.udd.cl\/dccs\/\",\"name\":\"Doctorado en Ciencias de la Complejidad Social\",\"description\":\"Centro de Investigaci\u00f3n en Complejidad Social | UDD\",\"inLanguage\":\"es\"}]}<\/script>\n<!-- \/ Yoast SEO plugin. -->","yoast_head_json":{"title":"Mauricio Asp\u00e9 - Doctorado en Ciencias de la Complejidad Social","robots":{"index":"index","follow":"follow","max-snippet":"max-snippet:-1","max-image-preview":"max-image-preview:large","max-video-preview":"max-video-preview:-1"},"canonical":"https:\/\/gobierno.udd.cl\/dccs\/persona\/mauricio-aspe-2\/","og_locale":"es_ES","og_type":"article","og_title":"Mauricio Asp\u00e9 - Doctorado en Ciencias de la Complejidad Social","og_url":"https:\/\/gobierno.udd.cl\/dccs\/persona\/mauricio-aspe-2\/","og_site_name":"Doctorado en Ciencias de la Complejidad Social","og_image":[{"width":125,"height":125,"url":"https:\/\/gobierno.udd.cl\/dccs\/files\/2017\/11\/mauricio-aspe.jpg","type":"image\/jpeg"}],"twitter_card":"summary_large_image","schema":{"@context":"https:\/\/schema.org","@graph":[{"@type":"WebPage","@id":"https:\/\/gobierno.udd.cl\/dccs\/persona\/mauricio-aspe-2\/","url":"https:\/\/gobierno.udd.cl\/dccs\/persona\/mauricio-aspe-2\/","name":"Mauricio Asp\u00e9 - Doctorado en Ciencias de la Complejidad Social","isPartOf":{"@id":"https:\/\/gobierno.udd.cl\/dccs\/#website"},"primaryImageOfPage":{"@id":"https:\/\/gobierno.udd.cl\/dccs\/persona\/mauricio-aspe-2\/#primaryimage"},"image":{"@id":"https:\/\/gobierno.udd.cl\/dccs\/persona\/mauricio-aspe-2\/#primaryimage"},"thumbnailUrl":"https:\/\/gobierno.udd.cl\/dccs\/files\/2017\/11\/mauricio-aspe.jpg","datePublished":"2017-11-24T14:49:27+00:00","breadcrumb":{"@id":"https:\/\/gobierno.udd.cl\/dccs\/persona\/mauricio-aspe-2\/#breadcrumb"},"inLanguage":"es","potentialAction":[{"@type":"ReadAction","target":["https:\/\/gobierno.udd.cl\/dccs\/persona\/mauricio-aspe-2\/"]}]},{"@type":"ImageObject","inLanguage":"es","@id":"https:\/\/gobierno.udd.cl\/dccs\/persona\/mauricio-aspe-2\/#primaryimage","url":"https:\/\/gobierno.udd.cl\/dccs\/files\/2017\/11\/mauricio-aspe.jpg","contentUrl":"https:\/\/gobierno.udd.cl\/dccs\/files\/2017\/11\/mauricio-aspe.jpg","width":125,"height":125},{"@type":"BreadcrumbList","@id":"https:\/\/gobierno.udd.cl\/dccs\/persona\/mauricio-aspe-2\/#breadcrumb","itemListElement":[{"@type":"ListItem","position":1,"name":"Portada","item":"https:\/\/gobierno.udd.cl\/dccs\/"},{"@type":"ListItem","position":2,"name":"Personas","item":"https:\/\/gobierno.udd.cl\/dccs\/persona\/"},{"@type":"ListItem","position":3,"name":"Mauricio Asp\u00e9"}]},{"@type":"WebSite","@id":"https:\/\/gobierno.udd.cl\/dccs\/#website","url":"https:\/\/gobierno.udd.cl\/dccs\/","name":"Doctorado en Ciencias de la Complejidad Social","description":"Centro de Investigaci\u00f3n en Complejidad Social | UDD","inLanguage":"es"}]}},"label":"Mauricio Asp\u00e9","title":{"rendered":"Mauricio Asp\u00e9"},"role":"CLASS OF 2015 - Ph.D in Social Complexity Sciences, Universidad del Desarrollo","thumbnail_url":"https:\/\/gobierno.udd.cl\/dccs\/files\/2017\/11\/mauricio-aspe.jpg","email":"","tel_job":"","content":{"rendered":"<div class=\"person-modal person-modal--scl\">\n\t<header class=\"person-modal__header\">\n\t\t<div class=\"person-modal__bg\"><\/div>\n\t\t<div class=\"modal-container\">\n\t\t\t\t\t\t<div class=\"person-modal__media\">\n\t\t\t\t<img width=\"125\" height=\"125\" src=\"https:\/\/gobierno.udd.cl\/dccs\/files\/2017\/11\/mauricio-aspe-62x62.jpg\" class=\"person-modal__image wp-post-image lazyload\" alt=\"\" decoding=\"async\" loading=\"lazy\" sizes=\"auto, (max-width: 125px) 100vw, 125px\" data-src=\"https:\/\/gobierno.udd.cl\/dccs\/files\/2017\/11\/mauricio-aspe.jpg\" data-srcset=\"https:\/\/gobierno.udd.cl\/dccs\/files\/2017\/11\/mauricio-aspe.jpg 125w, https:\/\/gobierno.udd.cl\/dccs\/files\/2017\/11\/mauricio-aspe-62x62.jpg 62w\" \/>\t\t\t<\/div>\n\t\t\t\t\t\t<div class=\"person-modal__data\">\n\t\t\t\t<h1 class=\"person-modal__name\">Mauricio Asp\u00e9<\/h1>\n\t\t\t\t\t\t\t<span class=\"person-modal__description\">CLASS OF 2015 - Ph.D in Social Complexity Sciences, Universidad del Desarrollo<\/span>\n\t\t\t\t\t\t\t\t\t\t\t\t\t\t\t<\/div>\n\t\t<\/div>\n\t<\/header>\n\t<div class=\"modal-container\">\n\t\t\t<div class=\"person-modal__content text\">\n\t\t\t\t\t<p>Neuroscience advising to thesis students, UDD.<br \/>\nCurrent participation in Fondecyt Initiation project \"The role of social status to explain the relationship of mating strategies and testosterone. An experimental design to understand causal relationships in men mating investments\" (2019-2021).<br \/>\nCurrent participation in FONIS Project: Evaluation of a cognitive rehabilitation therapy based on brain oscillations training in patients with Mild Cognitive Impairment (2019 - 2022).<\/p>\n<p>Ph.D in Social Complexity Sciences, Universidad del Desarrollo.<br \/>\nPh.D. in Sciences, mention Neuroscience, Universidad de Valpara\u00edso.<br \/>\nM.Sc. in Biological Sciences, mention Neuroscience, Universidad de Valpara\u00edso.<br \/>\nB.Sc. in Psychology, Universidad de Valpara\u00edso.<\/p>\n\t\t\t\t\t\t\t\t\t\t<p><strong>Research interests:<\/strong><br \/>\nGame theory, Cooperative behavior, Genetics, Brain dynamics, Complex networks, Philosophy of mind.<\/p>\n<p><strong>Contact:<\/strong><br \/>\nMail: maspes@udd.cl<br \/>\nPhone: 56 (2) 2327 9701<br \/>\nAddress: Av. Las Condes 12461, Las Condes, Santiago de Chile.<\/p>\n<h3><span>PRODUCTS<\/span><\/h3>\n<div class=\"widget-content\"><\/div>\n<table border=\"1\" width=\"531\" cellspacing=\"1\" cellpadding=\"1\">\n<tbody>\n<tr>\n<td>\n<h2>PAPERS<\/h2>\n<table border=\"1\" cellspacing=\"1\" cellpadding=\"1\">\n<tbody>\n<tr>\n<td>\n<ul>\n<li>Asp\u00e9-S\u00e0nchez, M., Moreno, M., Rivera, M. I., Rossi, A., and Ewer, J. (2015). \u201cOxytocin and Vasopressin Receptor Gene Polymorphisms: Role in Social and Psychiatric Traits\u201d. Frontiers in Neuroscience, 9(January), 510.<\/li>\n<li>Asp\u00e9-S\u00e1nchez, M.. \u201cUnmasking Reciprocity: Behavioral components and neural correlates of human trustworthiness\u201d<\/li>\n<\/ul>\n<\/td>\n<td bgcolor=\"#551A8B\"><\/td>\n<\/tr>\n<\/tbody>\n<\/table>\n<\/td>\n<\/tr>\n<tr>\n<td>\n<h2>CONFERENCES<\/h2>\n<table border=\"1\" cellspacing=\"1\" cellpadding=\"1\">\n<tbody>\n<tr>\n<td>\n<ul>\n<li>Jornadas de Discusi\u00f3n Interdisciplinaria: Bases de la Conducta Humana. \u00abH. sapiens versus H. economicus: Correlatos neuronales de conductas prosociales en interacciones econ\u00f3micas humanas\u00bb. Instituto de Sistemas Complejos de Valpara\u00edso, Valpara\u00edso, Chile. Oct 2016.<\/li>\n<li>Annual Meeting, Centro Interdisciplinario de Neurociencia de Valpara\u00edso. \u00abH. sapiens versus H. economicus: Behavioral and genetic experiments on human nature.\u00bb Universidad de Valpara\u00edso, Valpara\u00edso, Chile. Jul 2015.<\/li>\n<li>Society of Neuroeconomics Annual Meeting. \u00abNeural and behavioral correlates of matching outcomes and expectations in altruistic and reciprocal behaviors.\u00bb Neuroeconomics Society, Miami, EE.UU. Sept 2014.<\/li>\n<\/ul>\n<\/td>\n<td bgcolor=\"#551A8B\"><\/td>\n<\/tr>\n<\/tbody>\n<\/table>\n<\/td>\n<\/tr>\n<\/tbody>\n<\/table>\n<section class=\"widget widget-testimony box-wrap box-border\">\n<header class=\"widget-header widget-header-border\">\n<h3 class=\"widget-title\">Mauricio Asp\u00e9<\/h3>\n<\/header>\n<div class=\"widget-content\">\n<div class=\"hentry hentry-testimony object-thumbnail-xs object-thumbnail-left\">\n<p><img class=\"thumbnail\" src=\"http:\/\/dccs.udd.cl\/files\/2017\/11\/mauricio-aspe.jpg\" alt=\"\" \/><\/p>\n<div class=\"wrap-content\">\n<h4 class=\"entry-title\"><\/h4>\n<p><small>Mauricio Asp\u00e9 &#8211;\u00a0Class of\u00a02015<\/small><\/p>\n<div class=\"entry-summary\">\n<\/div>\n<\/div>\n<\/div>\n<\/div>\n<\/section>\n\t\t<\/div>\n\t<\/div>\n<\/div>\n"},"identifier":"9265f41758b5d2382564e81b0cdfb917bf812ab1","has_credential":[],"given_name":"Mauricio","family_name":"Asp\u00e9","name":"Mauricio Asp\u00e9","job_title":"CLASS OF 2015 - Ph.D in Social Complexity Sciences, Universidad del Desarrollo","telephone":"","note":"Neuroscience advising to thesis students, UDD.\nCurrent participation in Fondecyt Initiation project \"The role of social status to explain the relationship of mating strategies and testosterone. An experimental design to understand causal relationships in men mating investments\" (2019-2021).\nCurrent participation in FONIS Project: Evaluation of a cognitive rehabilitation therapy based on brain oscillations training in patients with Mild Cognitive Impairment (2019 - 2022).\n\nPh.D in Social Complexity Sciences, Universidad del Desarrollo.\nPh.D. in Sciences, mention Neuroscience, Universidad de Valpara\u00edso.\nM.Sc. in Biological Sciences, mention Neuroscience, Universidad de Valpara\u00edso.\nB.Sc. in Psychology, Universidad de Valpara\u00edso.","im":"","_self_schedule":null,"_links":{"self":[{"href":"https:\/\/gobierno.udd.cl\/dccs\/wp-json\/wp\/v2\/people\/587","targetHints":{"allow":["GET"]}}],"collection":[{"href":"https:\/\/gobierno.udd.cl\/dccs\/wp-json\/wp\/v2\/people"}],"about":[{"href":"https:\/\/gobierno.udd.cl\/dccs\/wp-json\/wp\/v2\/types\/person"}],"wp:featuredmedia":[{"embeddable":true,"href":"https:\/\/gobierno.udd.cl\/dccs\/wp-json\/wp\/v2\/media\/588"}],"wp:attachment":[{"href":"https:\/\/gobierno.udd.cl\/dccs\/wp-json\/wp\/v2\/media?parent=587"}],"wp:term":[{"taxonomy":"people_tax","embeddable":true,"href":"https:\/\/gobierno.udd.cl\/dccs\/wp-json\/wp\/v2\/people_tax?post=587"},{"taxonomy":"people_areas","embeddable":true,"href":"https:\/\/gobierno.udd.cl\/dccs\/wp-json\/wp\/v2\/people_areas?post=587"},{"taxonomy":"people_levels","embeddable":true,"href":"https:\/\/gobierno.udd.cl\/dccs\/wp-json\/wp\/v2\/people_levels?post=587"}],"curies":[{"name":"wp","href":"https:\/\/api.w.org\/{rel}","templated":true}]}}

<!-- This site is optimized with the Yoast SEO plugin v26.9 - https://yoast.com/product/yoast-seo-wordpress/ -->
<title>Mauricio Aspé - Doctorado en Ciencias de la Complejidad Social</title>
<meta name="robots" content="index, follow, max-snippet:-1, max-image-preview:large, max-video-preview:-1" />
<link rel="canonical" href="https://gobierno.udd.cl/dccs/persona/mauricio-aspe-2/" />
<meta property="og:locale" content="es_ES" />
<meta property="og:type" content="article" />
<meta property="og:title" content="Mauricio Aspé - Doctorado en Ciencias de la Complejidad Social" />
<meta property="og:url" content="https://gobierno.udd.cl/dccs/persona/mauricio-aspe-2/" />
<meta property="og:site_name" content="Doctorado en Ciencias de la Complejidad Social" />
<meta property="og:image" content="https://gobierno.udd.cl/dccs/files/2017/11/mauricio-aspe.jpg" />
	<meta property="og:image:width" content="125" />
	<meta property="og:image:height" content="125" />
	<meta property="og:image:type" content="image/jpeg" />
<meta name="twitter:card" content="summary_large_image" />
<script type="application/ld+json" class="yoast-schema-graph">{"@context":"https://schema.org","@graph":[{"@type":"WebPage","@id":"https://gobierno.udd.cl/dccs/persona/mauricio-aspe-2/","url":"https://gobierno.udd.cl/dccs/persona/mauricio-aspe-2/","name":"Mauricio Aspé - Doctorado en Ciencias de la Complejidad Social","isPartOf":{"@id":"https://gobierno.udd.cl/dccs/#website"},"primaryImageOfPage":{"@id":"https://gobierno.udd.cl/dccs/persona/mauricio-aspe-2/#primaryimage"},"image":{"@id":"https://gobierno.udd.cl/dccs/persona/mauricio-aspe-2/#primaryimage"},"thumbnailUrl":"https://gobierno.udd.cl/dccs/files/2017/11/mauricio-aspe.jpg","datePublished":"2017-11-24T14:49:27+00:00","breadcrumb":{"@id":"https://gobierno.udd.cl/dccs/persona/mauricio-aspe-2/#breadcrumb"},"inLanguage":"es","potentialAction":[{"@type":"ReadAction","target":["https://gobierno.udd.cl/dccs/persona/mauricio-aspe-2/"]}]},{"@type":"ImageObject","inLanguage":"es","@id":"https://gobierno.udd.cl/dccs/persona/mauricio-aspe-2/#primaryimage","url":"https://gobierno.udd.cl/dccs/files/2017/11/mauricio-aspe.jpg","contentUrl":"https://gobierno.udd.cl/dccs/files/2017/11/mauricio-aspe.jpg","width":125,"height":125},{"@type":"BreadcrumbList","@id":"https://gobierno.udd.cl/dccs/persona/mauricio-aspe-2/#breadcrumb","itemListElement":[{"@type":"ListItem","position":1,"name":"Portada","item":"https://gobierno.udd.cl/dccs/"},{"@type":"ListItem","position":2,"name":"Personas","item":"https://gobierno.udd.cl/dccs/persona/"},{"@type":"ListItem","position":3,"name":"Mauricio Aspé"}]},{"@type":"WebSite","@id":"https://gobierno.udd.cl/dccs/#website","url":"https://gobierno.udd.cl/dccs/","name":"Doctorado en Ciencias de la Complejidad Social","description":"Centro de Investigación en Complejidad Social | UDD","inLanguage":"es"}]}</script>
<!-- / Yoast SEO plugin. -->

Mauricio Aspé - Doctorado en Ciencias de la Complejidad Social

Mauricio Aspé

Centro de Investigación en Complejidad Social | UDD

<div class="person-modal person-modal--scl">
	<header class="person-modal__header">
		<div class="person-modal__bg"></div>
		<div class="modal-container">
						<div class="person-modal__media">
				<img width="125" height="125" src="https://gobierno.udd.cl/dccs/files/2017/11/mauricio-aspe-62x62.jpg" class="person-modal__image wp-post-image lazyload" alt="" decoding="async" loading="lazy" sizes="auto, (max-width: 125px) 100vw, 125px" data-src="https://gobierno.udd.cl/dccs/files/2017/11/mauricio-aspe.jpg" data-srcset="https://gobierno.udd.cl/dccs/files/2017/11/mauricio-aspe.jpg 125w, https://gobierno.udd.cl/dccs/files/2017/11/mauricio-aspe-62x62.jpg 62w" />			</div>
						<div class="person-modal__data">
				<h1 class="person-modal__name">Mauricio Aspé</h1>
							<span class="person-modal__description">CLASS OF 2015 - Ph.D in Social Complexity Sciences, Universidad del Desarrollo</span>
															</div>
		</div>
	</header>
	<div class="modal-container">
			<div class="person-modal__content text">
					<p>Neuroscience advising to thesis students, UDD.<br />
Current participation in Fondecyt Initiation project "The role of social status to explain the relationship of mating strategies and testosterone. An experimental design to understand causal relationships in men mating investments" (2019-2021).<br />
Current participation in FONIS Project: Evaluation of a cognitive rehabilitation therapy based on brain oscillations training in patients with Mild Cognitive Impairment (2019 - 2022).</p>
<p>Ph.D in Social Complexity Sciences, Universidad del Desarrollo.<br />
Ph.D. in Sciences, mention Neuroscience, Universidad de Valparaíso.<br />
M.Sc. in Biological Sciences, mention Neuroscience, Universidad de Valparaíso.<br />
B.Sc. in Psychology, Universidad de Valparaíso.</p>
										<p><strong>Research interests:</strong><br />
Game theory, Cooperative behavior, Genetics, Brain dynamics, Complex networks, Philosophy of mind.</p>
<p><strong>Contact:</strong><br />
Mail: maspes@udd.cl<br />
Phone: 56 (2) 2327 9701<br />
Address: Av. Las Condes 12461, Las Condes, Santiago de Chile.</p>
<h3><span>PRODUCTS</span></h3>
<div class="widget-content"></div>
<table border="1" width="531" cellspacing="1" cellpadding="1">
<tbody>
<tr>
<td>
<h2>PAPERS</h2>
<table border="1" cellspacing="1" cellpadding="1">
<tbody>
<tr>
<td>
<ul>
<li>Aspé-Sànchez, M., Moreno, M., Rivera, M. I., Rossi, A., and Ewer, J. (2015). “Oxytocin and Vasopressin Receptor Gene Polymorphisms: Role in Social and Psychiatric Traits”. Frontiers in Neuroscience, 9(January), 510.</li>
<li>Aspé-Sánchez, M.. “Unmasking Reciprocity: Behavioral components and neural correlates of human trustworthiness”</li>
</ul>
</td>
<td bgcolor="#551A8B"></td>
</tr>
</tbody>
</table>
</td>
</tr>
<tr>
<td>
<h2>CONFERENCES</h2>
<table border="1" cellspacing="1" cellpadding="1">
<tbody>
<tr>
<td>
<ul>
<li>Jornadas de Discusión Interdisciplinaria: Bases de la Conducta Humana. «H. sapiens versus H. economicus: Correlatos neuronales de conductas prosociales en interacciones económicas humanas». Instituto de Sistemas Complejos de Valparaíso, Valparaíso, Chile. Oct 2016.</li>
<li>Annual Meeting, Centro Interdisciplinario de Neurociencia de Valparaíso. «H. sapiens versus H. economicus: Behavioral and genetic experiments on human nature.» Universidad de Valparaíso, Valparaíso, Chile. Jul 2015.</li>
<li>Society of Neuroeconomics Annual Meeting. «Neural and behavioral correlates of matching outcomes and expectations in altruistic and reciprocal behaviors.» Neuroeconomics Society, Miami, EE.UU. Sept 2014.</li>
</ul>
</td>
<td bgcolor="#551A8B"></td>
</tr>
</tbody>
</table>
</td>
</tr>
</tbody>
</table>
<section class="widget widget-testimony box-wrap box-border">
<header class="widget-header widget-header-border">
<h3 class="widget-title">Mauricio Aspé</h3>
</header>
<div class="widget-content">
<div class="hentry hentry-testimony object-thumbnail-xs object-thumbnail-left">
<p><img class="thumbnail" src="http://dccs.udd.cl/files/2017/11/mauricio-aspe.jpg" alt="" /></p>
<div class="wrap-content">
<h4 class="entry-title"></h4>
<p><small>Mauricio Aspé &#8211; Class of 2015</small></p>
<div class="entry-summary">
</div>
</div>
</div>
</div>
</section>
		</div>
	</div>
</div>

Aspé

Neuroscience advising to thesis students, UDD.
Current participation in Fondecyt Initiation project "The role of social status to explain the relationship of mating strategies and testosterone. An experimental design to understand causal relationships in men mating investments" (2019-2021).
Current participation in FONIS Project: Evaluation of a cognitive rehabilitation therapy based on brain oscillations training in patients with Mild Cognitive Impairment (2019 - 2022).

Ph.D in Social Complexity Sciences, Universidad del Desarrollo.
Ph.D. in Sciences, mention Neuroscience, Universidad de Valparaíso.
M.Sc. in Biological Sciences, mention Neuroscience, Universidad de Valparaíso.
B.Sc. in Psychology, Universidad de Valparaíso.
