{"id":574,"date":"2017-11-23T19:42:13","date_gmt":"2017-11-23T19:42:13","guid":{"rendered":"http:\/\/dccs.udd.cl\/?post_type=person&amp;p=574"},"modified":"2017-11-23T19:42:13","modified_gmt":"2017-11-23T19:42:13","slug":"jorge-urrutia","status":"publish","type":"person","link":"https:\/\/gobierno.udd.cl\/dccs\/persona\/jorge-urrutia\/","featured_media":575,"template":"","people_tax":[75],"people_areas":[],"people_levels":[],"class_list":["post-574","person","type-person","status-publish","has-post-thumbnail","hentry","people_tax-alumni"],"yoast_head":"<!-- This site is optimized with the Yoast SEO plugin v26.9 - https:\/\/yoast.com\/product\/yoast-seo-wordpress\/ -->\n<title>Jorge Urrutia - Doctorado en Ciencias de la Complejidad Social<\/title>\n<meta name=\"robots\" content=\"index, follow, max-snippet:-1, max-image-preview:large, max-video-preview:-1\" \/>\n<link rel=\"canonical\" href=\"https:\/\/gobierno.udd.cl\/dccs\/persona\/jorge-urrutia\/\" \/>\n<meta property=\"og:locale\" content=\"es_ES\" \/>\n<meta property=\"og:type\" content=\"article\" \/>\n<meta property=\"og:title\" content=\"Jorge Urrutia - Doctorado en Ciencias de la Complejidad Social\" \/>\n<meta property=\"og:url\" content=\"https:\/\/gobierno.udd.cl\/dccs\/persona\/jorge-urrutia\/\" \/>\n<meta property=\"og:site_name\" content=\"Doctorado en Ciencias de la Complejidad Social\" \/>\n<meta property=\"og:image\" content=\"https:\/\/gobierno.udd.cl\/dccs\/files\/2017\/11\/jorge-urrutia.jpg\" \/>\n\t<meta property=\"og:image:width\" content=\"125\" \/>\n\t<meta property=\"og:image:height\" content=\"125\" \/>\n\t<meta property=\"og:image:type\" content=\"image\/jpeg\" \/>\n<meta name=\"twitter:card\" content=\"summary_large_image\" \/>\n<script type=\"application\/ld+json\" class=\"yoast-schema-graph\">{\"@context\":\"https:\/\/schema.org\",\"@graph\":[{\"@type\":\"WebPage\",\"@id\":\"https:\/\/gobierno.udd.cl\/dccs\/persona\/jorge-urrutia\/\",\"url\":\"https:\/\/gobierno.udd.cl\/dccs\/persona\/jorge-urrutia\/\",\"name\":\"Jorge Urrutia - Doctorado en Ciencias de la Complejidad Social\",\"isPartOf\":{\"@id\":\"https:\/\/gobierno.udd.cl\/dccs\/#website\"},\"primaryImageOfPage\":{\"@id\":\"https:\/\/gobierno.udd.cl\/dccs\/persona\/jorge-urrutia\/#primaryimage\"},\"image\":{\"@id\":\"https:\/\/gobierno.udd.cl\/dccs\/persona\/jorge-urrutia\/#primaryimage\"},\"thumbnailUrl\":\"https:\/\/gobierno.udd.cl\/dccs\/files\/2017\/11\/jorge-urrutia.jpg\",\"datePublished\":\"2017-11-23T19:42:13+00:00\",\"breadcrumb\":{\"@id\":\"https:\/\/gobierno.udd.cl\/dccs\/persona\/jorge-urrutia\/#breadcrumb\"},\"inLanguage\":\"es\",\"potentialAction\":[{\"@type\":\"ReadAction\",\"target\":[\"https:\/\/gobierno.udd.cl\/dccs\/persona\/jorge-urrutia\/\"]}]},{\"@type\":\"ImageObject\",\"inLanguage\":\"es\",\"@id\":\"https:\/\/gobierno.udd.cl\/dccs\/persona\/jorge-urrutia\/#primaryimage\",\"url\":\"https:\/\/gobierno.udd.cl\/dccs\/files\/2017\/11\/jorge-urrutia.jpg\",\"contentUrl\":\"https:\/\/gobierno.udd.cl\/dccs\/files\/2017\/11\/jorge-urrutia.jpg\",\"width\":125,\"height\":125},{\"@type\":\"BreadcrumbList\",\"@id\":\"https:\/\/gobierno.udd.cl\/dccs\/persona\/jorge-urrutia\/#breadcrumb\",\"itemListElement\":[{\"@type\":\"ListItem\",\"position\":1,\"name\":\"Portada\",\"item\":\"https:\/\/gobierno.udd.cl\/dccs\/\"},{\"@type\":\"ListItem\",\"position\":2,\"name\":\"Personas\",\"item\":\"https:\/\/gobierno.udd.cl\/dccs\/persona\/\"},{\"@type\":\"ListItem\",\"position\":3,\"name\":\"Jorge Urrutia\"}]},{\"@type\":\"WebSite\",\"@id\":\"https:\/\/gobierno.udd.cl\/dccs\/#website\",\"url\":\"https:\/\/gobierno.udd.cl\/dccs\/\",\"name\":\"Doctorado en Ciencias de la Complejidad Social\",\"description\":\"Centro de Investigaci\u00f3n en Complejidad Social | UDD\",\"inLanguage\":\"es\"}]}<\/script>\n<!-- \/ Yoast SEO plugin. -->","yoast_head_json":{"title":"Jorge Urrutia - Doctorado en Ciencias de la Complejidad Social","robots":{"index":"index","follow":"follow","max-snippet":"max-snippet:-1","max-image-preview":"max-image-preview:large","max-video-preview":"max-video-preview:-1"},"canonical":"https:\/\/gobierno.udd.cl\/dccs\/persona\/jorge-urrutia\/","og_locale":"es_ES","og_type":"article","og_title":"Jorge Urrutia - Doctorado en Ciencias de la Complejidad Social","og_url":"https:\/\/gobierno.udd.cl\/dccs\/persona\/jorge-urrutia\/","og_site_name":"Doctorado en Ciencias de la Complejidad Social","og_image":[{"width":125,"height":125,"url":"https:\/\/gobierno.udd.cl\/dccs\/files\/2017\/11\/jorge-urrutia.jpg","type":"image\/jpeg"}],"twitter_card":"summary_large_image","schema":{"@context":"https:\/\/schema.org","@graph":[{"@type":"WebPage","@id":"https:\/\/gobierno.udd.cl\/dccs\/persona\/jorge-urrutia\/","url":"https:\/\/gobierno.udd.cl\/dccs\/persona\/jorge-urrutia\/","name":"Jorge Urrutia - Doctorado en Ciencias de la Complejidad Social","isPartOf":{"@id":"https:\/\/gobierno.udd.cl\/dccs\/#website"},"primaryImageOfPage":{"@id":"https:\/\/gobierno.udd.cl\/dccs\/persona\/jorge-urrutia\/#primaryimage"},"image":{"@id":"https:\/\/gobierno.udd.cl\/dccs\/persona\/jorge-urrutia\/#primaryimage"},"thumbnailUrl":"https:\/\/gobierno.udd.cl\/dccs\/files\/2017\/11\/jorge-urrutia.jpg","datePublished":"2017-11-23T19:42:13+00:00","breadcrumb":{"@id":"https:\/\/gobierno.udd.cl\/dccs\/persona\/jorge-urrutia\/#breadcrumb"},"inLanguage":"es","potentialAction":[{"@type":"ReadAction","target":["https:\/\/gobierno.udd.cl\/dccs\/persona\/jorge-urrutia\/"]}]},{"@type":"ImageObject","inLanguage":"es","@id":"https:\/\/gobierno.udd.cl\/dccs\/persona\/jorge-urrutia\/#primaryimage","url":"https:\/\/gobierno.udd.cl\/dccs\/files\/2017\/11\/jorge-urrutia.jpg","contentUrl":"https:\/\/gobierno.udd.cl\/dccs\/files\/2017\/11\/jorge-urrutia.jpg","width":125,"height":125},{"@type":"BreadcrumbList","@id":"https:\/\/gobierno.udd.cl\/dccs\/persona\/jorge-urrutia\/#breadcrumb","itemListElement":[{"@type":"ListItem","position":1,"name":"Portada","item":"https:\/\/gobierno.udd.cl\/dccs\/"},{"@type":"ListItem","position":2,"name":"Personas","item":"https:\/\/gobierno.udd.cl\/dccs\/persona\/"},{"@type":"ListItem","position":3,"name":"Jorge Urrutia"}]},{"@type":"WebSite","@id":"https:\/\/gobierno.udd.cl\/dccs\/#website","url":"https:\/\/gobierno.udd.cl\/dccs\/","name":"Doctorado en Ciencias de la Complejidad Social","description":"Centro de Investigaci\u00f3n en Complejidad Social | UDD","inLanguage":"es"}]}},"label":"Jorge Urrutia","title":{"rendered":"Jorge Urrutia"},"role":"CLASS OF 2015 - Ph.D in Social Complexity Sciences, Universidad del Desarrollo","thumbnail_url":"https:\/\/gobierno.udd.cl\/dccs\/files\/2017\/11\/jorge-urrutia.jpg","email":"","tel_job":"","content":{"rendered":"<div class=\"person-modal person-modal--scl\">\n\t<header class=\"person-modal__header\">\n\t\t<div class=\"person-modal__bg\"><\/div>\n\t\t<div class=\"modal-container\">\n\t\t\t\t\t\t<div class=\"person-modal__media\">\n\t\t\t\t<img width=\"125\" height=\"125\" src=\"https:\/\/gobierno.udd.cl\/dccs\/files\/2017\/11\/jorge-urrutia-62x62.jpg\" class=\"person-modal__image wp-post-image lazyload\" alt=\"\" decoding=\"async\" loading=\"lazy\" sizes=\"auto, (max-width: 125px) 100vw, 125px\" data-src=\"https:\/\/gobierno.udd.cl\/dccs\/files\/2017\/11\/jorge-urrutia.jpg\" data-srcset=\"https:\/\/gobierno.udd.cl\/dccs\/files\/2017\/11\/jorge-urrutia.jpg 125w, https:\/\/gobierno.udd.cl\/dccs\/files\/2017\/11\/jorge-urrutia-62x62.jpg 62w\" \/>\t\t\t<\/div>\n\t\t\t\t\t\t<div class=\"person-modal__data\">\n\t\t\t\t<h1 class=\"person-modal__name\">Jorge Urrutia<\/h1>\n\t\t\t\t\t\t\t<span class=\"person-modal__description\">CLASS OF 2015 - Ph.D in Social Complexity Sciences, Universidad del Desarrollo<\/span>\n\t\t\t\t\t\t\t\t\t\t\t\t\t\t\t<\/div>\n\t\t<\/div>\n\t<\/header>\n\t<div class=\"modal-container\">\n\t\t\t<div class=\"person-modal__content text\">\n\t\t\t\t\t<p>Undergraduate academic of the optimization course, Industrial Engineering program,<br \/>\nAdolfo Iba\u00f1ez University.<\/p>\n<p>Ph.D in Social Complexity Sciences, Universidad del Desarrollo.<br \/>\nMsc. Operations Research and Statistics. Universidad Tecnol\u00f3gica de Pereira.<br \/>\nGraduate in Mathematics and Physics. Universidad Tecnol\u00f3gica del Choc\u00f3<\/p>\n\t\t\t\t\t\t\t\t\t\t<p><strong>Research interests:<\/strong><br \/>\nBehavioral economics, Decision models.<\/p>\n<p><strong>Contact:<\/strong><br \/>\nMail: jurrutiam@udd.cl<br \/>\nPhone: 56 (2) 2327 9701<br \/>\nAddress: Av. Las Condes 12461, Las Condes, Santiago de Chile.<\/p>\n<h3><span>PRODUCTS<\/span><\/h3>\n<table border=\"1\" width=\"531\" cellspacing=\"1\" cellpadding=\"1\">\n<tbody>\n<tr>\n<td>\n<h2>PAPERS<\/h2>\n<table border=\"1\" cellspacing=\"1\" cellpadding=\"1\">\n<tbody>\n<tr>\n<td>\n<ul>\n<li>Modelaci\u00f3n de la elecci\u00f3n y compra de Autos:\u201cEstudio emp\u00edrico de las caracter\u00edsticas de los consumidores y valoraci\u00f3n de incentivos que influyen en la demanda del consumo de autos de baja contaminaci\u00f3n (El\u00e9ctricos e H\u00edbridos)\u201d,<\/li>\n<li>Urrutia-Mosquera, J., L\u00f3pez-Ospina, H., Sabatini, F., &amp; Rasse, A. (2017). Tolerancia a la diversidad y segregaci\u00f3n residencial. Una adaptaci\u00f3n del modelo de segregaci\u00f3n de Schelling con tres grupos sociales.\u00a0EURE (Santiago),\u00a043(130), 5-24.<\/li>\n<\/ul>\n<\/td>\n<td bgcolor=\"#551A8B\"><\/td>\n<\/tr>\n<\/tbody>\n<\/table>\n<\/td>\n<\/tr>\n<tr>\n<td>\n<h2>CONFERENCES<\/h2>\n<table border=\"1\" cellspacing=\"1\" cellpadding=\"1\">\n<tbody>\n<tr>\n<td>\n<ul>\n<li>Octava Conferencia Iberoamericana de Complejidad, Inform\u00e1tica y Cibern\u00e9tica: CICC 2018. Ponente y Co-Chair<\/li>\n<li>Urrutia-Mosquera, J., L\u00f3pez-Ospina, H., Sabatini, F., &amp; Rasse, A. (2018).\u00a0Tolerancias y preferencias en el modelo de segregaci\u00f3n de Schilling.\u00a0\u00a0Octava Conferencia Iberoamericana de Complejidad, Inform\u00e1tica y Cibern\u00e9tica: CICC 2018<\/li>\n<\/ul>\n<\/td>\n<td bgcolor=\"#551A8B\"><\/td>\n<\/tr>\n<\/tbody>\n<\/table>\n<\/td>\n<\/tr>\n<\/tbody>\n<\/table>\n\t\t<\/div>\n\t<\/div>\n<\/div>\n"},"identifier":"bf01d86ae21b168d8b982af29e253890fc49e0b2","has_credential":[],"given_name":"Jorge","family_name":"Urrutia","name":"Jorge Urrutia","job_title":"CLASS OF 2015 - Ph.D in Social Complexity Sciences, Universidad del Desarrollo","telephone":"","note":"Undergraduate academic of the optimization course, Industrial Engineering program,\nAdolfo Iba\u00f1ez University.\n\nPh.D in Social Complexity Sciences, Universidad del Desarrollo.\nMsc. Operations Research and Statistics. Universidad Tecnol\u00f3gica de Pereira.\nGraduate in Mathematics and Physics. Universidad Tecnol\u00f3gica del Choc\u00f3\n","im":"","_self_schedule":null,"_links":{"self":[{"href":"https:\/\/gobierno.udd.cl\/dccs\/wp-json\/wp\/v2\/people\/574","targetHints":{"allow":["GET"]}}],"collection":[{"href":"https:\/\/gobierno.udd.cl\/dccs\/wp-json\/wp\/v2\/people"}],"about":[{"href":"https:\/\/gobierno.udd.cl\/dccs\/wp-json\/wp\/v2\/types\/person"}],"wp:featuredmedia":[{"embeddable":true,"href":"https:\/\/gobierno.udd.cl\/dccs\/wp-json\/wp\/v2\/media\/575"}],"wp:attachment":[{"href":"https:\/\/gobierno.udd.cl\/dccs\/wp-json\/wp\/v2\/media?parent=574"}],"wp:term":[{"taxonomy":"people_tax","embeddable":true,"href":"https:\/\/gobierno.udd.cl\/dccs\/wp-json\/wp\/v2\/people_tax?post=574"},{"taxonomy":"people_areas","embeddable":true,"href":"https:\/\/gobierno.udd.cl\/dccs\/wp-json\/wp\/v2\/people_areas?post=574"},{"taxonomy":"people_levels","embeddable":true,"href":"https:\/\/gobierno.udd.cl\/dccs\/wp-json\/wp\/v2\/people_levels?post=574"}],"curies":[{"name":"wp","href":"https:\/\/api.w.org\/{rel}","templated":true}]}}

<!-- This site is optimized with the Yoast SEO plugin v26.9 - https://yoast.com/product/yoast-seo-wordpress/ -->
<title>Jorge Urrutia - Doctorado en Ciencias de la Complejidad Social</title>
<meta name="robots" content="index, follow, max-snippet:-1, max-image-preview:large, max-video-preview:-1" />
<link rel="canonical" href="https://gobierno.udd.cl/dccs/persona/jorge-urrutia/" />
<meta property="og:locale" content="es_ES" />
<meta property="og:type" content="article" />
<meta property="og:title" content="Jorge Urrutia - Doctorado en Ciencias de la Complejidad Social" />
<meta property="og:url" content="https://gobierno.udd.cl/dccs/persona/jorge-urrutia/" />
<meta property="og:site_name" content="Doctorado en Ciencias de la Complejidad Social" />
<meta property="og:image" content="https://gobierno.udd.cl/dccs/files/2017/11/jorge-urrutia.jpg" />
	<meta property="og:image:width" content="125" />
	<meta property="og:image:height" content="125" />
	<meta property="og:image:type" content="image/jpeg" />
<meta name="twitter:card" content="summary_large_image" />
<script type="application/ld+json" class="yoast-schema-graph">{"@context":"https://schema.org","@graph":[{"@type":"WebPage","@id":"https://gobierno.udd.cl/dccs/persona/jorge-urrutia/","url":"https://gobierno.udd.cl/dccs/persona/jorge-urrutia/","name":"Jorge Urrutia - Doctorado en Ciencias de la Complejidad Social","isPartOf":{"@id":"https://gobierno.udd.cl/dccs/#website"},"primaryImageOfPage":{"@id":"https://gobierno.udd.cl/dccs/persona/jorge-urrutia/#primaryimage"},"image":{"@id":"https://gobierno.udd.cl/dccs/persona/jorge-urrutia/#primaryimage"},"thumbnailUrl":"https://gobierno.udd.cl/dccs/files/2017/11/jorge-urrutia.jpg","datePublished":"2017-11-23T19:42:13+00:00","breadcrumb":{"@id":"https://gobierno.udd.cl/dccs/persona/jorge-urrutia/#breadcrumb"},"inLanguage":"es","potentialAction":[{"@type":"ReadAction","target":["https://gobierno.udd.cl/dccs/persona/jorge-urrutia/"]}]},{"@type":"ImageObject","inLanguage":"es","@id":"https://gobierno.udd.cl/dccs/persona/jorge-urrutia/#primaryimage","url":"https://gobierno.udd.cl/dccs/files/2017/11/jorge-urrutia.jpg","contentUrl":"https://gobierno.udd.cl/dccs/files/2017/11/jorge-urrutia.jpg","width":125,"height":125},{"@type":"BreadcrumbList","@id":"https://gobierno.udd.cl/dccs/persona/jorge-urrutia/#breadcrumb","itemListElement":[{"@type":"ListItem","position":1,"name":"Portada","item":"https://gobierno.udd.cl/dccs/"},{"@type":"ListItem","position":2,"name":"Personas","item":"https://gobierno.udd.cl/dccs/persona/"},{"@type":"ListItem","position":3,"name":"Jorge Urrutia"}]},{"@type":"WebSite","@id":"https://gobierno.udd.cl/dccs/#website","url":"https://gobierno.udd.cl/dccs/","name":"Doctorado en Ciencias de la Complejidad Social","description":"Centro de Investigación en Complejidad Social | UDD","inLanguage":"es"}]}</script>
<!-- / Yoast SEO plugin. -->

Centro de Investigación en Complejidad Social | UDD

<div class="person-modal person-modal--scl">
	<header class="person-modal__header">
		<div class="person-modal__bg"></div>
		<div class="modal-container">
						<div class="person-modal__media">
				<img width="125" height="125" src="https://gobierno.udd.cl/dccs/files/2017/11/jorge-urrutia-62x62.jpg" class="person-modal__image wp-post-image lazyload" alt="" decoding="async" loading="lazy" sizes="auto, (max-width: 125px) 100vw, 125px" data-src="https://gobierno.udd.cl/dccs/files/2017/11/jorge-urrutia.jpg" data-srcset="https://gobierno.udd.cl/dccs/files/2017/11/jorge-urrutia.jpg 125w, https://gobierno.udd.cl/dccs/files/2017/11/jorge-urrutia-62x62.jpg 62w" />			</div>
						<div class="person-modal__data">
				<h1 class="person-modal__name">Jorge Urrutia</h1>
							<span class="person-modal__description">CLASS OF 2015 - Ph.D in Social Complexity Sciences, Universidad del Desarrollo</span>
															</div>
		</div>
	</header>
	<div class="modal-container">
			<div class="person-modal__content text">
					<p>Undergraduate academic of the optimization course, Industrial Engineering program,<br />
Adolfo Ibañez University.</p>
<p>Ph.D in Social Complexity Sciences, Universidad del Desarrollo.<br />
Msc. Operations Research and Statistics. Universidad Tecnológica de Pereira.<br />
Graduate in Mathematics and Physics. Universidad Tecnológica del Chocó</p>
										<p><strong>Research interests:</strong><br />
Behavioral economics, Decision models.</p>
<p><strong>Contact:</strong><br />
Mail: jurrutiam@udd.cl<br />
Phone: 56 (2) 2327 9701<br />
Address: Av. Las Condes 12461, Las Condes, Santiago de Chile.</p>
<h3><span>PRODUCTS</span></h3>
<table border="1" width="531" cellspacing="1" cellpadding="1">
<tbody>
<tr>
<td>
<h2>PAPERS</h2>
<table border="1" cellspacing="1" cellpadding="1">
<tbody>
<tr>
<td>
<ul>
<li>Modelación de la elección y compra de Autos:“Estudio empírico de las características de los consumidores y valoración de incentivos que influyen en la demanda del consumo de autos de baja contaminación (Eléctricos e Híbridos)”,</li>
<li>Urrutia-Mosquera, J., López-Ospina, H., Sabatini, F., &amp; Rasse, A. (2017). Tolerancia a la diversidad y segregación residencial. Una adaptación del modelo de segregación de Schelling con tres grupos sociales. EURE (Santiago), 43(130), 5-24.</li>
</ul>
</td>
<td bgcolor="#551A8B"></td>
</tr>
</tbody>
</table>
</td>
</tr>
<tr>
<td>
<h2>CONFERENCES</h2>
<table border="1" cellspacing="1" cellpadding="1">
<tbody>
<tr>
<td>
<ul>
<li>Octava Conferencia Iberoamericana de Complejidad, Informática y Cibernética: CICC 2018. Ponente y Co-Chair</li>
<li>Urrutia-Mosquera, J., López-Ospina, H., Sabatini, F., &amp; Rasse, A. (2018). Tolerancias y preferencias en el modelo de segregación de Schilling.  Octava Conferencia Iberoamericana de Complejidad, Informática y Cibernética: CICC 2018</li>
</ul>
</td>
<td bgcolor="#551A8B"></td>
</tr>
</tbody>
</table>
</td>
</tr>
</tbody>
</table>
		</div>
	</div>
</div>

Undergraduate academic of the optimization course, Industrial Engineering program,
Adolfo Ibañez University.

Ph.D in Social Complexity Sciences, Universidad del Desarrollo.
Msc. Operations Research and Statistics. Universidad Tecnológica de Pereira.
Graduate in Mathematics and Physics. Universidad Tecnológica del Chocó
