{"id":564,"date":"2017-11-23T19:16:21","date_gmt":"2017-11-23T19:16:21","guid":{"rendered":"http:\/\/dccs.udd.cl\/?post_type=person&amp;p=564"},"modified":"2017-11-23T19:16:21","modified_gmt":"2017-11-23T19:16:21","slug":"sammy-drobny-2","status":"publish","type":"person","link":"https:\/\/gobierno.udd.cl\/dccs\/persona\/sammy-drobny-2\/","featured_media":565,"template":"","people_tax":[],"people_areas":[],"people_levels":[],"class_list":["post-564","person","type-person","status-publish","has-post-thumbnail","hentry"],"yoast_head":"<!-- This site is optimized with the Yoast SEO plugin v26.9 - https:\/\/yoast.com\/product\/yoast-seo-wordpress\/ -->\n<title>Sammy Drobny - Doctorado en Ciencias de la Complejidad Social<\/title>\n<meta name=\"robots\" content=\"index, follow, max-snippet:-1, max-image-preview:large, max-video-preview:-1\" \/>\n<link rel=\"canonical\" href=\"https:\/\/gobierno.udd.cl\/dccs\/persona\/sammy-drobny-2\/\" \/>\n<meta property=\"og:locale\" content=\"es_ES\" \/>\n<meta property=\"og:type\" content=\"article\" \/>\n<meta property=\"og:title\" content=\"Sammy Drobny - Doctorado en Ciencias de la Complejidad Social\" \/>\n<meta property=\"og:url\" content=\"https:\/\/gobierno.udd.cl\/dccs\/persona\/sammy-drobny-2\/\" \/>\n<meta property=\"og:site_name\" content=\"Doctorado en Ciencias de la Complejidad Social\" \/>\n<meta property=\"og:image\" content=\"https:\/\/gobierno.udd.cl\/dccs\/files\/2017\/11\/sammy-drobny.jpg\" \/>\n\t<meta property=\"og:image:width\" content=\"125\" \/>\n\t<meta property=\"og:image:height\" content=\"125\" \/>\n\t<meta property=\"og:image:type\" content=\"image\/jpeg\" \/>\n<meta name=\"twitter:card\" content=\"summary_large_image\" \/>\n<script type=\"application\/ld+json\" class=\"yoast-schema-graph\">{\"@context\":\"https:\/\/schema.org\",\"@graph\":[{\"@type\":\"WebPage\",\"@id\":\"https:\/\/gobierno.udd.cl\/dccs\/persona\/sammy-drobny-2\/\",\"url\":\"https:\/\/gobierno.udd.cl\/dccs\/persona\/sammy-drobny-2\/\",\"name\":\"Sammy Drobny - Doctorado en Ciencias de la Complejidad Social\",\"isPartOf\":{\"@id\":\"https:\/\/gobierno.udd.cl\/dccs\/#website\"},\"primaryImageOfPage\":{\"@id\":\"https:\/\/gobierno.udd.cl\/dccs\/persona\/sammy-drobny-2\/#primaryimage\"},\"image\":{\"@id\":\"https:\/\/gobierno.udd.cl\/dccs\/persona\/sammy-drobny-2\/#primaryimage\"},\"thumbnailUrl\":\"https:\/\/gobierno.udd.cl\/dccs\/files\/2017\/11\/sammy-drobny.jpg\",\"datePublished\":\"2017-11-23T19:16:21+00:00\",\"breadcrumb\":{\"@id\":\"https:\/\/gobierno.udd.cl\/dccs\/persona\/sammy-drobny-2\/#breadcrumb\"},\"inLanguage\":\"es\",\"potentialAction\":[{\"@type\":\"ReadAction\",\"target\":[\"https:\/\/gobierno.udd.cl\/dccs\/persona\/sammy-drobny-2\/\"]}]},{\"@type\":\"ImageObject\",\"inLanguage\":\"es\",\"@id\":\"https:\/\/gobierno.udd.cl\/dccs\/persona\/sammy-drobny-2\/#primaryimage\",\"url\":\"https:\/\/gobierno.udd.cl\/dccs\/files\/2017\/11\/sammy-drobny.jpg\",\"contentUrl\":\"https:\/\/gobierno.udd.cl\/dccs\/files\/2017\/11\/sammy-drobny.jpg\",\"width\":125,\"height\":125},{\"@type\":\"BreadcrumbList\",\"@id\":\"https:\/\/gobierno.udd.cl\/dccs\/persona\/sammy-drobny-2\/#breadcrumb\",\"itemListElement\":[{\"@type\":\"ListItem\",\"position\":1,\"name\":\"Portada\",\"item\":\"https:\/\/gobierno.udd.cl\/dccs\/\"},{\"@type\":\"ListItem\",\"position\":2,\"name\":\"Personas\",\"item\":\"https:\/\/gobierno.udd.cl\/dccs\/persona\/\"},{\"@type\":\"ListItem\",\"position\":3,\"name\":\"Sammy Drobny\"}]},{\"@type\":\"WebSite\",\"@id\":\"https:\/\/gobierno.udd.cl\/dccs\/#website\",\"url\":\"https:\/\/gobierno.udd.cl\/dccs\/\",\"name\":\"Doctorado en Ciencias de la Complejidad Social\",\"description\":\"Centro de Investigaci\u00f3n en Complejidad Social | UDD\",\"inLanguage\":\"es\"}]}<\/script>\n<!-- \/ Yoast SEO plugin. -->","yoast_head_json":{"title":"Sammy Drobny - Doctorado en Ciencias de la Complejidad Social","robots":{"index":"index","follow":"follow","max-snippet":"max-snippet:-1","max-image-preview":"max-image-preview:large","max-video-preview":"max-video-preview:-1"},"canonical":"https:\/\/gobierno.udd.cl\/dccs\/persona\/sammy-drobny-2\/","og_locale":"es_ES","og_type":"article","og_title":"Sammy Drobny - Doctorado en Ciencias de la Complejidad Social","og_url":"https:\/\/gobierno.udd.cl\/dccs\/persona\/sammy-drobny-2\/","og_site_name":"Doctorado en Ciencias de la Complejidad Social","og_image":[{"width":125,"height":125,"url":"https:\/\/gobierno.udd.cl\/dccs\/files\/2017\/11\/sammy-drobny.jpg","type":"image\/jpeg"}],"twitter_card":"summary_large_image","schema":{"@context":"https:\/\/schema.org","@graph":[{"@type":"WebPage","@id":"https:\/\/gobierno.udd.cl\/dccs\/persona\/sammy-drobny-2\/","url":"https:\/\/gobierno.udd.cl\/dccs\/persona\/sammy-drobny-2\/","name":"Sammy Drobny - Doctorado en Ciencias de la Complejidad Social","isPartOf":{"@id":"https:\/\/gobierno.udd.cl\/dccs\/#website"},"primaryImageOfPage":{"@id":"https:\/\/gobierno.udd.cl\/dccs\/persona\/sammy-drobny-2\/#primaryimage"},"image":{"@id":"https:\/\/gobierno.udd.cl\/dccs\/persona\/sammy-drobny-2\/#primaryimage"},"thumbnailUrl":"https:\/\/gobierno.udd.cl\/dccs\/files\/2017\/11\/sammy-drobny.jpg","datePublished":"2017-11-23T19:16:21+00:00","breadcrumb":{"@id":"https:\/\/gobierno.udd.cl\/dccs\/persona\/sammy-drobny-2\/#breadcrumb"},"inLanguage":"es","potentialAction":[{"@type":"ReadAction","target":["https:\/\/gobierno.udd.cl\/dccs\/persona\/sammy-drobny-2\/"]}]},{"@type":"ImageObject","inLanguage":"es","@id":"https:\/\/gobierno.udd.cl\/dccs\/persona\/sammy-drobny-2\/#primaryimage","url":"https:\/\/gobierno.udd.cl\/dccs\/files\/2017\/11\/sammy-drobny.jpg","contentUrl":"https:\/\/gobierno.udd.cl\/dccs\/files\/2017\/11\/sammy-drobny.jpg","width":125,"height":125},{"@type":"BreadcrumbList","@id":"https:\/\/gobierno.udd.cl\/dccs\/persona\/sammy-drobny-2\/#breadcrumb","itemListElement":[{"@type":"ListItem","position":1,"name":"Portada","item":"https:\/\/gobierno.udd.cl\/dccs\/"},{"@type":"ListItem","position":2,"name":"Personas","item":"https:\/\/gobierno.udd.cl\/dccs\/persona\/"},{"@type":"ListItem","position":3,"name":"Sammy Drobny"}]},{"@type":"WebSite","@id":"https:\/\/gobierno.udd.cl\/dccs\/#website","url":"https:\/\/gobierno.udd.cl\/dccs\/","name":"Doctorado en Ciencias de la Complejidad Social","description":"Centro de Investigaci\u00f3n en Complejidad Social | UDD","inLanguage":"es"}]}},"label":"Sammy Drobny","title":{"rendered":"Sammy Drobny"},"role":"GENERACI\u00d3N 2014 - Licenciado en Historia y Ciencias Pol\u00edticas, Pontificia Universidad Cat\u00f3lica de Chile","thumbnail_url":"https:\/\/gobierno.udd.cl\/dccs\/files\/2017\/11\/sammy-drobny.jpg","email":"","tel_job":"","content":{"rendered":"<div class=\"person-modal person-modal--scl\">\n\t<header class=\"person-modal__header\">\n\t\t<div class=\"person-modal__bg\"><\/div>\n\t\t<div class=\"modal-container\">\n\t\t\t\t\t\t<div class=\"person-modal__media\">\n\t\t\t\t<img width=\"125\" height=\"125\" src=\"https:\/\/gobierno.udd.cl\/dccs\/files\/2017\/11\/sammy-drobny-62x62.jpg\" class=\"person-modal__image wp-post-image lazyload\" alt=\"\" decoding=\"async\" loading=\"lazy\" sizes=\"auto, (max-width: 125px) 100vw, 125px\" data-src=\"https:\/\/gobierno.udd.cl\/dccs\/files\/2017\/11\/sammy-drobny.jpg\" data-srcset=\"https:\/\/gobierno.udd.cl\/dccs\/files\/2017\/11\/sammy-drobny.jpg 125w, https:\/\/gobierno.udd.cl\/dccs\/files\/2017\/11\/sammy-drobny-62x62.jpg 62w\" \/>\t\t\t<\/div>\n\t\t\t\t\t\t<div class=\"person-modal__data\">\n\t\t\t\t<h1 class=\"person-modal__name\">Sammy Drobny<\/h1>\n\t\t\t\t\t\t\t<span class=\"person-modal__description\">GENERACI\u00d3N 2014 - Licenciado en Historia y Ciencias Pol\u00edticas, Pontificia Universidad Cat\u00f3lica de Chile<\/span>\n\t\t\t\t\t\t\t\t\t\t\t\t\t\t\t<\/div>\n\t\t<\/div>\n\t<\/header>\n\t<div class=\"modal-container\">\n\t\t\t<div class=\"person-modal__content text\">\n\t\t\t\t\t<p>Licenciado en Historia y Ciencias Pol\u00edticas, Pontificia Universidad Cat\u00f3lica de Chile.<\/p>\n\t\t\t\t\t\t\t\t\t\t<p><strong>\u00c1reas de Inestigaci\u00f3n:<\/strong><br \/>\nPolitica, Relaciones Internacionales y Teor\u00eda Pol\u00edtica.<\/p>\n<p><strong>Contacto:<\/strong><br \/>\nMail: sdrobnya@udd.cl<br \/>\nTel\u00e9fono: 56 (2) 2327 9701<br \/>\nDirecci\u00f3n: Av. Las Condes 12461, Las Condes, Santiago de Chile.<\/p>\n<p><strong>Proyectos:<\/strong><br \/>\n<a href=\"http:\/\/dccs.udd.cl\/why-cant-civilizations-climb-hills\/\"><img class=\"alignnone wp-image-882 size-full\" src=\"http:\/\/dccs.udd.cl\/files\/2017\/12\/Banner.jpg\" alt=\"Banner\" width=\"650\" height=\"210\" \/><\/a><\/p>\n\t\t<\/div>\n\t<\/div>\n<\/div>\n"},"identifier":"6342daa1da58afb96918034e42604900b46d9482","has_credential":[],"given_name":"Sammy","family_name":"Drobny","name":"Sammy Drobny","job_title":"GENERACI\u00d3N 2014 - Licenciado en Historia y Ciencias Pol\u00edticas, Pontificia Universidad Cat\u00f3lica de Chile","telephone":"","note":"Licenciado en Historia y Ciencias Pol\u00edticas, Pontificia Universidad Cat\u00f3lica de Chile.","im":"","_self_schedule":null,"_links":{"self":[{"href":"https:\/\/gobierno.udd.cl\/dccs\/wp-json\/wp\/v2\/people\/564","targetHints":{"allow":["GET"]}}],"collection":[{"href":"https:\/\/gobierno.udd.cl\/dccs\/wp-json\/wp\/v2\/people"}],"about":[{"href":"https:\/\/gobierno.udd.cl\/dccs\/wp-json\/wp\/v2\/types\/person"}],"wp:featuredmedia":[{"embeddable":true,"href":"https:\/\/gobierno.udd.cl\/dccs\/wp-json\/wp\/v2\/media\/565"}],"wp:attachment":[{"href":"https:\/\/gobierno.udd.cl\/dccs\/wp-json\/wp\/v2\/media?parent=564"}],"wp:term":[{"taxonomy":"people_tax","embeddable":true,"href":"https:\/\/gobierno.udd.cl\/dccs\/wp-json\/wp\/v2\/people_tax?post=564"},{"taxonomy":"people_areas","embeddable":true,"href":"https:\/\/gobierno.udd.cl\/dccs\/wp-json\/wp\/v2\/people_areas?post=564"},{"taxonomy":"people_levels","embeddable":true,"href":"https:\/\/gobierno.udd.cl\/dccs\/wp-json\/wp\/v2\/people_levels?post=564"}],"curies":[{"name":"wp","href":"https:\/\/api.w.org\/{rel}","templated":true}]}}

<!-- This site is optimized with the Yoast SEO plugin v26.9 - https://yoast.com/product/yoast-seo-wordpress/ -->
<title>Sammy Drobny - Doctorado en Ciencias de la Complejidad Social</title>
<meta name="robots" content="index, follow, max-snippet:-1, max-image-preview:large, max-video-preview:-1" />
<link rel="canonical" href="https://gobierno.udd.cl/dccs/persona/sammy-drobny-2/" />
<meta property="og:locale" content="es_ES" />
<meta property="og:type" content="article" />
<meta property="og:title" content="Sammy Drobny - Doctorado en Ciencias de la Complejidad Social" />
<meta property="og:url" content="https://gobierno.udd.cl/dccs/persona/sammy-drobny-2/" />
<meta property="og:site_name" content="Doctorado en Ciencias de la Complejidad Social" />
<meta property="og:image" content="https://gobierno.udd.cl/dccs/files/2017/11/sammy-drobny.jpg" />
	<meta property="og:image:width" content="125" />
	<meta property="og:image:height" content="125" />
	<meta property="og:image:type" content="image/jpeg" />
<meta name="twitter:card" content="summary_large_image" />
<script type="application/ld+json" class="yoast-schema-graph">{"@context":"https://schema.org","@graph":[{"@type":"WebPage","@id":"https://gobierno.udd.cl/dccs/persona/sammy-drobny-2/","url":"https://gobierno.udd.cl/dccs/persona/sammy-drobny-2/","name":"Sammy Drobny - Doctorado en Ciencias de la Complejidad Social","isPartOf":{"@id":"https://gobierno.udd.cl/dccs/#website"},"primaryImageOfPage":{"@id":"https://gobierno.udd.cl/dccs/persona/sammy-drobny-2/#primaryimage"},"image":{"@id":"https://gobierno.udd.cl/dccs/persona/sammy-drobny-2/#primaryimage"},"thumbnailUrl":"https://gobierno.udd.cl/dccs/files/2017/11/sammy-drobny.jpg","datePublished":"2017-11-23T19:16:21+00:00","breadcrumb":{"@id":"https://gobierno.udd.cl/dccs/persona/sammy-drobny-2/#breadcrumb"},"inLanguage":"es","potentialAction":[{"@type":"ReadAction","target":["https://gobierno.udd.cl/dccs/persona/sammy-drobny-2/"]}]},{"@type":"ImageObject","inLanguage":"es","@id":"https://gobierno.udd.cl/dccs/persona/sammy-drobny-2/#primaryimage","url":"https://gobierno.udd.cl/dccs/files/2017/11/sammy-drobny.jpg","contentUrl":"https://gobierno.udd.cl/dccs/files/2017/11/sammy-drobny.jpg","width":125,"height":125},{"@type":"BreadcrumbList","@id":"https://gobierno.udd.cl/dccs/persona/sammy-drobny-2/#breadcrumb","itemListElement":[{"@type":"ListItem","position":1,"name":"Portada","item":"https://gobierno.udd.cl/dccs/"},{"@type":"ListItem","position":2,"name":"Personas","item":"https://gobierno.udd.cl/dccs/persona/"},{"@type":"ListItem","position":3,"name":"Sammy Drobny"}]},{"@type":"WebSite","@id":"https://gobierno.udd.cl/dccs/#website","url":"https://gobierno.udd.cl/dccs/","name":"Doctorado en Ciencias de la Complejidad Social","description":"Centro de Investigación en Complejidad Social | UDD","inLanguage":"es"}]}</script>
<!-- / Yoast SEO plugin. -->

Centro de Investigación en Complejidad Social | UDD

GENERACIÓN 2014 - Licenciado en Historia y Ciencias Políticas, Pontificia Universidad Católica de Chile

<div class="person-modal person-modal--scl">
	<header class="person-modal__header">
		<div class="person-modal__bg"></div>
		<div class="modal-container">
						<div class="person-modal__media">
				<img width="125" height="125" src="https://gobierno.udd.cl/dccs/files/2017/11/sammy-drobny-62x62.jpg" class="person-modal__image wp-post-image lazyload" alt="" decoding="async" loading="lazy" sizes="auto, (max-width: 125px) 100vw, 125px" data-src="https://gobierno.udd.cl/dccs/files/2017/11/sammy-drobny.jpg" data-srcset="https://gobierno.udd.cl/dccs/files/2017/11/sammy-drobny.jpg 125w, https://gobierno.udd.cl/dccs/files/2017/11/sammy-drobny-62x62.jpg 62w" />			</div>
						<div class="person-modal__data">
				<h1 class="person-modal__name">Sammy Drobny</h1>
							<span class="person-modal__description">GENERACIÓN 2014 - Licenciado en Historia y Ciencias Políticas, Pontificia Universidad Católica de Chile</span>
															</div>
		</div>
	</header>
	<div class="modal-container">
			<div class="person-modal__content text">
					<p>Licenciado en Historia y Ciencias Políticas, Pontificia Universidad Católica de Chile.</p>
										<p><strong>Áreas de Inestigación:</strong><br />
Politica, Relaciones Internacionales y Teoría Política.</p>
<p><strong>Contacto:</strong><br />
Mail: sdrobnya@udd.cl<br />
Teléfono: 56 (2) 2327 9701<br />
Dirección: Av. Las Condes 12461, Las Condes, Santiago de Chile.</p>
<p><strong>Proyectos:</strong><br />
<a href="http://dccs.udd.cl/why-cant-civilizations-climb-hills/"><img class="alignnone wp-image-882 size-full" src="http://dccs.udd.cl/files/2017/12/Banner.jpg" alt="Banner" width="650" height="210" /></a></p>
		</div>
	</div>
</div>

Licenciado en Historia y Ciencias Políticas, Pontificia Universidad Católica de Chile.
