{"id":4746,"date":"2025-11-13T15:58:00","date_gmt":"2025-11-13T18:58:00","guid":{"rendered":"https:\/\/gobierno.udd.cl\/doctorado\/?page_id=4746"},"modified":"2025-11-13T15:58:01","modified_gmt":"2025-11-13T18:58:01","slug":"programa-academico-2026","status":"publish","type":"page","link":"https:\/\/gobierno.udd.cl\/dccs\/programa-academico-2026\/","title":{"rendered":"Programa Acad\u00e9mico 2026"},"content":{"rendered":"\n<p>La edici\u00f3n 2026 ofrece <strong>seis cursos especializados<\/strong> distribuidos en dos semanas, impartidos por acad\u00e9micos de reconocida trayectoria nacional e internacional.<\/p>\n\n\n\n<h3 class=\"wp-block-heading\">Primera semana \u00b7 5\u20139 enero<\/h3>\n\n\n\n<p><strong>Lunes 5 enero<\/strong><\/p>\n\n\n\n<ul class=\"wp-block-list\">\n<li><strong>Charla magistral inaugural: Introducci\u00f3n a las Ciencias de la Complejidad Social<\/strong> Dr. Carlos Rodr\u00edguez-Sickert (Director CICS, UDD)<\/li>\n<\/ul>\n\n\n\n<p><strong>Martes 6 enero<\/strong><\/p>\n\n\n\n<ul class=\"wp-block-list\">\n<li><strong>Ingenier\u00eda de Prompts para Inteligencia Artificial<\/strong> Dr. Ricardo Guzm\u00e1n (CICS, UDD)<\/li>\n<\/ul>\n\n\n\n<p><strong>Mi\u00e9rcoles 7 y Jueves 8 enero<\/strong><\/p>\n\n\n\n<ul class=\"wp-block-list\">\n<li><strong>Inferencia estad\u00edstica con datos de redes<\/strong> Dr. George Vega Yon (University of Utah)<\/li>\n<\/ul>\n\n\n\n<p><strong>Jueves 8 y Viernes 9 enero<\/strong><\/p>\n\n\n\n<ul class=\"wp-block-list\">\n<li><strong>Encuestas y an\u00e1lisis de datos sociales<\/strong> Dr. Jorge F\u00e1brega (Facultad de Gobierno, UDD)<\/li>\n<\/ul>\n\n\n\n<h3 class=\"wp-block-heading\">Segunda semana \u00b7 12\u201316 enero<\/h3>\n\n\n\n<p><strong>Lunes 12 enero<\/strong><\/p>\n\n\n\n<ul class=\"wp-block-list\">\n<li><strong>M\u00e9todos de digitalizaci\u00f3n 3D y an\u00e1lisis de la forma humana<\/strong> Dr. Jes\u00fas Marug\u00e1n-Lob\u00f3n (Universidad Aut\u00f3noma de Madrid)<\/li>\n<\/ul>\n\n\n\n<p><strong>Martes 13 enero<\/strong><\/p>\n\n\n\n<ul class=\"wp-block-list\">\n<li><strong>The Silent Rivalry: Understanding Women&#8217;s Competition<\/strong> Dra. Maryanne Fisher (Saint Mary&#8217;s University, Canad\u00e1)<\/li>\n<\/ul>\n\n\n\n<p><strong>Mi\u00e9rcoles 14 enero<\/strong><\/p>\n\n\n\n<ul class=\"wp-block-list\">\n<li><strong>An\u00e1lisis de datos cerebrales estructurales<\/strong> Dra. \u00c1ngeles Tepper (Wayne State &amp; Northeastern University)<\/li>\n<\/ul>\n\n\n\n<p><strong>Jueves 15 enero<\/strong><\/p>\n\n\n\n<ul class=\"wp-block-list\">\n<li><strong>Simposio sobre diferencias sexuales<\/strong> (actividad complementaria)<\/li>\n<\/ul>\n\n\n\n<p><strong>Viernes 16 enero<\/strong><\/p>\n\n\n\n<ul class=\"wp-block-list\">\n<li><strong>Debates interdisciplinarios<\/strong> con grupos de investigadores CICS.<\/li>\n<\/ul>\n\n\n\n<p><strong>Metodolog\u00eda:<\/strong> Todos los cursos combinan sesiones te\u00f3ricas con talleres pr\u00e1cticos y ejercicios aplicados.<\/p>\n\n\n\n<p><strong>Certificaci\u00f3n:<\/strong> Certificaci\u00f3n oficial de Educaci\u00f3n Continua UDD para todos los cursos.<\/p>\n\n\n\n<p>\ud83d\udcc4 <a href=\"https:\/\/www.notion.so\/951a35aa5042498488e634f01265c3d3?pvs=21\"><strong>Ver programa completo y detalles en el Dossier Informativo EV26<\/strong><\/a><\/p>\n","protected":false},"excerpt":{"rendered":"<p>La edici\u00f3n 2026 ofrece seis cursos especializados distribuidos en dos semanas, impartidos por acad\u00e9micos de reconocida trayectoria nacional e internacional. Primera semana \u00b7 5\u20139 enero Lunes 5 enero Martes 6 enero Mi\u00e9rcoles 7 y Jueves 8 enero Jueves 8 y Viernes 9 enero Segunda semana \u00b7 12\u201316 enero Lunes 12 enero Martes 13 enero Mi\u00e9rcoles [&hellip;]<\/p>\n","protected":false},"author":9192236,"featured_media":0,"parent":0,"menu_order":0,"comment_status":"closed","ping_status":"closed","template":"","meta":{"footnotes":""},"class_list":["post-4746","page","type-page","status-publish","hentry"],"yoast_head":"<!-- This site is optimized with the Yoast SEO plugin v26.9 - https:\/\/yoast.com\/product\/yoast-seo-wordpress\/ -->\n<title>Programa Acad\u00e9mico 2026 - Doctorado en Ciencias de la Complejidad Social<\/title>\n<meta name=\"robots\" content=\"index, follow, max-snippet:-1, max-image-preview:large, max-video-preview:-1\" \/>\n<link rel=\"canonical\" href=\"https:\/\/gobierno.udd.cl\/dccs\/programa-academico-2026\/\" \/>\n<meta property=\"og:locale\" content=\"es_ES\" \/>\n<meta property=\"og:type\" content=\"article\" \/>\n<meta property=\"og:title\" content=\"Programa Acad\u00e9mico 2026 - Doctorado en Ciencias de la Complejidad Social\" \/>\n<meta property=\"og:description\" content=\"La edici\u00f3n 2026 ofrece seis cursos especializados distribuidos en dos semanas, impartidos por acad\u00e9micos de reconocida trayectoria nacional e internacional. Primera semana \u00b7 5\u20139 enero Lunes 5 enero Martes 6 enero Mi\u00e9rcoles 7 y Jueves 8 enero Jueves 8 y Viernes 9 enero Segunda semana \u00b7 12\u201316 enero Lunes 12 enero Martes 13 enero Mi\u00e9rcoles [&hellip;]\" \/>\n<meta property=\"og:url\" content=\"https:\/\/gobierno.udd.cl\/dccs\/programa-academico-2026\/\" \/>\n<meta property=\"og:site_name\" content=\"Doctorado en Ciencias de la Complejidad Social\" \/>\n<meta property=\"article:modified_time\" content=\"2025-11-13T18:58:01+00:00\" \/>\n<meta name=\"twitter:card\" content=\"summary_large_image\" \/>\n<meta name=\"twitter:label1\" content=\"Tiempo de lectura\" \/>\n\t<meta name=\"twitter:data1\" content=\"1 minuto\" \/>\n<script type=\"application\/ld+json\" class=\"yoast-schema-graph\">{\"@context\":\"https:\/\/schema.org\",\"@graph\":[{\"@type\":\"WebPage\",\"@id\":\"https:\/\/gobierno.udd.cl\/dccs\/programa-academico-2026\/\",\"url\":\"https:\/\/gobierno.udd.cl\/dccs\/programa-academico-2026\/\",\"name\":\"Programa Acad\u00e9mico 2026 - Doctorado en Ciencias de la Complejidad Social\",\"isPartOf\":{\"@id\":\"https:\/\/gobierno.udd.cl\/dccs\/#website\"},\"datePublished\":\"2025-11-13T18:58:00+00:00\",\"dateModified\":\"2025-11-13T18:58:01+00:00\",\"breadcrumb\":{\"@id\":\"https:\/\/gobierno.udd.cl\/dccs\/programa-academico-2026\/#breadcrumb\"},\"inLanguage\":\"es\",\"potentialAction\":[{\"@type\":\"ReadAction\",\"target\":[\"https:\/\/gobierno.udd.cl\/dccs\/programa-academico-2026\/\"]}]},{\"@type\":\"BreadcrumbList\",\"@id\":\"https:\/\/gobierno.udd.cl\/dccs\/programa-academico-2026\/#breadcrumb\",\"itemListElement\":[{\"@type\":\"ListItem\",\"position\":1,\"name\":\"Portada\",\"item\":\"https:\/\/gobierno.udd.cl\/dccs\/\"},{\"@type\":\"ListItem\",\"position\":2,\"name\":\"Programa Acad\u00e9mico 2026\"}]},{\"@type\":\"WebSite\",\"@id\":\"https:\/\/gobierno.udd.cl\/dccs\/#website\",\"url\":\"https:\/\/gobierno.udd.cl\/dccs\/\",\"name\":\"Doctorado en Ciencias de la Complejidad Social\",\"description\":\"Centro de Investigaci\u00f3n en Complejidad Social | UDD\",\"inLanguage\":\"es\"}]}<\/script>\n<!-- \/ Yoast SEO plugin. -->","yoast_head_json":{"title":"Programa Acad\u00e9mico 2026 - Doctorado en Ciencias de la Complejidad Social","robots":{"index":"index","follow":"follow","max-snippet":"max-snippet:-1","max-image-preview":"max-image-preview:large","max-video-preview":"max-video-preview:-1"},"canonical":"https:\/\/gobierno.udd.cl\/dccs\/programa-academico-2026\/","og_locale":"es_ES","og_type":"article","og_title":"Programa Acad\u00e9mico 2026 - Doctorado en Ciencias de la Complejidad Social","og_description":"La edici\u00f3n 2026 ofrece seis cursos especializados distribuidos en dos semanas, impartidos por acad\u00e9micos de reconocida trayectoria nacional e internacional. Primera semana \u00b7 5\u20139 enero Lunes 5 enero Martes 6 enero Mi\u00e9rcoles 7 y Jueves 8 enero Jueves 8 y Viernes 9 enero Segunda semana \u00b7 12\u201316 enero Lunes 12 enero Martes 13 enero Mi\u00e9rcoles [&hellip;]","og_url":"https:\/\/gobierno.udd.cl\/dccs\/programa-academico-2026\/","og_site_name":"Doctorado en Ciencias de la Complejidad Social","article_modified_time":"2025-11-13T18:58:01+00:00","twitter_card":"summary_large_image","twitter_misc":{"Tiempo de lectura":"1 minuto"},"schema":{"@context":"https:\/\/schema.org","@graph":[{"@type":"WebPage","@id":"https:\/\/gobierno.udd.cl\/dccs\/programa-academico-2026\/","url":"https:\/\/gobierno.udd.cl\/dccs\/programa-academico-2026\/","name":"Programa Acad\u00e9mico 2026 - Doctorado en Ciencias de la Complejidad Social","isPartOf":{"@id":"https:\/\/gobierno.udd.cl\/dccs\/#website"},"datePublished":"2025-11-13T18:58:00+00:00","dateModified":"2025-11-13T18:58:01+00:00","breadcrumb":{"@id":"https:\/\/gobierno.udd.cl\/dccs\/programa-academico-2026\/#breadcrumb"},"inLanguage":"es","potentialAction":[{"@type":"ReadAction","target":["https:\/\/gobierno.udd.cl\/dccs\/programa-academico-2026\/"]}]},{"@type":"BreadcrumbList","@id":"https:\/\/gobierno.udd.cl\/dccs\/programa-academico-2026\/#breadcrumb","itemListElement":[{"@type":"ListItem","position":1,"name":"Portada","item":"https:\/\/gobierno.udd.cl\/dccs\/"},{"@type":"ListItem","position":2,"name":"Programa Acad\u00e9mico 2026"}]},{"@type":"WebSite","@id":"https:\/\/gobierno.udd.cl\/dccs\/#website","url":"https:\/\/gobierno.udd.cl\/dccs\/","name":"Doctorado en Ciencias de la Complejidad Social","description":"Centro de Investigaci\u00f3n en Complejidad Social | UDD","inLanguage":"es"}]}},"_links":{"self":[{"href":"https:\/\/gobierno.udd.cl\/dccs\/wp-json\/wp\/v2\/pages\/4746","targetHints":{"allow":["GET"]}}],"collection":[{"href":"https:\/\/gobierno.udd.cl\/dccs\/wp-json\/wp\/v2\/pages"}],"about":[{"href":"https:\/\/gobierno.udd.cl\/dccs\/wp-json\/wp\/v2\/types\/page"}],"author":[{"embeddable":true,"href":"https:\/\/gobierno.udd.cl\/dccs\/wp-json\/wp\/v2\/users\/9192236"}],"replies":[{"embeddable":true,"href":"https:\/\/gobierno.udd.cl\/dccs\/wp-json\/wp\/v2\/comments?post=4746"}],"version-history":[{"count":1,"href":"https:\/\/gobierno.udd.cl\/dccs\/wp-json\/wp\/v2\/pages\/4746\/revisions"}],"predecessor-version":[{"id":4747,"href":"https:\/\/gobierno.udd.cl\/dccs\/wp-json\/wp\/v2\/pages\/4746\/revisions\/4747"}],"wp:attachment":[{"href":"https:\/\/gobierno.udd.cl\/dccs\/wp-json\/wp\/v2\/media?parent=4746"}],"curies":[{"name":"wp","href":"https:\/\/api.w.org\/{rel}","templated":true}]}}

Programa Académico 2026

<p>La edición 2026 ofrece <strong>seis cursos especializados</strong> distribuidos en dos semanas, impartidos por académicos de reconocida trayectoria nacional e internacional.</p>



<h3 class="wp-block-heading">Primera semana · 5–9 enero</h3>



<p><strong>Lunes 5 enero</strong></p>



<ul class="wp-block-list">
<li><strong>Charla magistral inaugural: Introducción a las Ciencias de la Complejidad Social</strong> Dr. Carlos Rodríguez-Sickert (Director CICS, UDD)</li>
</ul>



<p><strong>Martes 6 enero</strong></p>



<ul class="wp-block-list">
<li><strong>Ingeniería de Prompts para Inteligencia Artificial</strong> Dr. Ricardo Guzmán (CICS, UDD)</li>
</ul>



<p><strong>Miércoles 7 y Jueves 8 enero</strong></p>



<ul class="wp-block-list">
<li><strong>Inferencia estadística con datos de redes</strong> Dr. George Vega Yon (University of Utah)</li>
</ul>



<p><strong>Jueves 8 y Viernes 9 enero</strong></p>



<ul class="wp-block-list">
<li><strong>Encuestas y análisis de datos sociales</strong> Dr. Jorge Fábrega (Facultad de Gobierno, UDD)</li>
</ul>



<h3 class="wp-block-heading">Segunda semana · 12–16 enero</h3>



<p><strong>Lunes 12 enero</strong></p>



<ul class="wp-block-list">
<li><strong>Métodos de digitalización 3D y análisis de la forma humana</strong> Dr. Jesús Marugán-Lobón (Universidad Autónoma de Madrid)</li>
</ul>



<p><strong>Martes 13 enero</strong></p>



<ul class="wp-block-list">
<li><strong>The Silent Rivalry: Understanding Women&#8217;s Competition</strong> Dra. Maryanne Fisher (Saint Mary&#8217;s University, Canadá)</li>
</ul>



<p><strong>Miércoles 14 enero</strong></p>



<ul class="wp-block-list">
<li><strong>Análisis de datos cerebrales estructurales</strong> Dra. Ángeles Tepper (Wayne State &amp; Northeastern University)</li>
</ul>



<p><strong>Jueves 15 enero</strong></p>



<ul class="wp-block-list">
<li><strong>Simposio sobre diferencias sexuales</strong> (actividad complementaria)</li>
</ul>



<p><strong>Viernes 16 enero</strong></p>



<ul class="wp-block-list">
<li><strong>Debates interdisciplinarios</strong> con grupos de investigadores CICS.</li>
</ul>



<p><strong>Metodología:</strong> Todos los cursos combinan sesiones teóricas con talleres prácticos y ejercicios aplicados.</p>



<p><strong>Certificación:</strong> Certificación oficial de Educación Continua UDD para todos los cursos.</p>



<p>📄 <a href="https://www.notion.so/951a35aa5042498488e634f01265c3d3?pvs=21"><strong>Ver programa completo y detalles en el Dossier Informativo EV26</strong></a></p>

<p>La edición 2026 ofrece seis cursos especializados distribuidos en dos semanas, impartidos por académicos de reconocida trayectoria nacional e internacional. Primera semana · 5–9 enero Lunes 5 enero Martes 6 enero Miércoles 7 y Jueves 8 enero Jueves 8 y Viernes 9 enero Segunda semana · 12–16 enero Lunes 12 enero Martes 13 enero Miércoles [&hellip;]</p>

<!-- This site is optimized with the Yoast SEO plugin v26.9 - https://yoast.com/product/yoast-seo-wordpress/ -->
<title>Programa Académico 2026 - Doctorado en Ciencias de la Complejidad Social</title>
<meta name="robots" content="index, follow, max-snippet:-1, max-image-preview:large, max-video-preview:-1" />
<link rel="canonical" href="https://gobierno.udd.cl/dccs/programa-academico-2026/" />
<meta property="og:locale" content="es_ES" />
<meta property="og:type" content="article" />
<meta property="og:title" content="Programa Académico 2026 - Doctorado en Ciencias de la Complejidad Social" />
<meta property="og:description" content="La edición 2026 ofrece seis cursos especializados distribuidos en dos semanas, impartidos por académicos de reconocida trayectoria nacional e internacional. Primera semana · 5–9 enero Lunes 5 enero Martes 6 enero Miércoles 7 y Jueves 8 enero Jueves 8 y Viernes 9 enero Segunda semana · 12–16 enero Lunes 12 enero Martes 13 enero Miércoles [&hellip;]" />
<meta property="og:url" content="https://gobierno.udd.cl/dccs/programa-academico-2026/" />
<meta property="og:site_name" content="Doctorado en Ciencias de la Complejidad Social" />
<meta property="article:modified_time" content="2025-11-13T18:58:01+00:00" />
<meta name="twitter:card" content="summary_large_image" />
<meta name="twitter:label1" content="Tiempo de lectura" />
	<meta name="twitter:data1" content="1 minuto" />
<script type="application/ld+json" class="yoast-schema-graph">{"@context":"https://schema.org","@graph":[{"@type":"WebPage","@id":"https://gobierno.udd.cl/dccs/programa-academico-2026/","url":"https://gobierno.udd.cl/dccs/programa-academico-2026/","name":"Programa Académico 2026 - Doctorado en Ciencias de la Complejidad Social","isPartOf":{"@id":"https://gobierno.udd.cl/dccs/#website"},"datePublished":"2025-11-13T18:58:00+00:00","dateModified":"2025-11-13T18:58:01+00:00","breadcrumb":{"@id":"https://gobierno.udd.cl/dccs/programa-academico-2026/#breadcrumb"},"inLanguage":"es","potentialAction":[{"@type":"ReadAction","target":["https://gobierno.udd.cl/dccs/programa-academico-2026/"]}]},{"@type":"BreadcrumbList","@id":"https://gobierno.udd.cl/dccs/programa-academico-2026/#breadcrumb","itemListElement":[{"@type":"ListItem","position":1,"name":"Portada","item":"https://gobierno.udd.cl/dccs/"},{"@type":"ListItem","position":2,"name":"Programa Académico 2026"}]},{"@type":"WebSite","@id":"https://gobierno.udd.cl/dccs/#website","url":"https://gobierno.udd.cl/dccs/","name":"Doctorado en Ciencias de la Complejidad Social","description":"Centro de Investigación en Complejidad Social | UDD","inLanguage":"es"}]}</script>
<!-- / Yoast SEO plugin. -->

Programa Académico 2026 - Doctorado en Ciencias de la Complejidad Social

La edición 2026 ofrece seis cursos especializados distribuidos en dos semanas, impartidos por académicos de reconocida trayectoria nacional e internacional. Primera semana · 5–9 enero Lunes 5 enero Martes 6 enero Miércoles 7 y Jueves 8 enero Jueves 8 y Viernes 9 enero Segunda semana · 12–16 enero Lunes 12 enero Martes 13 enero Miércoles [&hellip;]

Centro de Investigación en Complejidad Social | UDD
