{"id":138,"date":"2017-10-26T17:05:15","date_gmt":"2017-10-26T17:05:15","guid":{"rendered":"http:\/\/gobierno.udd.cl\/doctorado\/?page_id=138"},"modified":"2024-09-04T11:36:37","modified_gmt":"2024-09-04T15:36:37","slug":"perfil-ingreso-egreso","status":"publish","type":"page","link":"https:\/\/gobierno.udd.cl\/dccs\/presentacion\/perfil-ingreso-egreso\/","title":{"rendered":"Perfil de ingreso"},"content":{"rendered":"\n<p>El programa de Doctorado en Ciencias de la Complejidad Social busca, de forma expl\u00edcita, atraer estudiantes de diferentes disciplinas para conformar un equipo cuya diversidad enriquezca el trabajo interdisciplinar. Este acepta postulantes que tengan como m\u00ednimo el grado acad\u00e9mico de Licenciado o equivalente y busca atraer a estudiantes provenientes de las Ciencias Sociales Tradicionales, as\u00ed como de las Ciencias Naturales y Exactas. Se fomentar\u00e1 el desarrollo de proyectos de investigaci\u00f3n colaborativos en complejidad social, donde puedan converger distintas perspectivas disciplinarias. Tiene como p\u00fablico objetivo a estudiantes de f\u00edsica, matem\u00e1ticas, ingenier\u00eda, econom\u00eda, sociolog\u00eda, psicolog\u00eda y ciencia pol\u00edtica. Con el objetivo de facilitar la inserci\u00f3n en el programa, potenciar el di\u00e1logo y la colaboraci\u00f3n entre estudiantes de diversa formaci\u00f3n en el pregrado, el programa contempla cursos de nivelaci\u00f3n en Ciencias Sociales, Matem\u00e1ticas, Estad\u00edstica y Econometr\u00eda, as\u00ed como tambi\u00e9n cursos de nivelaci\u00f3n en Biolog\u00eda y Neurociencia, para todos los estudiantes.<\/p>\n","protected":false},"excerpt":{"rendered":"<p>El programa de Doctorado en Ciencias de la Complejidad Social busca, de forma expl\u00edcita, atraer estudiantes de diferentes disciplinas para conformar un equipo cuya diversidad enriquezca el trabajo interdisciplinar. Este acepta postulantes que tengan como m\u00ednimo el grado acad\u00e9mico de Licenciado o equivalente y busca atraer a estudiantes provenientes de las Ciencias Sociales Tradicionales, as\u00ed [&hellip;]<\/p>\n","protected":false},"author":9192236,"featured_media":0,"parent":136,"menu_order":2,"comment_status":"closed","ping_status":"closed","template":"","meta":{"footnotes":""},"class_list":["post-138","page","type-page","status-publish","hentry"],"yoast_head":"<!-- This site is optimized with the Yoast SEO plugin v26.9 - https:\/\/yoast.com\/product\/yoast-seo-wordpress\/ -->\n<title>Perfil de ingreso - Doctorado en Ciencias de la Complejidad Social<\/title>\n<meta name=\"robots\" content=\"index, follow, max-snippet:-1, max-image-preview:large, max-video-preview:-1\" \/>\n<link rel=\"canonical\" href=\"https:\/\/gobierno.udd.cl\/dccs\/presentacion\/perfil-ingreso-egreso\/\" \/>\n<meta property=\"og:locale\" content=\"es_ES\" \/>\n<meta property=\"og:type\" content=\"article\" \/>\n<meta property=\"og:title\" content=\"Perfil de ingreso - Doctorado en Ciencias de la Complejidad Social\" \/>\n<meta property=\"og:description\" content=\"El programa de Doctorado en Ciencias de la Complejidad Social busca, de forma expl\u00edcita, atraer estudiantes de diferentes disciplinas para conformar un equipo cuya diversidad enriquezca el trabajo interdisciplinar. Este acepta postulantes que tengan como m\u00ednimo el grado acad\u00e9mico de Licenciado o equivalente y busca atraer a estudiantes provenientes de las Ciencias Sociales Tradicionales, as\u00ed [&hellip;]\" \/>\n<meta property=\"og:url\" content=\"https:\/\/gobierno.udd.cl\/dccs\/presentacion\/perfil-ingreso-egreso\/\" \/>\n<meta property=\"og:site_name\" content=\"Doctorado en Ciencias de la Complejidad Social\" \/>\n<meta property=\"article:modified_time\" content=\"2024-09-04T15:36:37+00:00\" \/>\n<meta name=\"twitter:card\" content=\"summary_large_image\" \/>\n<meta name=\"twitter:label1\" content=\"Tiempo de lectura\" \/>\n\t<meta name=\"twitter:data1\" content=\"2 minutos\" \/>\n<script type=\"application\/ld+json\" class=\"yoast-schema-graph\">{\"@context\":\"https:\/\/schema.org\",\"@graph\":[{\"@type\":\"WebPage\",\"@id\":\"https:\/\/gobierno.udd.cl\/dccs\/presentacion\/perfil-ingreso-egreso\/\",\"url\":\"https:\/\/gobierno.udd.cl\/dccs\/presentacion\/perfil-ingreso-egreso\/\",\"name\":\"Perfil de ingreso - Doctorado en Ciencias de la Complejidad Social\",\"isPartOf\":{\"@id\":\"https:\/\/gobierno.udd.cl\/dccs\/#website\"},\"datePublished\":\"2017-10-26T17:05:15+00:00\",\"dateModified\":\"2024-09-04T15:36:37+00:00\",\"breadcrumb\":{\"@id\":\"https:\/\/gobierno.udd.cl\/dccs\/presentacion\/perfil-ingreso-egreso\/#breadcrumb\"},\"inLanguage\":\"es\",\"potentialAction\":[{\"@type\":\"ReadAction\",\"target\":[\"https:\/\/gobierno.udd.cl\/dccs\/presentacion\/perfil-ingreso-egreso\/\"]}]},{\"@type\":\"BreadcrumbList\",\"@id\":\"https:\/\/gobierno.udd.cl\/dccs\/presentacion\/perfil-ingreso-egreso\/#breadcrumb\",\"itemListElement\":[{\"@type\":\"ListItem\",\"position\":1,\"name\":\"Portada\",\"item\":\"https:\/\/gobierno.udd.cl\/dccs\/\"},{\"@type\":\"ListItem\",\"position\":2,\"name\":\"Presentaci\u00f3n\",\"item\":\"https:\/\/gobierno.udd.cl\/dccs\/presentacion\/\"},{\"@type\":\"ListItem\",\"position\":3,\"name\":\"Perfil de ingreso\"}]},{\"@type\":\"WebSite\",\"@id\":\"https:\/\/gobierno.udd.cl\/dccs\/#website\",\"url\":\"https:\/\/gobierno.udd.cl\/dccs\/\",\"name\":\"Doctorado en Ciencias de la Complejidad Social\",\"description\":\"Centro de Investigaci\u00f3n en Complejidad Social | UDD\",\"inLanguage\":\"es\"}]}<\/script>\n<!-- \/ Yoast SEO plugin. -->","yoast_head_json":{"title":"Perfil de ingreso - Doctorado en Ciencias de la Complejidad Social","robots":{"index":"index","follow":"follow","max-snippet":"max-snippet:-1","max-image-preview":"max-image-preview:large","max-video-preview":"max-video-preview:-1"},"canonical":"https:\/\/gobierno.udd.cl\/dccs\/presentacion\/perfil-ingreso-egreso\/","og_locale":"es_ES","og_type":"article","og_title":"Perfil de ingreso - Doctorado en Ciencias de la Complejidad Social","og_description":"El programa de Doctorado en Ciencias de la Complejidad Social busca, de forma expl\u00edcita, atraer estudiantes de diferentes disciplinas para conformar un equipo cuya diversidad enriquezca el trabajo interdisciplinar. Este acepta postulantes que tengan como m\u00ednimo el grado acad\u00e9mico de Licenciado o equivalente y busca atraer a estudiantes provenientes de las Ciencias Sociales Tradicionales, as\u00ed [&hellip;]","og_url":"https:\/\/gobierno.udd.cl\/dccs\/presentacion\/perfil-ingreso-egreso\/","og_site_name":"Doctorado en Ciencias de la Complejidad Social","article_modified_time":"2024-09-04T15:36:37+00:00","twitter_card":"summary_large_image","twitter_misc":{"Tiempo de lectura":"2 minutos"},"schema":{"@context":"https:\/\/schema.org","@graph":[{"@type":"WebPage","@id":"https:\/\/gobierno.udd.cl\/dccs\/presentacion\/perfil-ingreso-egreso\/","url":"https:\/\/gobierno.udd.cl\/dccs\/presentacion\/perfil-ingreso-egreso\/","name":"Perfil de ingreso - Doctorado en Ciencias de la Complejidad Social","isPartOf":{"@id":"https:\/\/gobierno.udd.cl\/dccs\/#website"},"datePublished":"2017-10-26T17:05:15+00:00","dateModified":"2024-09-04T15:36:37+00:00","breadcrumb":{"@id":"https:\/\/gobierno.udd.cl\/dccs\/presentacion\/perfil-ingreso-egreso\/#breadcrumb"},"inLanguage":"es","potentialAction":[{"@type":"ReadAction","target":["https:\/\/gobierno.udd.cl\/dccs\/presentacion\/perfil-ingreso-egreso\/"]}]},{"@type":"BreadcrumbList","@id":"https:\/\/gobierno.udd.cl\/dccs\/presentacion\/perfil-ingreso-egreso\/#breadcrumb","itemListElement":[{"@type":"ListItem","position":1,"name":"Portada","item":"https:\/\/gobierno.udd.cl\/dccs\/"},{"@type":"ListItem","position":2,"name":"Presentaci\u00f3n","item":"https:\/\/gobierno.udd.cl\/dccs\/presentacion\/"},{"@type":"ListItem","position":3,"name":"Perfil de ingreso"}]},{"@type":"WebSite","@id":"https:\/\/gobierno.udd.cl\/dccs\/#website","url":"https:\/\/gobierno.udd.cl\/dccs\/","name":"Doctorado en Ciencias de la Complejidad Social","description":"Centro de Investigaci\u00f3n en Complejidad Social | UDD","inLanguage":"es"}]}},"_links":{"self":[{"href":"https:\/\/gobierno.udd.cl\/dccs\/wp-json\/wp\/v2\/pages\/138","targetHints":{"allow":["GET"]}}],"collection":[{"href":"https:\/\/gobierno.udd.cl\/dccs\/wp-json\/wp\/v2\/pages"}],"about":[{"href":"https:\/\/gobierno.udd.cl\/dccs\/wp-json\/wp\/v2\/types\/page"}],"author":[{"embeddable":true,"href":"https:\/\/gobierno.udd.cl\/dccs\/wp-json\/wp\/v2\/users\/9192236"}],"replies":[{"embeddable":true,"href":"https:\/\/gobierno.udd.cl\/dccs\/wp-json\/wp\/v2\/comments?post=138"}],"version-history":[{"count":2,"href":"https:\/\/gobierno.udd.cl\/dccs\/wp-json\/wp\/v2\/pages\/138\/revisions"}],"predecessor-version":[{"id":4459,"href":"https:\/\/gobierno.udd.cl\/dccs\/wp-json\/wp\/v2\/pages\/138\/revisions\/4459"}],"up":[{"embeddable":true,"href":"https:\/\/gobierno.udd.cl\/dccs\/wp-json\/wp\/v2\/pages\/136"}],"wp:attachment":[{"href":"https:\/\/gobierno.udd.cl\/dccs\/wp-json\/wp\/v2\/media?parent=138"}],"curies":[{"name":"wp","href":"https:\/\/api.w.org\/{rel}","templated":true}]}}