{"id":950,"date":"2018-01-11T14:31:36","date_gmt":"2018-01-11T14:31:36","guid":{"rendered":"http:\/\/dccs.udd.cl\/?post_type=event&amp;p=950"},"modified":"2018-01-11T14:31:36","modified_gmt":"2018-01-11T14:31:36","slug":"labgroup-do-not-take-peace-for-granted-adam-smiths-warning-on-the-relation-between-commerce-and-war","status":"publish","type":"event","link":"https:\/\/gobierno.udd.cl\/dccs\/eventos\/labgroup-do-not-take-peace-for-granted-adam-smiths-warning-on-the-relation-between-commerce-and-war\/","title":{"rendered":"LabGroup &#8211; Do Not Take Peace for Granted:  Adam Smith\u2019s Warning on the Relation Between Commerce and War"},"content":{"rendered":"<p><strong>Maria Pia Paganelli<\/strong> es Profesora Asociada de Econom\u00eda en Trinity University, Texas, Estados Unidos. Su investigaci\u00f3n se basa en <strong>Adam Smith, David Hume, las teor\u00edas monetarias del siglo XVIII y los v\u00ednculos entre la Ilustraci\u00f3n escocesa y la econom\u00eda del comportamiento.<\/strong><br \/>\nAdem\u00e1s, es la editora de rese\u00f1as de libros del Journal of the History of Economic Thought y coedit\u00f3 el Oxford Handbook sobre Adam Smith.<\/p>\n<p>Presentan: <strong>Eugenio Guzm\u00e1n<\/strong>, Decano de la F. de Gobierno, y el investigador <strong>Juan Pablo Couyoumdjian<\/strong>.<\/p>\n","protected":false},"author":0,"featured_media":951,"template":"","locations":[],"events-tax":[],"class_list":["post-950","event","type-event","status-publish","has-post-thumbnail","hentry"],"yoast_head":"<!-- This site is optimized with the Yoast SEO plugin v26.9 - https:\/\/yoast.com\/product\/yoast-seo-wordpress\/ -->\n<title>LabGroup - Do Not Take Peace for Granted: Adam Smith\u2019s Warning on the Relation Between Commerce and War - Doctorado en Ciencias de la Complejidad Social<\/title>\n<meta name=\"robots\" content=\"index, follow, max-snippet:-1, max-image-preview:large, max-video-preview:-1\" \/>\n<link rel=\"canonical\" href=\"https:\/\/gobierno.udd.cl\/dccs\/eventos\/labgroup-do-not-take-peace-for-granted-adam-smiths-warning-on-the-relation-between-commerce-and-war\/\" \/>\n<meta property=\"og:locale\" content=\"es_ES\" \/>\n<meta property=\"og:type\" content=\"article\" \/>\n<meta property=\"og:title\" content=\"LabGroup - Do Not Take Peace for Granted: Adam Smith\u2019s Warning on the Relation Between Commerce and War - Doctorado en Ciencias de la Complejidad Social\" \/>\n<meta property=\"og:description\" content=\"Maria Pia Paganelli es Profesora Asociada de Econom\u00eda en Trinity University, Texas, Estados Unidos. Su investigaci\u00f3n se basa en Adam Smith, David Hume, las teor\u00edas monetarias del siglo XVIII y los v\u00ednculos entre la Ilustraci\u00f3n escocesa y la econom\u00eda del comportamiento. Adem\u00e1s, es la editora de rese\u00f1as de libros del Journal of the History of [&hellip;]\" \/>\n<meta property=\"og:url\" content=\"https:\/\/gobierno.udd.cl\/dccs\/eventos\/labgroup-do-not-take-peace-for-granted-adam-smiths-warning-on-the-relation-between-commerce-and-war\/\" \/>\n<meta property=\"og:site_name\" content=\"Doctorado en Ciencias de la Complejidad Social\" \/>\n<meta property=\"og:image\" content=\"https:\/\/gobierno.udd.cl\/dccs\/files\/2018\/01\/banner-cpp-e1515680992755.jpg\" \/>\n\t<meta property=\"og:image:width\" content=\"180\" \/>\n\t<meta property=\"og:image:height\" content=\"209\" \/>\n\t<meta property=\"og:image:type\" content=\"image\/jpeg\" \/>\n<meta name=\"twitter:card\" content=\"summary_large_image\" \/>\n<script type=\"application\/ld+json\" class=\"yoast-schema-graph\">{\"@context\":\"https:\/\/schema.org\",\"@graph\":[{\"@type\":\"WebPage\",\"@id\":\"https:\/\/gobierno.udd.cl\/dccs\/eventos\/labgroup-do-not-take-peace-for-granted-adam-smiths-warning-on-the-relation-between-commerce-and-war\/\",\"url\":\"https:\/\/gobierno.udd.cl\/dccs\/eventos\/labgroup-do-not-take-peace-for-granted-adam-smiths-warning-on-the-relation-between-commerce-and-war\/\",\"name\":\"LabGroup - Do Not Take Peace for Granted: Adam Smith\u2019s Warning on the Relation Between Commerce and War - Doctorado en Ciencias de la Complejidad Social\",\"isPartOf\":{\"@id\":\"https:\/\/gobierno.udd.cl\/dccs\/#website\"},\"primaryImageOfPage\":{\"@id\":\"https:\/\/gobierno.udd.cl\/dccs\/eventos\/labgroup-do-not-take-peace-for-granted-adam-smiths-warning-on-the-relation-between-commerce-and-war\/#primaryimage\"},\"image\":{\"@id\":\"https:\/\/gobierno.udd.cl\/dccs\/eventos\/labgroup-do-not-take-peace-for-granted-adam-smiths-warning-on-the-relation-between-commerce-and-war\/#primaryimage\"},\"thumbnailUrl\":\"https:\/\/gobierno.udd.cl\/dccs\/files\/2018\/01\/banner-cpp-e1515680992755.jpg\",\"datePublished\":\"2018-01-11T14:31:36+00:00\",\"breadcrumb\":{\"@id\":\"https:\/\/gobierno.udd.cl\/dccs\/eventos\/labgroup-do-not-take-peace-for-granted-adam-smiths-warning-on-the-relation-between-commerce-and-war\/#breadcrumb\"},\"inLanguage\":\"es\",\"potentialAction\":[{\"@type\":\"ReadAction\",\"target\":[\"https:\/\/gobierno.udd.cl\/dccs\/eventos\/labgroup-do-not-take-peace-for-granted-adam-smiths-warning-on-the-relation-between-commerce-and-war\/\"]}]},{\"@type\":\"ImageObject\",\"inLanguage\":\"es\",\"@id\":\"https:\/\/gobierno.udd.cl\/dccs\/eventos\/labgroup-do-not-take-peace-for-granted-adam-smiths-warning-on-the-relation-between-commerce-and-war\/#primaryimage\",\"url\":\"https:\/\/gobierno.udd.cl\/dccs\/files\/2018\/01\/banner-cpp-e1515680992755.jpg\",\"contentUrl\":\"https:\/\/gobierno.udd.cl\/dccs\/files\/2018\/01\/banner-cpp-e1515680992755.jpg\",\"width\":180,\"height\":209},{\"@type\":\"BreadcrumbList\",\"@id\":\"https:\/\/gobierno.udd.cl\/dccs\/eventos\/labgroup-do-not-take-peace-for-granted-adam-smiths-warning-on-the-relation-between-commerce-and-war\/#breadcrumb\",\"itemListElement\":[{\"@type\":\"ListItem\",\"position\":1,\"name\":\"Portada\",\"item\":\"https:\/\/gobierno.udd.cl\/dccs\/\"},{\"@type\":\"ListItem\",\"position\":2,\"name\":\"Eventos\",\"item\":\"https:\/\/gobierno.udd.cl\/dccs\/eventos\/\"},{\"@type\":\"ListItem\",\"position\":3,\"name\":\"LabGroup &#8211; Do Not Take Peace for Granted: Adam Smith\u2019s Warning on the Relation Between Commerce and War\"}]},{\"@type\":\"WebSite\",\"@id\":\"https:\/\/gobierno.udd.cl\/dccs\/#website\",\"url\":\"https:\/\/gobierno.udd.cl\/dccs\/\",\"name\":\"Doctorado en Ciencias de la Complejidad Social\",\"description\":\"Centro de Investigaci\u00f3n en Complejidad Social | UDD\",\"inLanguage\":\"es\"}]}<\/script>\n<!-- \/ Yoast SEO plugin. -->","yoast_head_json":{"title":"LabGroup - Do Not Take Peace for Granted: Adam Smith\u2019s Warning on the Relation Between Commerce and War - Doctorado en Ciencias de la Complejidad Social","robots":{"index":"index","follow":"follow","max-snippet":"max-snippet:-1","max-image-preview":"max-image-preview:large","max-video-preview":"max-video-preview:-1"},"canonical":"https:\/\/gobierno.udd.cl\/dccs\/eventos\/labgroup-do-not-take-peace-for-granted-adam-smiths-warning-on-the-relation-between-commerce-and-war\/","og_locale":"es_ES","og_type":"article","og_title":"LabGroup - Do Not Take Peace for Granted: Adam Smith\u2019s Warning on the Relation Between Commerce and War - Doctorado en Ciencias de la Complejidad Social","og_description":"Maria Pia Paganelli es Profesora Asociada de Econom\u00eda en Trinity University, Texas, Estados Unidos. Su investigaci\u00f3n se basa en Adam Smith, David Hume, las teor\u00edas monetarias del siglo XVIII y los v\u00ednculos entre la Ilustraci\u00f3n escocesa y la econom\u00eda del comportamiento. Adem\u00e1s, es la editora de rese\u00f1as de libros del Journal of the History of [&hellip;]","og_url":"https:\/\/gobierno.udd.cl\/dccs\/eventos\/labgroup-do-not-take-peace-for-granted-adam-smiths-warning-on-the-relation-between-commerce-and-war\/","og_site_name":"Doctorado en Ciencias de la Complejidad Social","og_image":[{"width":180,"height":209,"url":"https:\/\/gobierno.udd.cl\/dccs\/files\/2018\/01\/banner-cpp-e1515680992755.jpg","type":"image\/jpeg"}],"twitter_card":"summary_large_image","schema":{"@context":"https:\/\/schema.org","@graph":[{"@type":"WebPage","@id":"https:\/\/gobierno.udd.cl\/dccs\/eventos\/labgroup-do-not-take-peace-for-granted-adam-smiths-warning-on-the-relation-between-commerce-and-war\/","url":"https:\/\/gobierno.udd.cl\/dccs\/eventos\/labgroup-do-not-take-peace-for-granted-adam-smiths-warning-on-the-relation-between-commerce-and-war\/","name":"LabGroup - Do Not Take Peace for Granted: Adam Smith\u2019s Warning on the Relation Between Commerce and War - Doctorado en Ciencias de la Complejidad Social","isPartOf":{"@id":"https:\/\/gobierno.udd.cl\/dccs\/#website"},"primaryImageOfPage":{"@id":"https:\/\/gobierno.udd.cl\/dccs\/eventos\/labgroup-do-not-take-peace-for-granted-adam-smiths-warning-on-the-relation-between-commerce-and-war\/#primaryimage"},"image":{"@id":"https:\/\/gobierno.udd.cl\/dccs\/eventos\/labgroup-do-not-take-peace-for-granted-adam-smiths-warning-on-the-relation-between-commerce-and-war\/#primaryimage"},"thumbnailUrl":"https:\/\/gobierno.udd.cl\/dccs\/files\/2018\/01\/banner-cpp-e1515680992755.jpg","datePublished":"2018-01-11T14:31:36+00:00","breadcrumb":{"@id":"https:\/\/gobierno.udd.cl\/dccs\/eventos\/labgroup-do-not-take-peace-for-granted-adam-smiths-warning-on-the-relation-between-commerce-and-war\/#breadcrumb"},"inLanguage":"es","potentialAction":[{"@type":"ReadAction","target":["https:\/\/gobierno.udd.cl\/dccs\/eventos\/labgroup-do-not-take-peace-for-granted-adam-smiths-warning-on-the-relation-between-commerce-and-war\/"]}]},{"@type":"ImageObject","inLanguage":"es","@id":"https:\/\/gobierno.udd.cl\/dccs\/eventos\/labgroup-do-not-take-peace-for-granted-adam-smiths-warning-on-the-relation-between-commerce-and-war\/#primaryimage","url":"https:\/\/gobierno.udd.cl\/dccs\/files\/2018\/01\/banner-cpp-e1515680992755.jpg","contentUrl":"https:\/\/gobierno.udd.cl\/dccs\/files\/2018\/01\/banner-cpp-e1515680992755.jpg","width":180,"height":209},{"@type":"BreadcrumbList","@id":"https:\/\/gobierno.udd.cl\/dccs\/eventos\/labgroup-do-not-take-peace-for-granted-adam-smiths-warning-on-the-relation-between-commerce-and-war\/#breadcrumb","itemListElement":[{"@type":"ListItem","position":1,"name":"Portada","item":"https:\/\/gobierno.udd.cl\/dccs\/"},{"@type":"ListItem","position":2,"name":"Eventos","item":"https:\/\/gobierno.udd.cl\/dccs\/eventos\/"},{"@type":"ListItem","position":3,"name":"LabGroup &#8211; Do Not Take Peace for Granted: Adam Smith\u2019s Warning on the Relation Between Commerce and War"}]},{"@type":"WebSite","@id":"https:\/\/gobierno.udd.cl\/dccs\/#website","url":"https:\/\/gobierno.udd.cl\/dccs\/","name":"Doctorado en Ciencias de la Complejidad Social","description":"Centro de Investigaci\u00f3n en Complejidad Social | UDD","inLanguage":"es"}]}},"dtstart":"0000-01-15T16:00:00-04:42","dtend":false,"full_day":false,"attendance_mode":"OnlineEventAttendanceMode","_links":{"self":[{"href":"https:\/\/gobierno.udd.cl\/dccs\/wp-json\/wp\/v2\/events\/950","targetHints":{"allow":["GET"]}}],"collection":[{"href":"https:\/\/gobierno.udd.cl\/dccs\/wp-json\/wp\/v2\/events"}],"about":[{"href":"https:\/\/gobierno.udd.cl\/dccs\/wp-json\/wp\/v2\/types\/event"}],"version-history":[{"count":0,"href":"https:\/\/gobierno.udd.cl\/dccs\/wp-json\/wp\/v2\/events\/950\/revisions"}],"wp:featuredmedia":[{"embeddable":true,"href":"https:\/\/gobierno.udd.cl\/dccs\/wp-json\/wp\/v2\/media\/951"}],"wp:attachment":[{"href":"https:\/\/gobierno.udd.cl\/dccs\/wp-json\/wp\/v2\/media?parent=950"}],"wp:term":[{"taxonomy":"locations","embeddable":true,"href":"https:\/\/gobierno.udd.cl\/dccs\/wp-json\/wp\/v2\/locations?post=950"},{"taxonomy":"events_tax","embeddable":true,"href":"https:\/\/gobierno.udd.cl\/dccs\/wp-json\/wp\/v2\/events-tax?post=950"}],"curies":[{"name":"wp","href":"https:\/\/api.w.org\/{rel}","templated":true}]}}

<p><strong>Maria Pia Paganelli</strong> es Profesora Asociada de Economía en Trinity University, Texas, Estados Unidos. Su investigación se basa en <strong>Adam Smith, David Hume, las teorías monetarias del siglo XVIII y los vínculos entre la Ilustración escocesa y la economía del comportamiento.</strong><br />
Además, es la editora de reseñas de libros del Journal of the History of Economic Thought y coeditó el Oxford Handbook sobre Adam Smith.</p>
<p>Presentan: <strong>Eugenio Guzmán</strong>, Decano de la F. de Gobierno, y el investigador <strong>Juan Pablo Couyoumdjian</strong>.</p>

<!-- This site is optimized with the Yoast SEO plugin v26.9 - https://yoast.com/product/yoast-seo-wordpress/ -->
<title>LabGroup - Do Not Take Peace for Granted: Adam Smith’s Warning on the Relation Between Commerce and War - Doctorado en Ciencias de la Complejidad Social</title>
<meta name="robots" content="index, follow, max-snippet:-1, max-image-preview:large, max-video-preview:-1" />
<link rel="canonical" href="https://gobierno.udd.cl/dccs/eventos/labgroup-do-not-take-peace-for-granted-adam-smiths-warning-on-the-relation-between-commerce-and-war/" />
<meta property="og:locale" content="es_ES" />
<meta property="og:type" content="article" />
<meta property="og:title" content="LabGroup - Do Not Take Peace for Granted: Adam Smith’s Warning on the Relation Between Commerce and War - Doctorado en Ciencias de la Complejidad Social" />
<meta property="og:description" content="Maria Pia Paganelli es Profesora Asociada de Economía en Trinity University, Texas, Estados Unidos. Su investigación se basa en Adam Smith, David Hume, las teorías monetarias del siglo XVIII y los vínculos entre la Ilustración escocesa y la economía del comportamiento. Además, es la editora de reseñas de libros del Journal of the History of [&hellip;]" />
<meta property="og:url" content="https://gobierno.udd.cl/dccs/eventos/labgroup-do-not-take-peace-for-granted-adam-smiths-warning-on-the-relation-between-commerce-and-war/" />
<meta property="og:site_name" content="Doctorado en Ciencias de la Complejidad Social" />
<meta property="og:image" content="https://gobierno.udd.cl/dccs/files/2018/01/banner-cpp-e1515680992755.jpg" />
	<meta property="og:image:width" content="180" />
	<meta property="og:image:height" content="209" />
	<meta property="og:image:type" content="image/jpeg" />
<meta name="twitter:card" content="summary_large_image" />
<script type="application/ld+json" class="yoast-schema-graph">{"@context":"https://schema.org","@graph":[{"@type":"WebPage","@id":"https://gobierno.udd.cl/dccs/eventos/labgroup-do-not-take-peace-for-granted-adam-smiths-warning-on-the-relation-between-commerce-and-war/","url":"https://gobierno.udd.cl/dccs/eventos/labgroup-do-not-take-peace-for-granted-adam-smiths-warning-on-the-relation-between-commerce-and-war/","name":"LabGroup - Do Not Take Peace for Granted: Adam Smith’s Warning on the Relation Between Commerce and War - Doctorado en Ciencias de la Complejidad Social","isPartOf":{"@id":"https://gobierno.udd.cl/dccs/#website"},"primaryImageOfPage":{"@id":"https://gobierno.udd.cl/dccs/eventos/labgroup-do-not-take-peace-for-granted-adam-smiths-warning-on-the-relation-between-commerce-and-war/#primaryimage"},"image":{"@id":"https://gobierno.udd.cl/dccs/eventos/labgroup-do-not-take-peace-for-granted-adam-smiths-warning-on-the-relation-between-commerce-and-war/#primaryimage"},"thumbnailUrl":"https://gobierno.udd.cl/dccs/files/2018/01/banner-cpp-e1515680992755.jpg","datePublished":"2018-01-11T14:31:36+00:00","breadcrumb":{"@id":"https://gobierno.udd.cl/dccs/eventos/labgroup-do-not-take-peace-for-granted-adam-smiths-warning-on-the-relation-between-commerce-and-war/#breadcrumb"},"inLanguage":"es","potentialAction":[{"@type":"ReadAction","target":["https://gobierno.udd.cl/dccs/eventos/labgroup-do-not-take-peace-for-granted-adam-smiths-warning-on-the-relation-between-commerce-and-war/"]}]},{"@type":"ImageObject","inLanguage":"es","@id":"https://gobierno.udd.cl/dccs/eventos/labgroup-do-not-take-peace-for-granted-adam-smiths-warning-on-the-relation-between-commerce-and-war/#primaryimage","url":"https://gobierno.udd.cl/dccs/files/2018/01/banner-cpp-e1515680992755.jpg","contentUrl":"https://gobierno.udd.cl/dccs/files/2018/01/banner-cpp-e1515680992755.jpg","width":180,"height":209},{"@type":"BreadcrumbList","@id":"https://gobierno.udd.cl/dccs/eventos/labgroup-do-not-take-peace-for-granted-adam-smiths-warning-on-the-relation-between-commerce-and-war/#breadcrumb","itemListElement":[{"@type":"ListItem","position":1,"name":"Portada","item":"https://gobierno.udd.cl/dccs/"},{"@type":"ListItem","position":2,"name":"Eventos","item":"https://gobierno.udd.cl/dccs/eventos/"},{"@type":"ListItem","position":3,"name":"LabGroup &#8211; Do Not Take Peace for Granted: Adam Smith’s Warning on the Relation Between Commerce and War"}]},{"@type":"WebSite","@id":"https://gobierno.udd.cl/dccs/#website","url":"https://gobierno.udd.cl/dccs/","name":"Doctorado en Ciencias de la Complejidad Social","description":"Centro de Investigación en Complejidad Social | UDD","inLanguage":"es"}]}</script>
<!-- / Yoast SEO plugin. -->

Maria Pia Paganelli es Profesora Asociada de Economía en Trinity University, Texas, Estados Unidos. Su investigación se basa en Adam Smith, David Hume, las teorías monetarias del siglo XVIII y los vínculos entre la Ilustración escocesa y la economía del comportamiento. Además, es la editora de reseñas de libros del Journal of the History of [&hellip;]

Centro de Investigación en Complejidad Social | UDD
