{"id":2030,"date":"2018-12-03T20:43:25","date_gmt":"2018-12-03T20:43:25","guid":{"rendered":"http:\/\/dccs.udd.cl\/?post_type=event&amp;p=2030"},"modified":"2018-12-03T20:43:25","modified_gmt":"2018-12-03T20:43:25","slug":"charla-como-votaron-los-millenials-en-las-elecciones-presidenciales-de-2017-una-mirada-desde-los-datos-y-modelos-fullcics-con-cristobal-huneeus","status":"publish","type":"event","link":"https:\/\/gobierno.udd.cl\/dccs\/eventos\/charla-como-votaron-los-millenials-en-las-elecciones-presidenciales-de-2017-una-mirada-desde-los-datos-y-modelos-fullcics-con-cristobal-huneeus\/","title":{"rendered":"Charla  \u00abC\u00f3mo votaron los Millenials en las elecciones presidenciales de 2017: una mirada desde los datos y modelos\u00bb. FullCICS con Crist\u00f3bal Huneeus"},"content":{"rendered":"<div style=\"color: #222222; font-family: Arial, Helvetica, sans-serif; font-size: small;\"><b>Crist\u00f3bal Huneeus<\/b>, Ph.D en Econom\u00eda y Director de Data Science en Unholster, nos hablar\u00e1 de \u00abC\u00f3mo votaron los Millenials en las elecciones presidenciales de 2017: una mirada desde los datos y modelos\u00bb.<\/div>\n<div style=\"color: #222222; font-family: Arial, Helvetica, sans-serif; font-size: small;\"><\/div>\n<div style=\"color: #222222; font-family: Arial, Helvetica, sans-serif; font-size: small;\">La actividad se realizar\u00e1 en la sala de clases del 2do Piso del Edificio Plaza de Investigaci\u00f3n, de 13h00 a 14h30.<\/div>\n<p>&nbsp;<\/p>\n","protected":false},"author":0,"featured_media":2031,"template":"","locations":[],"events-tax":[],"class_list":["post-2030","event","type-event","status-publish","has-post-thumbnail","hentry"],"yoast_head":"<!-- This site is optimized with the Yoast SEO plugin v26.9 - https:\/\/yoast.com\/product\/yoast-seo-wordpress\/ -->\n<title>Charla &quot;C\u00f3mo votaron los Millenials en las elecciones presidenciales de 2017: una mirada desde los datos y modelos&quot;. FullCICS con Crist\u00f3bal Huneeus - Doctorado en Ciencias de la Complejidad Social<\/title>\n<meta name=\"robots\" content=\"index, follow, max-snippet:-1, max-image-preview:large, max-video-preview:-1\" \/>\n<link rel=\"canonical\" href=\"https:\/\/gobierno.udd.cl\/dccs\/eventos\/charla-como-votaron-los-millenials-en-las-elecciones-presidenciales-de-2017-una-mirada-desde-los-datos-y-modelos-fullcics-con-cristobal-huneeus\/\" \/>\n<meta property=\"og:locale\" content=\"es_ES\" \/>\n<meta property=\"og:type\" content=\"article\" \/>\n<meta property=\"og:title\" content=\"Charla &quot;C\u00f3mo votaron los Millenials en las elecciones presidenciales de 2017: una mirada desde los datos y modelos&quot;. FullCICS con Crist\u00f3bal Huneeus - Doctorado en Ciencias de la Complejidad Social\" \/>\n<meta property=\"og:description\" content=\"Crist\u00f3bal Huneeus, Ph.D en Econom\u00eda y Director de Data Science en Unholster, nos hablar\u00e1 de \u00abC\u00f3mo votaron los Millenials en las elecciones presidenciales de 2017: una mirada desde los datos y modelos\u00bb. La actividad se realizar\u00e1 en la sala de clases del 2do Piso del Edificio Plaza de Investigaci\u00f3n, de 13h00 a 14h30. &nbsp;\" \/>\n<meta property=\"og:url\" content=\"https:\/\/gobierno.udd.cl\/dccs\/eventos\/charla-como-votaron-los-millenials-en-las-elecciones-presidenciales-de-2017-una-mirada-desde-los-datos-y-modelos-fullcics-con-cristobal-huneeus\/\" \/>\n<meta property=\"og:site_name\" content=\"Doctorado en Ciencias de la Complejidad Social\" \/>\n<meta property=\"og:image\" content=\"https:\/\/gobierno.udd.cl\/dccs\/files\/2018\/12\/fullcics_cristobal-huneeus_041218-01.png\" \/>\n\t<meta property=\"og:image:width\" content=\"2550\" \/>\n\t<meta property=\"og:image:height\" content=\"3300\" \/>\n\t<meta property=\"og:image:type\" content=\"image\/png\" \/>\n<meta name=\"twitter:card\" content=\"summary_large_image\" \/>\n<script type=\"application\/ld+json\" class=\"yoast-schema-graph\">{\"@context\":\"https:\/\/schema.org\",\"@graph\":[{\"@type\":\"WebPage\",\"@id\":\"https:\/\/gobierno.udd.cl\/dccs\/eventos\/charla-como-votaron-los-millenials-en-las-elecciones-presidenciales-de-2017-una-mirada-desde-los-datos-y-modelos-fullcics-con-cristobal-huneeus\/\",\"url\":\"https:\/\/gobierno.udd.cl\/dccs\/eventos\/charla-como-votaron-los-millenials-en-las-elecciones-presidenciales-de-2017-una-mirada-desde-los-datos-y-modelos-fullcics-con-cristobal-huneeus\/\",\"name\":\"Charla \\\"C\u00f3mo votaron los Millenials en las elecciones presidenciales de 2017: una mirada desde los datos y modelos\\\". FullCICS con Crist\u00f3bal Huneeus - Doctorado en Ciencias de la Complejidad Social\",\"isPartOf\":{\"@id\":\"https:\/\/gobierno.udd.cl\/dccs\/#website\"},\"primaryImageOfPage\":{\"@id\":\"https:\/\/gobierno.udd.cl\/dccs\/eventos\/charla-como-votaron-los-millenials-en-las-elecciones-presidenciales-de-2017-una-mirada-desde-los-datos-y-modelos-fullcics-con-cristobal-huneeus\/#primaryimage\"},\"image\":{\"@id\":\"https:\/\/gobierno.udd.cl\/dccs\/eventos\/charla-como-votaron-los-millenials-en-las-elecciones-presidenciales-de-2017-una-mirada-desde-los-datos-y-modelos-fullcics-con-cristobal-huneeus\/#primaryimage\"},\"thumbnailUrl\":\"https:\/\/gobierno.udd.cl\/dccs\/files\/2018\/12\/fullcics_cristobal-huneeus_041218-01.png\",\"datePublished\":\"2018-12-03T20:43:25+00:00\",\"breadcrumb\":{\"@id\":\"https:\/\/gobierno.udd.cl\/dccs\/eventos\/charla-como-votaron-los-millenials-en-las-elecciones-presidenciales-de-2017-una-mirada-desde-los-datos-y-modelos-fullcics-con-cristobal-huneeus\/#breadcrumb\"},\"inLanguage\":\"es\",\"potentialAction\":[{\"@type\":\"ReadAction\",\"target\":[\"https:\/\/gobierno.udd.cl\/dccs\/eventos\/charla-como-votaron-los-millenials-en-las-elecciones-presidenciales-de-2017-una-mirada-desde-los-datos-y-modelos-fullcics-con-cristobal-huneeus\/\"]}]},{\"@type\":\"ImageObject\",\"inLanguage\":\"es\",\"@id\":\"https:\/\/gobierno.udd.cl\/dccs\/eventos\/charla-como-votaron-los-millenials-en-las-elecciones-presidenciales-de-2017-una-mirada-desde-los-datos-y-modelos-fullcics-con-cristobal-huneeus\/#primaryimage\",\"url\":\"https:\/\/gobierno.udd.cl\/dccs\/files\/2018\/12\/fullcics_cristobal-huneeus_041218-01.png\",\"contentUrl\":\"https:\/\/gobierno.udd.cl\/dccs\/files\/2018\/12\/fullcics_cristobal-huneeus_041218-01.png\",\"width\":2550,\"height\":3300},{\"@type\":\"BreadcrumbList\",\"@id\":\"https:\/\/gobierno.udd.cl\/dccs\/eventos\/charla-como-votaron-los-millenials-en-las-elecciones-presidenciales-de-2017-una-mirada-desde-los-datos-y-modelos-fullcics-con-cristobal-huneeus\/#breadcrumb\",\"itemListElement\":[{\"@type\":\"ListItem\",\"position\":1,\"name\":\"Portada\",\"item\":\"https:\/\/gobierno.udd.cl\/dccs\/\"},{\"@type\":\"ListItem\",\"position\":2,\"name\":\"Eventos\",\"item\":\"https:\/\/gobierno.udd.cl\/dccs\/eventos\/\"},{\"@type\":\"ListItem\",\"position\":3,\"name\":\"Charla \u00abC\u00f3mo votaron los Millenials en las elecciones presidenciales de 2017: una mirada desde los datos y modelos\u00bb. FullCICS con Crist\u00f3bal Huneeus\"}]},{\"@type\":\"WebSite\",\"@id\":\"https:\/\/gobierno.udd.cl\/dccs\/#website\",\"url\":\"https:\/\/gobierno.udd.cl\/dccs\/\",\"name\":\"Doctorado en Ciencias de la Complejidad Social\",\"description\":\"Centro de Investigaci\u00f3n en Complejidad Social | UDD\",\"inLanguage\":\"es\"}]}<\/script>\n<!-- \/ Yoast SEO plugin. -->","yoast_head_json":{"title":"Charla \"C\u00f3mo votaron los Millenials en las elecciones presidenciales de 2017: una mirada desde los datos y modelos\". FullCICS con Crist\u00f3bal Huneeus - Doctorado en Ciencias de la Complejidad Social","robots":{"index":"index","follow":"follow","max-snippet":"max-snippet:-1","max-image-preview":"max-image-preview:large","max-video-preview":"max-video-preview:-1"},"canonical":"https:\/\/gobierno.udd.cl\/dccs\/eventos\/charla-como-votaron-los-millenials-en-las-elecciones-presidenciales-de-2017-una-mirada-desde-los-datos-y-modelos-fullcics-con-cristobal-huneeus\/","og_locale":"es_ES","og_type":"article","og_title":"Charla \"C\u00f3mo votaron los Millenials en las elecciones presidenciales de 2017: una mirada desde los datos y modelos\". FullCICS con Crist\u00f3bal Huneeus - Doctorado en Ciencias de la Complejidad Social","og_description":"Crist\u00f3bal Huneeus, Ph.D en Econom\u00eda y Director de Data Science en Unholster, nos hablar\u00e1 de \u00abC\u00f3mo votaron los Millenials en las elecciones presidenciales de 2017: una mirada desde los datos y modelos\u00bb. La actividad se realizar\u00e1 en la sala de clases del 2do Piso del Edificio Plaza de Investigaci\u00f3n, de 13h00 a 14h30. &nbsp;","og_url":"https:\/\/gobierno.udd.cl\/dccs\/eventos\/charla-como-votaron-los-millenials-en-las-elecciones-presidenciales-de-2017-una-mirada-desde-los-datos-y-modelos-fullcics-con-cristobal-huneeus\/","og_site_name":"Doctorado en Ciencias de la Complejidad Social","og_image":[{"width":2550,"height":3300,"url":"https:\/\/gobierno.udd.cl\/dccs\/files\/2018\/12\/fullcics_cristobal-huneeus_041218-01.png","type":"image\/png"}],"twitter_card":"summary_large_image","schema":{"@context":"https:\/\/schema.org","@graph":[{"@type":"WebPage","@id":"https:\/\/gobierno.udd.cl\/dccs\/eventos\/charla-como-votaron-los-millenials-en-las-elecciones-presidenciales-de-2017-una-mirada-desde-los-datos-y-modelos-fullcics-con-cristobal-huneeus\/","url":"https:\/\/gobierno.udd.cl\/dccs\/eventos\/charla-como-votaron-los-millenials-en-las-elecciones-presidenciales-de-2017-una-mirada-desde-los-datos-y-modelos-fullcics-con-cristobal-huneeus\/","name":"Charla \"C\u00f3mo votaron los Millenials en las elecciones presidenciales de 2017: una mirada desde los datos y modelos\". FullCICS con Crist\u00f3bal Huneeus - Doctorado en Ciencias de la Complejidad Social","isPartOf":{"@id":"https:\/\/gobierno.udd.cl\/dccs\/#website"},"primaryImageOfPage":{"@id":"https:\/\/gobierno.udd.cl\/dccs\/eventos\/charla-como-votaron-los-millenials-en-las-elecciones-presidenciales-de-2017-una-mirada-desde-los-datos-y-modelos-fullcics-con-cristobal-huneeus\/#primaryimage"},"image":{"@id":"https:\/\/gobierno.udd.cl\/dccs\/eventos\/charla-como-votaron-los-millenials-en-las-elecciones-presidenciales-de-2017-una-mirada-desde-los-datos-y-modelos-fullcics-con-cristobal-huneeus\/#primaryimage"},"thumbnailUrl":"https:\/\/gobierno.udd.cl\/dccs\/files\/2018\/12\/fullcics_cristobal-huneeus_041218-01.png","datePublished":"2018-12-03T20:43:25+00:00","breadcrumb":{"@id":"https:\/\/gobierno.udd.cl\/dccs\/eventos\/charla-como-votaron-los-millenials-en-las-elecciones-presidenciales-de-2017-una-mirada-desde-los-datos-y-modelos-fullcics-con-cristobal-huneeus\/#breadcrumb"},"inLanguage":"es","potentialAction":[{"@type":"ReadAction","target":["https:\/\/gobierno.udd.cl\/dccs\/eventos\/charla-como-votaron-los-millenials-en-las-elecciones-presidenciales-de-2017-una-mirada-desde-los-datos-y-modelos-fullcics-con-cristobal-huneeus\/"]}]},{"@type":"ImageObject","inLanguage":"es","@id":"https:\/\/gobierno.udd.cl\/dccs\/eventos\/charla-como-votaron-los-millenials-en-las-elecciones-presidenciales-de-2017-una-mirada-desde-los-datos-y-modelos-fullcics-con-cristobal-huneeus\/#primaryimage","url":"https:\/\/gobierno.udd.cl\/dccs\/files\/2018\/12\/fullcics_cristobal-huneeus_041218-01.png","contentUrl":"https:\/\/gobierno.udd.cl\/dccs\/files\/2018\/12\/fullcics_cristobal-huneeus_041218-01.png","width":2550,"height":3300},{"@type":"BreadcrumbList","@id":"https:\/\/gobierno.udd.cl\/dccs\/eventos\/charla-como-votaron-los-millenials-en-las-elecciones-presidenciales-de-2017-una-mirada-desde-los-datos-y-modelos-fullcics-con-cristobal-huneeus\/#breadcrumb","itemListElement":[{"@type":"ListItem","position":1,"name":"Portada","item":"https:\/\/gobierno.udd.cl\/dccs\/"},{"@type":"ListItem","position":2,"name":"Eventos","item":"https:\/\/gobierno.udd.cl\/dccs\/eventos\/"},{"@type":"ListItem","position":3,"name":"Charla \u00abC\u00f3mo votaron los Millenials en las elecciones presidenciales de 2017: una mirada desde los datos y modelos\u00bb. FullCICS con Crist\u00f3bal Huneeus"}]},{"@type":"WebSite","@id":"https:\/\/gobierno.udd.cl\/dccs\/#website","url":"https:\/\/gobierno.udd.cl\/dccs\/","name":"Doctorado en Ciencias de la Complejidad Social","description":"Centro de Investigaci\u00f3n en Complejidad Social | UDD","inLanguage":"es"}]}},"dtstart":"0000-12-04T13:14:00-04:42","dtend":false,"full_day":false,"attendance_mode":"","_links":{"self":[{"href":"https:\/\/gobierno.udd.cl\/dccs\/wp-json\/wp\/v2\/events\/2030","targetHints":{"allow":["GET"]}}],"collection":[{"href":"https:\/\/gobierno.udd.cl\/dccs\/wp-json\/wp\/v2\/events"}],"about":[{"href":"https:\/\/gobierno.udd.cl\/dccs\/wp-json\/wp\/v2\/types\/event"}],"version-history":[{"count":0,"href":"https:\/\/gobierno.udd.cl\/dccs\/wp-json\/wp\/v2\/events\/2030\/revisions"}],"wp:featuredmedia":[{"embeddable":true,"href":"https:\/\/gobierno.udd.cl\/dccs\/wp-json\/wp\/v2\/media\/2031"}],"wp:attachment":[{"href":"https:\/\/gobierno.udd.cl\/dccs\/wp-json\/wp\/v2\/media?parent=2030"}],"wp:term":[{"taxonomy":"locations","embeddable":true,"href":"https:\/\/gobierno.udd.cl\/dccs\/wp-json\/wp\/v2\/locations?post=2030"},{"taxonomy":"events_tax","embeddable":true,"href":"https:\/\/gobierno.udd.cl\/dccs\/wp-json\/wp\/v2\/events-tax?post=2030"}],"curies":[{"name":"wp","href":"https:\/\/api.w.org\/{rel}","templated":true}]}}

Charla  «Cómo votaron los Millenials en las elecciones presidenciales de 2017: una mirada desde los datos y modelos». FullCICS con Cristóbal Huneeus

<div style="color: #222222; font-family: Arial, Helvetica, sans-serif; font-size: small;"><b>Cristóbal Huneeus</b>, Ph.D en Economía y Director de Data Science en Unholster, nos hablará de «Cómo votaron los Millenials en las elecciones presidenciales de 2017: una mirada desde los datos y modelos».</div>
<div style="color: #222222; font-family: Arial, Helvetica, sans-serif; font-size: small;"></div>
<div style="color: #222222; font-family: Arial, Helvetica, sans-serif; font-size: small;">La actividad se realizará en la sala de clases del 2do Piso del Edificio Plaza de Investigación, de 13h00 a 14h30.</div>
<p>&nbsp;</p>

<!-- This site is optimized with the Yoast SEO plugin v26.9 - https://yoast.com/product/yoast-seo-wordpress/ -->
<title>Charla &quot;Cómo votaron los Millenials en las elecciones presidenciales de 2017: una mirada desde los datos y modelos&quot;. FullCICS con Cristóbal Huneeus - Doctorado en Ciencias de la Complejidad Social</title>
<meta name="robots" content="index, follow, max-snippet:-1, max-image-preview:large, max-video-preview:-1" />
<link rel="canonical" href="https://gobierno.udd.cl/dccs/eventos/charla-como-votaron-los-millenials-en-las-elecciones-presidenciales-de-2017-una-mirada-desde-los-datos-y-modelos-fullcics-con-cristobal-huneeus/" />
<meta property="og:locale" content="es_ES" />
<meta property="og:type" content="article" />
<meta property="og:title" content="Charla &quot;Cómo votaron los Millenials en las elecciones presidenciales de 2017: una mirada desde los datos y modelos&quot;. FullCICS con Cristóbal Huneeus - Doctorado en Ciencias de la Complejidad Social" />
<meta property="og:description" content="Cristóbal Huneeus, Ph.D en Economía y Director de Data Science en Unholster, nos hablará de «Cómo votaron los Millenials en las elecciones presidenciales de 2017: una mirada desde los datos y modelos». La actividad se realizará en la sala de clases del 2do Piso del Edificio Plaza de Investigación, de 13h00 a 14h30. &nbsp;" />
<meta property="og:url" content="https://gobierno.udd.cl/dccs/eventos/charla-como-votaron-los-millenials-en-las-elecciones-presidenciales-de-2017-una-mirada-desde-los-datos-y-modelos-fullcics-con-cristobal-huneeus/" />
<meta property="og:site_name" content="Doctorado en Ciencias de la Complejidad Social" />
<meta property="og:image" content="https://gobierno.udd.cl/dccs/files/2018/12/fullcics_cristobal-huneeus_041218-01.png" />
	<meta property="og:image:width" content="2550" />
	<meta property="og:image:height" content="3300" />
	<meta property="og:image:type" content="image/png" />
<meta name="twitter:card" content="summary_large_image" />
<script type="application/ld+json" class="yoast-schema-graph">{"@context":"https://schema.org","@graph":[{"@type":"WebPage","@id":"https://gobierno.udd.cl/dccs/eventos/charla-como-votaron-los-millenials-en-las-elecciones-presidenciales-de-2017-una-mirada-desde-los-datos-y-modelos-fullcics-con-cristobal-huneeus/","url":"https://gobierno.udd.cl/dccs/eventos/charla-como-votaron-los-millenials-en-las-elecciones-presidenciales-de-2017-una-mirada-desde-los-datos-y-modelos-fullcics-con-cristobal-huneeus/","name":"Charla \"Cómo votaron los Millenials en las elecciones presidenciales de 2017: una mirada desde los datos y modelos\". FullCICS con Cristóbal Huneeus - Doctorado en Ciencias de la Complejidad Social","isPartOf":{"@id":"https://gobierno.udd.cl/dccs/#website"},"primaryImageOfPage":{"@id":"https://gobierno.udd.cl/dccs/eventos/charla-como-votaron-los-millenials-en-las-elecciones-presidenciales-de-2017-una-mirada-desde-los-datos-y-modelos-fullcics-con-cristobal-huneeus/#primaryimage"},"image":{"@id":"https://gobierno.udd.cl/dccs/eventos/charla-como-votaron-los-millenials-en-las-elecciones-presidenciales-de-2017-una-mirada-desde-los-datos-y-modelos-fullcics-con-cristobal-huneeus/#primaryimage"},"thumbnailUrl":"https://gobierno.udd.cl/dccs/files/2018/12/fullcics_cristobal-huneeus_041218-01.png","datePublished":"2018-12-03T20:43:25+00:00","breadcrumb":{"@id":"https://gobierno.udd.cl/dccs/eventos/charla-como-votaron-los-millenials-en-las-elecciones-presidenciales-de-2017-una-mirada-desde-los-datos-y-modelos-fullcics-con-cristobal-huneeus/#breadcrumb"},"inLanguage":"es","potentialAction":[{"@type":"ReadAction","target":["https://gobierno.udd.cl/dccs/eventos/charla-como-votaron-los-millenials-en-las-elecciones-presidenciales-de-2017-una-mirada-desde-los-datos-y-modelos-fullcics-con-cristobal-huneeus/"]}]},{"@type":"ImageObject","inLanguage":"es","@id":"https://gobierno.udd.cl/dccs/eventos/charla-como-votaron-los-millenials-en-las-elecciones-presidenciales-de-2017-una-mirada-desde-los-datos-y-modelos-fullcics-con-cristobal-huneeus/#primaryimage","url":"https://gobierno.udd.cl/dccs/files/2018/12/fullcics_cristobal-huneeus_041218-01.png","contentUrl":"https://gobierno.udd.cl/dccs/files/2018/12/fullcics_cristobal-huneeus_041218-01.png","width":2550,"height":3300},{"@type":"BreadcrumbList","@id":"https://gobierno.udd.cl/dccs/eventos/charla-como-votaron-los-millenials-en-las-elecciones-presidenciales-de-2017-una-mirada-desde-los-datos-y-modelos-fullcics-con-cristobal-huneeus/#breadcrumb","itemListElement":[{"@type":"ListItem","position":1,"name":"Portada","item":"https://gobierno.udd.cl/dccs/"},{"@type":"ListItem","position":2,"name":"Eventos","item":"https://gobierno.udd.cl/dccs/eventos/"},{"@type":"ListItem","position":3,"name":"Charla «Cómo votaron los Millenials en las elecciones presidenciales de 2017: una mirada desde los datos y modelos». FullCICS con Cristóbal Huneeus"}]},{"@type":"WebSite","@id":"https://gobierno.udd.cl/dccs/#website","url":"https://gobierno.udd.cl/dccs/","name":"Doctorado en Ciencias de la Complejidad Social","description":"Centro de Investigación en Complejidad Social | UDD","inLanguage":"es"}]}</script>
<!-- / Yoast SEO plugin. -->

Charla "Cómo votaron los Millenials en las elecciones presidenciales de 2017: una mirada desde los datos y modelos". FullCICS con Cristóbal Huneeus - Doctorado en Ciencias de la Complejidad Social

Cristóbal Huneeus, Ph.D en Economía y Director de Data Science en Unholster, nos hablará de «Cómo votaron los Millenials en las elecciones presidenciales de 2017: una mirada desde los datos y modelos». La actividad se realizará en la sala de clases del 2do Piso del Edificio Plaza de Investigación, de 13h00 a 14h30. &nbsp;

Charla «Cómo votaron los Millenials en las elecciones presidenciales de 2017: una mirada desde los datos y modelos». FullCICS con Cristóbal Huneeus

Centro de Investigación en Complejidad Social | UDD
