{"version":"1.0","provider_name":"Doctorado en Ciencias de la Complejidad Social","provider_url":"https:\/\/gobierno.udd.cl\/dccs","author_name":"ccararo","author_url":"https:\/\/gobierno.udd.cl\/dccs\/author\/ccararo\/","title":"Impacto y Red de Participantes - Doctorado en Ciencias de la Complejidad Social","type":"rich","width":600,"height":338,"html":"<blockquote class=\"wp-embedded-content\" data-secret=\"LCaHepttUK\"><a href=\"https:\/\/gobierno.udd.cl\/dccs\/impacto-y-red-de-participantes\/\">Impacto y Red de Participantes<\/a><\/blockquote><iframe sandbox=\"allow-scripts\" security=\"restricted\" src=\"https:\/\/gobierno.udd.cl\/dccs\/impacto-y-red-de-participantes\/embed\/#?secret=LCaHepttUK\" width=\"600\" height=\"338\" title=\"\u00abImpacto y Red de Participantes\u00bb \u2014 Doctorado en Ciencias de la Complejidad Social\" data-secret=\"LCaHepttUK\" frameborder=\"0\" marginwidth=\"0\" marginheight=\"0\" scrolling=\"no\" class=\"wp-embedded-content\"><\/iframe><script type=\"text\/javascript\">\n\/* <![CDATA[ *\/\n\/*! This file is auto-generated *\/\n!function(d,l){\"use strict\";l.querySelector&&d.addEventListener&&\"undefined\"!=typeof URL&&(d.wp=d.wp||{},d.wp.receiveEmbedMessage||(d.wp.receiveEmbedMessage=function(e){var t=e.data;if((t||t.secret||t.message||t.value)&&!\/[^a-zA-Z0-9]\/.test(t.secret)){for(var s,r,n,a=l.querySelectorAll('iframe[data-secret=\"'+t.secret+'\"]'),o=l.querySelectorAll('blockquote[data-secret=\"'+t.secret+'\"]'),c=new RegExp(\"^https?:$\",\"i\"),i=0;i<o.length;i++)o[i].style.display=\"none\";for(i=0;i<a.length;i++)s=a[i],e.source===s.contentWindow&&(s.removeAttribute(\"style\"),\"height\"===t.message?(1e3<(r=parseInt(t.value,10))?r=1e3:~~r<200&&(r=200),s.height=r):\"link\"===t.message&&(r=new URL(s.getAttribute(\"src\")),n=new URL(t.value),c.test(n.protocol))&&n.host===r.host&&l.activeElement===s&&(d.top.location.href=t.value))}},d.addEventListener(\"message\",d.wp.receiveEmbedMessage,!1),l.addEventListener(\"DOMContentLoaded\",function(){for(var e,t,s=l.querySelectorAll(\"iframe.wp-embedded-content\"),r=0;r<s.length;r++)(t=(e=s[r]).getAttribute(\"data-secret\"))||(t=Math.random().toString(36).substring(2,12),e.src+=\"#?secret=\"+t,e.setAttribute(\"data-secret\",t)),e.contentWindow.postMessage({message:\"ready\",secret:t},\"*\")},!1)))}(window,document);\n\/\/# sourceURL=https:\/\/gobierno.udd.cl\/dccs\/wp-includes\/js\/wp-embed.min.js\n\/* ]]> *\/\n<\/script>\n","description":"Desde 2023, la Escuela de Verano se ha consolidado como un espacio \u00fanico para el intercambio acad\u00e9mico y la colaboraci\u00f3n interdisciplinaria. La edici\u00f3n 2025 reuni\u00f3 a m\u00e1s de 30 participantes, entre estudiantes de doctorado y mag\u00edster de diversas universidades nacionales e internacionales. Testimonio de participantes:\u00abLa experiencia trascendi\u00f3 lo acad\u00e9mico y me permiti\u00f3 conversar de manera [&hellip;]"}

Desde 2023, la Escuela de Verano se ha consolidado como un espacio único para el intercambio académico y la colaboración interdisciplinaria. La edición 2025 reunió a más de 30 participantes, entre estudiantes de doctorado y magíster de diversas universidades nacionales e internacionales. Testimonio de participantes:«La experiencia trascendió lo académico y me permitió conversar de manera [&hellip;]
