{"id":6351,"date":"2022-03-09T10:23:36","date_gmt":"2022-03-09T13:23:36","guid":{"rendered":"http:\/\/gobierno.udd.cl\/cpp\/files\/2014\/09\/Retratos_IMG_9505.jpg"},"modified":"2022-03-09T10:23:55","modified_gmt":"2022-03-09T13:23:55","slug":"jornada-reflexion-8m","status":"inherit","type":"attachment","link":"https:\/\/gobierno.udd.cl\/cpp\/persona\/soledad-reyes-del-villar\/jornada-reflexion-8m\/","title":{"rendered":"Soledad Reyes"},"author":22,"featured_media":0,"comment_status":"open","ping_status":"closed","template":"","meta":[],"class_list":["post-6351","attachment","type-attachment","status-inherit","hentry"],"description":{"rendered":"<p class=\"attachment\"><a href='https:\/\/gobierno.udd.cl\/cpp\/files\/2014\/09\/Retratos_IMG_9505-scaled-e1646832266104.jpg'><img loading=\"lazy\" decoding=\"async\" width=\"300\" height=\"197\" src=\"https:\/\/gobierno.udd.cl\/cpp\/wp-content\/plugins\/wp-async-img-load\/blank.png\" class=\"attachment-medium size-medium lazyload\" alt=\"\" sizes=\"auto, (max-width: 300px) 100vw, 300px\" data-src=\"https:\/\/gobierno.udd.cl\/cpp\/files\/2014\/09\/Retratos_IMG_9505-scaled-e1646832266104-300x197.jpg\" data-srcset=\"https:\/\/gobierno.udd.cl\/cpp\/files\/2014\/09\/Retratos_IMG_9505-scaled-e1646832266104-300x197.jpg 300w, https:\/\/gobierno.udd.cl\/cpp\/files\/2014\/09\/Retratos_IMG_9505-scaled-e1646832266104-1024x673.jpg 1024w, https:\/\/gobierno.udd.cl\/cpp\/files\/2014\/09\/Retratos_IMG_9505-scaled-e1646832266104-768x505.jpg 768w, https:\/\/gobierno.udd.cl\/cpp\/files\/2014\/09\/Retratos_IMG_9505-scaled-e1646832266104-1536x1010.jpg 1536w, https:\/\/gobierno.udd.cl\/cpp\/files\/2014\/09\/Retratos_IMG_9505-scaled-e1646832266104-2048x1346.jpg 2048w\" \/><\/a><\/p>\n"},"caption":{"rendered":""},"alt_text":"","media_type":"image","mime_type":"image\/jpeg","media_details":{"width":2560,"height":1683,"file":"2014\/09\/Retratos_IMG_9505-scaled-e1646832266104.jpg","sizes":{"medium":{"file":"Retratos_IMG_9505-scaled-e1646832266104-300x197.jpg","width":300,"height":197,"mime_type":"image\/jpeg","source_url":"https:\/\/gobierno.udd.cl\/cpp\/files\/2014\/09\/Retratos_IMG_9505-scaled-e1646832266104-300x197.jpg"},"large":{"file":"Retratos_IMG_9505-scaled-e1646832266104-1024x673.jpg","width":1024,"height":673,"mime_type":"image\/jpeg","source_url":"https:\/\/gobierno.udd.cl\/cpp\/files\/2014\/09\/Retratos_IMG_9505-scaled-e1646832266104-1024x673.jpg"},"thumbnail":{"file":"Retratos_IMG_9505-scaled-e1646832266104-150x150.jpg","width":150,"height":150,"mime_type":"image\/jpeg","source_url":"https:\/\/gobierno.udd.cl\/cpp\/files\/2014\/09\/Retratos_IMG_9505-scaled-e1646832266104-150x150.jpg"},"medium_large":{"file":"Retratos_IMG_9505-scaled-e1646832266104-768x505.jpg","width":768,"height":505,"mime_type":"image\/jpeg","source_url":"https:\/\/gobierno.udd.cl\/cpp\/files\/2014\/09\/Retratos_IMG_9505-scaled-e1646832266104-768x505.jpg"},"newsletter_featured":{"file":"Retratos_IMG_9505-scaled-e1646832266104-316x224.jpg","width":316,"height":224,"mime_type":"image\/jpeg","source_url":"https:\/\/gobierno.udd.cl\/cpp\/files\/2014\/09\/Retratos_IMG_9505-scaled-e1646832266104-316x224.jpg"},"newsletter_first":{"file":"Retratos_IMG_9505-scaled-e1646832266104-286x205.jpg","width":286,"height":205,"mime_type":"image\/jpeg","source_url":"https:\/\/gobierno.udd.cl\/cpp\/files\/2014\/09\/Retratos_IMG_9505-scaled-e1646832266104-286x205.jpg"},"newsletter_thumb":{"file":"Retratos_IMG_9505-scaled-e1646832266104-288x150.jpg","width":288,"height":150,"mime_type":"image\/jpeg","source_url":"https:\/\/gobierno.udd.cl\/cpp\/files\/2014\/09\/Retratos_IMG_9505-scaled-e1646832266104-288x150.jpg"},"newsletter_column":{"file":"Retratos_IMG_9505-scaled-e1646832266104-182x140.jpg","width":182,"height":140,"mime_type":"image\/jpeg","source_url":"https:\/\/gobierno.udd.cl\/cpp\/files\/2014\/09\/Retratos_IMG_9505-scaled-e1646832266104-182x140.jpg"},"newsletter_square":{"file":"Retratos_IMG_9505-scaled-e1646832266104-62x62.jpg","width":62,"height":62,"mime_type":"image\/jpeg","source_url":"https:\/\/gobierno.udd.cl\/cpp\/files\/2014\/09\/Retratos_IMG_9505-scaled-e1646832266104-62x62.jpg"},"newsletter_square_large":{"file":"Retratos_IMG_9505-scaled-e1646832266104-87x62.jpg","width":87,"height":62,"mime_type":"image\/jpeg","source_url":"https:\/\/gobierno.udd.cl\/cpp\/files\/2014\/09\/Retratos_IMG_9505-scaled-e1646832266104-87x62.jpg"},"1536x1536":{"file":"Retratos_IMG_9505-scaled-e1646832266104-1536x1010.jpg","width":1536,"height":1010,"mime_type":"image\/jpeg","source_url":"https:\/\/gobierno.udd.cl\/cpp\/files\/2014\/09\/Retratos_IMG_9505-scaled-e1646832266104-1536x1010.jpg"},"2048x2048":{"file":"Retratos_IMG_9505-scaled-e1646832266104-2048x1346.jpg","width":2048,"height":1346,"mime_type":"image\/jpeg","source_url":"https:\/\/gobierno.udd.cl\/cpp\/files\/2014\/09\/Retratos_IMG_9505-scaled-e1646832266104-2048x1346.jpg"},"landscape_1920":{"file":"Retratos_IMG_9505-scaled-e1646832266104-1920x1080.jpg","width":1920,"height":1080,"mime_type":"image\/jpeg","source_url":"https:\/\/gobierno.udd.cl\/cpp\/files\/2014\/09\/Retratos_IMG_9505-scaled-e1646832266104-1920x1080.jpg"},"landscape_1366":{"file":"Retratos_IMG_9505-scaled-e1646832266104-1366x768.jpg","width":1366,"height":768,"mime_type":"image\/jpeg","source_url":"https:\/\/gobierno.udd.cl\/cpp\/files\/2014\/09\/Retratos_IMG_9505-scaled-e1646832266104-1366x768.jpg"},"landscape_952":{"file":"Retratos_IMG_9505-scaled-e1646832266104-952x534.jpg","width":952,"height":534,"mime_type":"image\/jpeg","source_url":"https:\/\/gobierno.udd.cl\/cpp\/files\/2014\/09\/Retratos_IMG_9505-scaled-e1646832266104-952x534.jpg"},"landscape_680":{"file":"Retratos_IMG_9505-scaled-e1646832266104-680x382.jpg","width":680,"height":382,"mime_type":"image\/jpeg","source_url":"https:\/\/gobierno.udd.cl\/cpp\/files\/2014\/09\/Retratos_IMG_9505-scaled-e1646832266104-680x382.jpg"},"square_750":{"file":"Retratos_IMG_9505-scaled-e1646832266104-750x750.jpg","width":750,"height":750,"mime_type":"image\/jpeg","source_url":"https:\/\/gobierno.udd.cl\/cpp\/files\/2014\/09\/Retratos_IMG_9505-scaled-e1646832266104-750x750.jpg"},"square_500":{"file":"Retratos_IMG_9505-scaled-e1646832266104-500x500.jpg","width":500,"height":500,"mime_type":"image\/jpeg","source_url":"https:\/\/gobierno.udd.cl\/cpp\/files\/2014\/09\/Retratos_IMG_9505-scaled-e1646832266104-500x500.jpg"},"square_200":{"file":"Retratos_IMG_9505-scaled-e1646832266104-250x250.jpg","width":250,"height":250,"mime_type":"image\/jpeg","source_url":"https:\/\/gobierno.udd.cl\/cpp\/files\/2014\/09\/Retratos_IMG_9505-scaled-e1646832266104-250x250.jpg"},"post-thumbnail":{"file":"Retratos_IMG_9505-scaled-e1646832266104-952x534.jpg","width":952,"height":534,"mime_type":"image\/jpeg","source_url":"https:\/\/gobierno.udd.cl\/cpp\/files\/2014\/09\/Retratos_IMG_9505-scaled-e1646832266104-952x534.jpg"},"custom_content":{"file":"Retratos_IMG_9505-scaled-e1646832266104-126x126.jpg","width":126,"height":126,"mime_type":"image\/jpeg","source_url":"https:\/\/gobierno.udd.cl\/cpp\/files\/2014\/09\/Retratos_IMG_9505-scaled-e1646832266104-126x126.jpg"},"full":{"file":"Retratos_IMG_9505-scaled-e1646832266104.jpg","width":2560,"height":1683,"mime_type":"image\/jpeg","source_url":"https:\/\/gobierno.udd.cl\/cpp\/files\/2014\/09\/Retratos_IMG_9505-scaled-e1646832266104.jpg"}},"image_meta":{"aperture":"2.8","credit":"Valentino Saldivar","camera":"Canon EOS RP","caption":"Registro Fotogr\u00e1fico de la actividad Jornada de Reflexi\u00f3n 8M 2022           \" Mujeres, Pensamiento y Acci\u00f3n\" en conmemoraci\u00f3n del D\u00eda Internacional de la Mujer.  En Santiago: 08\/03\/2022. Fot\u00f3grafo: Valentino Saldivar.","created_timestamp":"1646737232","copyright":"@copyright 2022","focal_length":"70","iso":"400","shutter_speed":"0.00125","title":"Jornada Reflexi\u00f3n 8M","orientation":"0","keywords":["8 DE MARZO","8M","DIA INTERNACIONAL DE LA MUJER","D\u00cdA DE LA MUJER 2022","JORNADA DE REFLEXI\u00d3N","UDD 2022"]},"original_image":"Retratos_IMG_9505.jpg"},"post":357,"source_url":"https:\/\/gobierno.udd.cl\/cpp\/files\/2014\/09\/Retratos_IMG_9505-scaled-e1646832266104.jpg","_links":{"self":[{"href":"https:\/\/gobierno.udd.cl\/cpp\/wp-json\/wp\/v2\/media\/6351","targetHints":{"allow":["GET"]}}],"collection":[{"href":"https:\/\/gobierno.udd.cl\/cpp\/wp-json\/wp\/v2\/media"}],"about":[{"href":"https:\/\/gobierno.udd.cl\/cpp\/wp-json\/wp\/v2\/types\/attachment"}],"author":[{"embeddable":true,"href":"https:\/\/gobierno.udd.cl\/cpp\/wp-json\/wp\/v2\/users\/22"}],"replies":[{"embeddable":true,"href":"https:\/\/gobierno.udd.cl\/cpp\/wp-json\/wp\/v2\/comments?post=6351"}],"wp:attached-to":[{"embeddable":true,"post_type":"person","id":357,"href":"https:\/\/gobierno.udd.cl\/cpp\/wp-json\/wp\/v2\/people\/357"}],"curies":[{"name":"wp","href":"https:\/\/api.w.org\/{rel}","templated":true}]}}

Registro Fotográfico de la actividad Jornada de Reflexión 8M 2022           " Mujeres, Pensamiento y Acción" en conmemoración del Día Internacional de la Mujer.  En Santiago: 08/03/2022. Fotógrafo: Valentino Saldivar.

Jornada Reflexión 8M

DÍA DE LA MUJER 2022

JORNADA DE REFLEXIÓN
