{"id":5941,"date":"2020-12-01T20:43:56","date_gmt":"2020-12-01T23:43:56","guid":{"rendered":"http:\/\/gobierno.udd.cl\/cpp\/files\/2020\/10\/Dise\u00f1o-sin-t\u00edtulo-14.png"},"modified":"2020-12-01T20:44:04","modified_gmt":"2020-12-01T23:44:04","slug":"diseno-sin-titulo-14","status":"inherit","type":"attachment","link":"https:\/\/gobierno.udd.cl\/cpp\/noticias\/2020\/10\/30\/analistas-ven-complejo-camino-para-liderazgo-de-presidente-pinera-a-17-meses-de-dejar-la-moneda-df\/diseno-sin-titulo-14\/","title":{"rendered":"Diario Financiero"},"author":22,"featured_media":0,"comment_status":"open","ping_status":"closed","template":"","meta":[],"class_list":["post-5941","attachment","type-attachment","status-inherit","hentry"],"description":{"rendered":"<p class=\"attachment\"><a href='https:\/\/gobierno.udd.cl\/cpp\/files\/2020\/10\/Dise\u00f1o-sin-t\u00edtulo-14.png'><img loading=\"lazy\" decoding=\"async\" width=\"300\" height=\"169\" src=\"https:\/\/gobierno.udd.cl\/cpp\/wp-content\/plugins\/wp-async-img-load\/blank.png\" class=\"attachment-medium size-medium lazyload\" alt=\"\" sizes=\"auto, (max-width: 300px) 100vw, 300px\" data-src=\"https:\/\/gobierno.udd.cl\/cpp\/files\/2020\/10\/Dise\u00f1o-sin-t\u00edtulo-14-300x169.png\" data-srcset=\"https:\/\/gobierno.udd.cl\/cpp\/files\/2020\/10\/Dise\u00f1o-sin-t\u00edtulo-14-300x169.png 300w, https:\/\/gobierno.udd.cl\/cpp\/files\/2020\/10\/Dise\u00f1o-sin-t\u00edtulo-14.png 319w\" \/><\/a><\/p>\n"},"caption":{"rendered":""},"alt_text":"","media_type":"image","mime_type":"image\/png","media_details":{"width":319,"height":180,"file":"2020\/10\/Dise\u00f1o-sin-t\u00edtulo-14.png","sizes":{"medium":{"file":"Dise\u00f1o-sin-t\u00edtulo-14-300x169.png","width":300,"height":169,"mime_type":"image\/png","source_url":"https:\/\/gobierno.udd.cl\/cpp\/files\/2020\/10\/Dise\u00f1o-sin-t\u00edtulo-14-300x169.png"},"thumbnail":{"file":"Dise\u00f1o-sin-t\u00edtulo-14-150x150.png","width":150,"height":150,"mime_type":"image\/png","source_url":"https:\/\/gobierno.udd.cl\/cpp\/files\/2020\/10\/Dise\u00f1o-sin-t\u00edtulo-14-150x150.png"},"newsletter_featured":{"file":"Dise\u00f1o-sin-t\u00edtulo-14-316x180.png","width":316,"height":180,"mime_type":"image\/png","source_url":"https:\/\/gobierno.udd.cl\/cpp\/files\/2020\/10\/Dise\u00f1o-sin-t\u00edtulo-14-316x180.png"},"newsletter_first":{"file":"Dise\u00f1o-sin-t\u00edtulo-14-286x180.png","width":286,"height":180,"mime_type":"image\/png","source_url":"https:\/\/gobierno.udd.cl\/cpp\/files\/2020\/10\/Dise\u00f1o-sin-t\u00edtulo-14-286x180.png"},"newsletter_thumb":{"file":"Dise\u00f1o-sin-t\u00edtulo-14-288x150.png","width":288,"height":150,"mime_type":"image\/png","source_url":"https:\/\/gobierno.udd.cl\/cpp\/files\/2020\/10\/Dise\u00f1o-sin-t\u00edtulo-14-288x150.png"},"newsletter_column":{"file":"Dise\u00f1o-sin-t\u00edtulo-14-182x140.png","width":182,"height":140,"mime_type":"image\/png","source_url":"https:\/\/gobierno.udd.cl\/cpp\/files\/2020\/10\/Dise\u00f1o-sin-t\u00edtulo-14-182x140.png"},"newsletter_square":{"file":"Dise\u00f1o-sin-t\u00edtulo-14-62x62.png","width":62,"height":62,"mime_type":"image\/png","source_url":"https:\/\/gobierno.udd.cl\/cpp\/files\/2020\/10\/Dise\u00f1o-sin-t\u00edtulo-14-62x62.png"},"newsletter_square_large":{"file":"Dise\u00f1o-sin-t\u00edtulo-14-87x62.png","width":87,"height":62,"mime_type":"image\/png","source_url":"https:\/\/gobierno.udd.cl\/cpp\/files\/2020\/10\/Dise\u00f1o-sin-t\u00edtulo-14-87x62.png"},"square_200":{"file":"Dise\u00f1o-sin-t\u00edtulo-14-250x180.png","width":250,"height":180,"mime_type":"image\/png","source_url":"https:\/\/gobierno.udd.cl\/cpp\/files\/2020\/10\/Dise\u00f1o-sin-t\u00edtulo-14-250x180.png"},"custom_content":{"file":"Dise\u00f1o-sin-t\u00edtulo-14-126x126.png","width":126,"height":126,"mime_type":"image\/png","source_url":"https:\/\/gobierno.udd.cl\/cpp\/files\/2020\/10\/Dise\u00f1o-sin-t\u00edtulo-14-126x126.png"},"full":{"file":"Dise\u00f1o-sin-t\u00edtulo-14.png","width":319,"height":180,"mime_type":"image\/png","source_url":"https:\/\/gobierno.udd.cl\/cpp\/files\/2020\/10\/Dise\u00f1o-sin-t\u00edtulo-14.png"}},"image_meta":{"aperture":"0","credit":"","camera":"","caption":"","created_timestamp":"0","copyright":"","focal_length":"0","iso":"0","shutter_speed":"0","title":"","orientation":"0","keywords":[]}},"post":5831,"source_url":"https:\/\/gobierno.udd.cl\/cpp\/files\/2020\/10\/Dise\u00f1o-sin-t\u00edtulo-14.png","_links":{"self":[{"href":"https:\/\/gobierno.udd.cl\/cpp\/wp-json\/wp\/v2\/media\/5941","targetHints":{"allow":["GET"]}}],"collection":[{"href":"https:\/\/gobierno.udd.cl\/cpp\/wp-json\/wp\/v2\/media"}],"about":[{"href":"https:\/\/gobierno.udd.cl\/cpp\/wp-json\/wp\/v2\/types\/attachment"}],"author":[{"embeddable":true,"href":"https:\/\/gobierno.udd.cl\/cpp\/wp-json\/wp\/v2\/users\/22"}],"replies":[{"embeddable":true,"href":"https:\/\/gobierno.udd.cl\/cpp\/wp-json\/wp\/v2\/comments?post=5941"}],"wp:attached-to":[{"embeddable":true,"post_type":"post","id":5831,"href":"https:\/\/gobierno.udd.cl\/cpp\/wp-json\/wp\/v2\/posts\/5831"}],"curies":[{"name":"wp","href":"https:\/\/api.w.org\/{rel}","templated":true}]}}

http://gobierno.udd.cl/cpp/files/2020/10/Diseño-sin-título-14.png

<p class="attachment"><a href='https://gobierno.udd.cl/cpp/files/2020/10/Diseño-sin-título-14.png'><img loading="lazy" decoding="async" width="300" height="169" src="https://gobierno.udd.cl/cpp/wp-content/plugins/wp-async-img-load/blank.png" class="attachment-medium size-medium lazyload" alt="" sizes="auto, (max-width: 300px) 100vw, 300px" data-src="https://gobierno.udd.cl/cpp/files/2020/10/Diseño-sin-título-14-300x169.png" data-srcset="https://gobierno.udd.cl/cpp/files/2020/10/Diseño-sin-título-14-300x169.png 300w, https://gobierno.udd.cl/cpp/files/2020/10/Diseño-sin-título-14.png 319w" /></a></p>

2020/10/Diseño-sin-título-14.png

Diseño-sin-título-14-300x169.png

https://gobierno.udd.cl/cpp/files/2020/10/Diseño-sin-título-14-300x169.png

Diseño-sin-título-14-150x150.png

https://gobierno.udd.cl/cpp/files/2020/10/Diseño-sin-título-14-150x150.png

Diseño-sin-título-14-316x180.png

https://gobierno.udd.cl/cpp/files/2020/10/Diseño-sin-título-14-316x180.png

Diseño-sin-título-14-286x180.png

https://gobierno.udd.cl/cpp/files/2020/10/Diseño-sin-título-14-286x180.png

Diseño-sin-título-14-288x150.png

https://gobierno.udd.cl/cpp/files/2020/10/Diseño-sin-título-14-288x150.png

Diseño-sin-título-14-182x140.png

https://gobierno.udd.cl/cpp/files/2020/10/Diseño-sin-título-14-182x140.png

Diseño-sin-título-14-62x62.png

https://gobierno.udd.cl/cpp/files/2020/10/Diseño-sin-título-14-62x62.png

Diseño-sin-título-14-87x62.png

https://gobierno.udd.cl/cpp/files/2020/10/Diseño-sin-título-14-87x62.png

Diseño-sin-título-14-250x180.png

https://gobierno.udd.cl/cpp/files/2020/10/Diseño-sin-título-14-250x180.png

Diseño-sin-título-14-126x126.png

https://gobierno.udd.cl/cpp/files/2020/10/Diseño-sin-título-14-126x126.png

Diseño-sin-título-14.png

https://gobierno.udd.cl/cpp/files/2020/10/Diseño-sin-título-14.png
