{"id":1664,"date":"2016-03-11T12:18:16","date_gmt":"2016-03-11T15:18:16","guid":{"rendered":"http:\/\/gobierno.udd.cl\/cpp\/files\/2016\/03\/An\u00e1lisis-Miguel-\u00c1ngel-Fern\u00e1ndez-1.jpg"},"modified":"2016-03-11T12:18:16","modified_gmt":"2016-03-11T15:18:16","slug":"analisis-miguel-angel-fernandez-1","status":"inherit","type":"attachment","link":"https:\/\/gobierno.udd.cl\/cpp\/noticias\/2016\/03\/11\/documento-cpp-analisis-no-1-constituciones-y-bienestar-que-podemos-decir-por-miguel-angel-fernandez\/analisis-miguel-angel-fernandez-1\/","title":{"rendered":"An\u00e1lisis Miguel \u00c1ngel Fern\u00e1ndez-1"},"author":22,"featured_media":0,"comment_status":"open","ping_status":"closed","template":"","meta":[],"class_list":["post-1664","attachment","type-attachment","status-inherit","hentry"],"description":{"rendered":"<p class=\"attachment\"><a href='https:\/\/gobierno.udd.cl\/cpp\/files\/2016\/03\/An\u00e1lisis-Miguel-\u00c1ngel-Fern\u00e1ndez-1.jpg'><img loading=\"lazy\" decoding=\"async\" width=\"264\" height=\"173\" src=\"https:\/\/gobierno.udd.cl\/cpp\/wp-content\/plugins\/wp-async-img-load\/blank.png\" class=\"attachment-medium size-medium lazyload\" alt=\"\" data-src=\"https:\/\/gobierno.udd.cl\/cpp\/files\/2016\/03\/An\u00e1lisis-Miguel-\u00c1ngel-Fern\u00e1ndez-1.jpg\" \/><\/a><\/p>\n"},"caption":{"rendered":""},"alt_text":"","media_type":"image","mime_type":"image\/jpeg","media_details":{"width":264,"height":173,"file":"2016\/03\/An\u00e1lisis-Miguel-\u00c1ngel-Fern\u00e1ndez-1.jpg","sizes":{"thumbnail":{"file":"An\u00e1lisis-Miguel-\u00c1ngel-Fern\u00e1ndez-1-150x150.jpg","width":150,"height":150,"mime_type":"image\/jpeg","source_url":"https:\/\/gobierno.udd.cl\/cpp\/files\/2016\/03\/An\u00e1lisis-Miguel-\u00c1ngel-Fern\u00e1ndez-1-150x150.jpg"},"newsletter_thumb":{"file":"An\u00e1lisis-Miguel-\u00c1ngel-Fern\u00e1ndez-1-264x150.jpg","width":264,"height":150,"mime_type":"image\/jpeg","source_url":"https:\/\/gobierno.udd.cl\/cpp\/files\/2016\/03\/An\u00e1lisis-Miguel-\u00c1ngel-Fern\u00e1ndez-1-264x150.jpg"},"newsletter_column":{"file":"An\u00e1lisis-Miguel-\u00c1ngel-Fern\u00e1ndez-1-182x140.jpg","width":182,"height":140,"mime_type":"image\/jpeg","source_url":"https:\/\/gobierno.udd.cl\/cpp\/files\/2016\/03\/An\u00e1lisis-Miguel-\u00c1ngel-Fern\u00e1ndez-1-182x140.jpg"},"newsletter_square":{"file":"An\u00e1lisis-Miguel-\u00c1ngel-Fern\u00e1ndez-1-62x62.jpg","width":62,"height":62,"mime_type":"image\/jpeg","source_url":"https:\/\/gobierno.udd.cl\/cpp\/files\/2016\/03\/An\u00e1lisis-Miguel-\u00c1ngel-Fern\u00e1ndez-1-62x62.jpg"},"newsletter_square_large":{"file":"An\u00e1lisis-Miguel-\u00c1ngel-Fern\u00e1ndez-1-87x62.jpg","width":87,"height":62,"mime_type":"image\/jpeg","source_url":"https:\/\/gobierno.udd.cl\/cpp\/files\/2016\/03\/An\u00e1lisis-Miguel-\u00c1ngel-Fern\u00e1ndez-1-87x62.jpg"},"portrait-medium":{"file":"An\u00e1lisis-Miguel-\u00c1ngel-Fern\u00e1ndez-1-220x173.jpg","width":220,"height":173,"mime_type":"image\/jpeg","source_url":"https:\/\/gobierno.udd.cl\/cpp\/files\/2016\/03\/An\u00e1lisis-Miguel-\u00c1ngel-Fern\u00e1ndez-1-220x173.jpg"},"landscape-small":{"file":"An\u00e1lisis-Miguel-\u00c1ngel-Fern\u00e1ndez-1-125x80.jpg","width":125,"height":80,"mime_type":"image\/jpeg","source_url":"https:\/\/gobierno.udd.cl\/cpp\/files\/2016\/03\/An\u00e1lisis-Miguel-\u00c1ngel-Fern\u00e1ndez-1-125x80.jpg"},"custom_content":{"file":"An\u00e1lisis-Miguel-\u00c1ngel-Fern\u00e1ndez-1-126x126.jpg","width":126,"height":126,"mime_type":"image\/jpeg","source_url":"https:\/\/gobierno.udd.cl\/cpp\/files\/2016\/03\/An\u00e1lisis-Miguel-\u00c1ngel-Fern\u00e1ndez-1-126x126.jpg"},"full":{"file":"An\u00e1lisis-Miguel-\u00c1ngel-Fern\u00e1ndez-1.jpg","width":264,"height":173,"mime_type":"image\/jpeg","source_url":"https:\/\/gobierno.udd.cl\/cpp\/files\/2016\/03\/An\u00e1lisis-Miguel-\u00c1ngel-Fern\u00e1ndez-1.jpg"}},"image_meta":{"aperture":"0","credit":"","camera":"","caption":"","created_timestamp":"0","copyright":"","focal_length":"0","iso":"0","shutter_speed":"0","title":"","orientation":"1","keywords":[]}},"post":1662,"source_url":"https:\/\/gobierno.udd.cl\/cpp\/files\/2016\/03\/An\u00e1lisis-Miguel-\u00c1ngel-Fern\u00e1ndez-1.jpg","_links":{"self":[{"href":"https:\/\/gobierno.udd.cl\/cpp\/wp-json\/wp\/v2\/media\/1664","targetHints":{"allow":["GET"]}}],"collection":[{"href":"https:\/\/gobierno.udd.cl\/cpp\/wp-json\/wp\/v2\/media"}],"about":[{"href":"https:\/\/gobierno.udd.cl\/cpp\/wp-json\/wp\/v2\/types\/attachment"}],"author":[{"embeddable":true,"href":"https:\/\/gobierno.udd.cl\/cpp\/wp-json\/wp\/v2\/users\/22"}],"replies":[{"embeddable":true,"href":"https:\/\/gobierno.udd.cl\/cpp\/wp-json\/wp\/v2\/comments?post=1664"}],"wp:attached-to":[{"embeddable":true,"post_type":"post","id":1662,"href":"https:\/\/gobierno.udd.cl\/cpp\/wp-json\/wp\/v2\/posts\/1662"}],"curies":[{"name":"wp","href":"https:\/\/api.w.org\/{rel}","templated":true}]}}

http://gobierno.udd.cl/cpp/files/2016/03/Análisis-Miguel-Ángel-Fernández-1.jpg

Análisis Miguel Ángel Fernández-1

<p class="attachment"><a href='https://gobierno.udd.cl/cpp/files/2016/03/Análisis-Miguel-Ángel-Fernández-1.jpg'><img loading="lazy" decoding="async" width="264" height="173" src="https://gobierno.udd.cl/cpp/wp-content/plugins/wp-async-img-load/blank.png" class="attachment-medium size-medium lazyload" alt="" data-src="https://gobierno.udd.cl/cpp/files/2016/03/Análisis-Miguel-Ángel-Fernández-1.jpg" /></a></p>

2016/03/Análisis-Miguel-Ángel-Fernández-1.jpg

Análisis-Miguel-Ángel-Fernández-1-150x150.jpg

https://gobierno.udd.cl/cpp/files/2016/03/Análisis-Miguel-Ángel-Fernández-1-150x150.jpg

Análisis-Miguel-Ángel-Fernández-1-264x150.jpg

https://gobierno.udd.cl/cpp/files/2016/03/Análisis-Miguel-Ángel-Fernández-1-264x150.jpg

Análisis-Miguel-Ángel-Fernández-1-182x140.jpg

https://gobierno.udd.cl/cpp/files/2016/03/Análisis-Miguel-Ángel-Fernández-1-182x140.jpg

Análisis-Miguel-Ángel-Fernández-1-62x62.jpg

https://gobierno.udd.cl/cpp/files/2016/03/Análisis-Miguel-Ángel-Fernández-1-62x62.jpg

Análisis-Miguel-Ángel-Fernández-1-87x62.jpg

https://gobierno.udd.cl/cpp/files/2016/03/Análisis-Miguel-Ángel-Fernández-1-87x62.jpg

Análisis-Miguel-Ángel-Fernández-1-220x173.jpg

https://gobierno.udd.cl/cpp/files/2016/03/Análisis-Miguel-Ángel-Fernández-1-220x173.jpg

Análisis-Miguel-Ángel-Fernández-1-125x80.jpg

https://gobierno.udd.cl/cpp/files/2016/03/Análisis-Miguel-Ángel-Fernández-1-125x80.jpg

Análisis-Miguel-Ángel-Fernández-1-126x126.jpg

https://gobierno.udd.cl/cpp/files/2016/03/Análisis-Miguel-Ángel-Fernández-1-126x126.jpg

Análisis-Miguel-Ángel-Fernández-1.jpg

https://gobierno.udd.cl/cpp/files/2016/03/Análisis-Miguel-Ángel-Fernández-1.jpg
