{"version":"1.0","provider_name":"Centro de Pol\u00edticas P\u00fablicas","provider_url":"https:\/\/gobierno.udd.cl\/cpp","author_name":"Centro de Pol\u00edticas P\u00fablicas","author_url":"https:\/\/gobierno.udd.cl\/cpp","title":"El primer caf\u00e9 - Radio Cooperativa - Centro de Pol\u00edticas P\u00fablicas","type":"rich","width":600,"height":338,"html":"<blockquote class=\"wp-embedded-content\" data-secret=\"3bIqbcSokq\"><a href=\"https:\/\/gobierno.udd.cl\/cpp\/noticias\/2019\/10\/15\/el-primer-cafe-radio-cooperativa-3\/\">El primer caf\u00e9 &#8211; Radio Cooperativa<\/a><\/blockquote><iframe sandbox=\"allow-scripts\" security=\"restricted\" src=\"https:\/\/gobierno.udd.cl\/cpp\/noticias\/2019\/10\/15\/el-primer-cafe-radio-cooperativa-3\/embed\/#?secret=3bIqbcSokq\" width=\"600\" height=\"338\" title=\"\u00abEl primer caf\u00e9 &#8211; Radio Cooperativa\u00bb \u2014 Centro de Pol\u00edticas P\u00fablicas\" data-secret=\"3bIqbcSokq\" frameborder=\"0\" marginwidth=\"0\" marginheight=\"0\" scrolling=\"no\" class=\"wp-embedded-content\"><\/iframe><script type=\"text\/javascript\">\n\/* <![CDATA[ *\/\n\/*! This file is auto-generated *\/\n!function(d,l){\"use strict\";l.querySelector&&d.addEventListener&&\"undefined\"!=typeof URL&&(d.wp=d.wp||{},d.wp.receiveEmbedMessage||(d.wp.receiveEmbedMessage=function(e){var t=e.data;if((t||t.secret||t.message||t.value)&&!\/[^a-zA-Z0-9]\/.test(t.secret)){for(var s,r,n,a=l.querySelectorAll('iframe[data-secret=\"'+t.secret+'\"]'),o=l.querySelectorAll('blockquote[data-secret=\"'+t.secret+'\"]'),c=new RegExp(\"^https?:$\",\"i\"),i=0;i<o.length;i++)o[i].style.display=\"none\";for(i=0;i<a.length;i++)s=a[i],e.source===s.contentWindow&&(s.removeAttribute(\"style\"),\"height\"===t.message?(1e3<(r=parseInt(t.value,10))?r=1e3:~~r<200&&(r=200),s.height=r):\"link\"===t.message&&(r=new URL(s.getAttribute(\"src\")),n=new URL(t.value),c.test(n.protocol))&&n.host===r.host&&l.activeElement===s&&(d.top.location.href=t.value))}},d.addEventListener(\"message\",d.wp.receiveEmbedMessage,!1),l.addEventListener(\"DOMContentLoaded\",function(){for(var e,t,s=l.querySelectorAll(\"iframe.wp-embedded-content\"),r=0;r<s.length;r++)(t=(e=s[r]).getAttribute(\"data-secret\"))||(t=Math.random().toString(36).substring(2,12),e.src+=\"#?secret=\"+t,e.setAttribute(\"data-secret\",t)),e.contentWindow.postMessage({message:\"ready\",secret:t},\"*\")},!1)))}(window,document);\n\/\/# sourceURL=https:\/\/gobierno.udd.cl\/cpp\/wp-includes\/js\/wp-embed.min.js\n\/* ]]> *\/\n<\/script>\n","thumbnail_url":"https:\/\/gobierno.udd.cl\/cpp\/files\/2019\/06\/Graficas_PoliticasPublicas-03.jpg","thumbnail_width":809,"thumbnail_height":523,"description":"Habla:\u00a0Eugenio\u00a0Guzm\u00e1n, Acad\u00e9mico\u00a0Universidad\u00a0del\u00a0Desarrollo; Alberto Mayol, Militante Movimiento Democr\u00e1tico Popular; David Morales, Secretario Nacional de la DC; Osvaldo Andrade, ex Ministro del PS. Apertura al retiro anticipado de ahorro previsional http:\/\/conectamedia.s3.amazonaws.com\/4357d6c8539921d3d14eb81291fbbf8a.mp3 Negociaci\u00f3n para votar reintegraci\u00f3n tributaria http:\/\/conectamedia.s3.amazonaws.com\/2f6e09bf377aad119885e7f86a2e3c8b.mp3 Mesa por la reforma laboral http:\/\/conectamedia.s3.amazonaws.com\/322e66e59afdbd8e0937e939a16758d0.mp3 Los dichos de Maite Orsini sobre posibles v\u00ednculos de la c\u00e1mara con el narcotr\u00e1fico [&hellip;]"}

Centro de Políticas Públicas

El primer café - Radio Cooperativa - Centro de Políticas Públicas

<blockquote class="wp-embedded-content" data-secret="3bIqbcSokq"><a href="https://gobierno.udd.cl/cpp/noticias/2019/10/15/el-primer-cafe-radio-cooperativa-3/">El primer café &#8211; Radio Cooperativa</a></blockquote><iframe sandbox="allow-scripts" security="restricted" src="https://gobierno.udd.cl/cpp/noticias/2019/10/15/el-primer-cafe-radio-cooperativa-3/embed/#?secret=3bIqbcSokq" width="600" height="338" title="«El primer café &#8211; Radio Cooperativa» — Centro de Políticas Públicas" data-secret="3bIqbcSokq" frameborder="0" marginwidth="0" marginheight="0" scrolling="no" class="wp-embedded-content"></iframe><script type="text/javascript">
/* <![CDATA[ */
/*! This file is auto-generated */
!function(d,l){"use strict";l.querySelector&&d.addEventListener&&"undefined"!=typeof URL&&(d.wp=d.wp||{},d.wp.receiveEmbedMessage||(d.wp.receiveEmbedMessage=function(e){var t=e.data;if((t||t.secret||t.message||t.value)&&!/[^a-zA-Z0-9]/.test(t.secret)){for(var s,r,n,a=l.querySelectorAll('iframe[data-secret="'+t.secret+'"]'),o=l.querySelectorAll('blockquote[data-secret="'+t.secret+'"]'),c=new RegExp("^https?:$","i"),i=0;i<o.length;i++)o[i].style.display="none";for(i=0;i<a.length;i++)s=a[i],e.source===s.contentWindow&&(s.removeAttribute("style"),"height"===t.message?(1e3<(r=parseInt(t.value,10))?r=1e3:~~r<200&&(r=200),s.height=r):"link"===t.message&&(r=new URL(s.getAttribute("src")),n=new URL(t.value),c.test(n.protocol))&&n.host===r.host&&l.activeElement===s&&(d.top.location.href=t.value))}},d.addEventListener("message",d.wp.receiveEmbedMessage,!1),l.addEventListener("DOMContentLoaded",function(){for(var e,t,s=l.querySelectorAll("iframe.wp-embedded-content"),r=0;r<s.length;r++)(t=(e=s[r]).getAttribute("data-secret"))||(t=Math.random().toString(36).substring(2,12),e.src+="#?secret="+t,e.setAttribute("data-secret",t)),e.contentWindow.postMessage({message:"ready",secret:t},"*")},!1)))}(window,document);
//# sourceURL=https://gobierno.udd.cl/cpp/wp-includes/js/wp-embed.min.js
/* ]]> */
</script>

Habla: Eugenio Guzmán, Académico Universidad del Desarrollo; Alberto Mayol, Militante Movimiento Democrático Popular; David Morales, Secretario Nacional de la DC; Osvaldo Andrade, ex Ministro del PS. Apertura al retiro anticipado de ahorro previsional http://conectamedia.s3.amazonaws.com/4357d6c8539921d3d14eb81291fbbf8a.mp3 Negociación para votar reintegración tributaria http://conectamedia.s3.amazonaws.com/2f6e09bf377aad119885e7f86a2e3c8b.mp3 Mesa por la reforma laboral http://conectamedia.s3.amazonaws.com/322e66e59afdbd8e0937e939a16758d0.mp3 Los dichos de Maite Orsini sobre posibles vínculos de la cámara con el narcotráfico [&hellip;]
