{"version":"1.0","provider_name":"Centro de Pol\u00edticas P\u00fablicas","provider_url":"https:\/\/gobierno.udd.cl\/cpp","author_name":"reelchile","author_url":"https:\/\/gobierno.udd.cl\/cpp\/noticias\/author\/reelchile\/","title":"Los problemas de la infancia son muy graves: carta adhesi\u00f3n a www.prioridadinfancia.cl - Centro de Pol\u00edticas P\u00fablicas","type":"rich","width":600,"height":338,"html":"<blockquote class=\"wp-embedded-content\" data-secret=\"p9dnIR3aiA\"><a href=\"https:\/\/gobierno.udd.cl\/cpp\/noticias\/2016\/06\/13\/los-problemas-de-la-infancia-son-muy-graves\/\">Los problemas de la infancia son muy graves: carta adhesi\u00f3n a www.prioridadinfancia.cl<\/a><\/blockquote><iframe sandbox=\"allow-scripts\" security=\"restricted\" src=\"https:\/\/gobierno.udd.cl\/cpp\/noticias\/2016\/06\/13\/los-problemas-de-la-infancia-son-muy-graves\/embed\/#?secret=p9dnIR3aiA\" width=\"600\" height=\"338\" title=\"\u00abLos problemas de la infancia son muy graves: carta adhesi\u00f3n a www.prioridadinfancia.cl\u00bb \u2014 Centro de Pol\u00edticas P\u00fablicas\" data-secret=\"p9dnIR3aiA\" frameborder=\"0\" marginwidth=\"0\" marginheight=\"0\" scrolling=\"no\" class=\"wp-embedded-content\"><\/iframe><script type=\"text\/javascript\">\n\/* <![CDATA[ *\/\n\/*! This file is auto-generated *\/\n!function(d,l){\"use strict\";l.querySelector&&d.addEventListener&&\"undefined\"!=typeof URL&&(d.wp=d.wp||{},d.wp.receiveEmbedMessage||(d.wp.receiveEmbedMessage=function(e){var t=e.data;if((t||t.secret||t.message||t.value)&&!\/[^a-zA-Z0-9]\/.test(t.secret)){for(var s,r,n,a=l.querySelectorAll('iframe[data-secret=\"'+t.secret+'\"]'),o=l.querySelectorAll('blockquote[data-secret=\"'+t.secret+'\"]'),c=new RegExp(\"^https?:$\",\"i\"),i=0;i<o.length;i++)o[i].style.display=\"none\";for(i=0;i<a.length;i++)s=a[i],e.source===s.contentWindow&&(s.removeAttribute(\"style\"),\"height\"===t.message?(1e3<(r=parseInt(t.value,10))?r=1e3:~~r<200&&(r=200),s.height=r):\"link\"===t.message&&(r=new URL(s.getAttribute(\"src\")),n=new URL(t.value),c.test(n.protocol))&&n.host===r.host&&l.activeElement===s&&(d.top.location.href=t.value))}},d.addEventListener(\"message\",d.wp.receiveEmbedMessage,!1),l.addEventListener(\"DOMContentLoaded\",function(){for(var e,t,s=l.querySelectorAll(\"iframe.wp-embedded-content\"),r=0;r<s.length;r++)(t=(e=s[r]).getAttribute(\"data-secret\"))||(t=Math.random().toString(36).substring(2,12),e.src+=\"#?secret=\"+t,e.setAttribute(\"data-secret\",t)),e.contentWindow.postMessage({message:\"ready\",secret:t},\"*\")},!1)))}(window,document);\n\/\/# sourceURL=https:\/\/gobierno.udd.cl\/cpp\/wp-includes\/js\/wp-embed.min.js\n\/* ]]> *\/\n<\/script>\n","thumbnail_url":"https:\/\/gobierno.udd.cl\/cpp\/files\/2015\/05\/udd_cpp_prensa_340.png","thumbnail_width":704,"thumbnail_height":455,"description":"Son muchas las falencias en nuestras pol\u00edticas, pero quiz\u00e1s ninguna es tan visible para la sociedad como la situaci\u00f3n del Sename. Los d\u00e9ficits de esta instituci\u00f3n son enormes. Por nombrar algunos: faltan especialistas para diagnosticar y atender los severos problemas emocionales que podr\u00edan ser tratados exitosamente con el adecuado cuidado; las subvenciones para ni\u00f1os con discapacidades son insuficientes; las listas de espera para ni\u00f1os que requieren atenci\u00f3n urgente, por ejemplo que han sufrido abuso sexual, pueden prolongarse por tres meses, y en ese lapso se mantienen en los ambientes donde esos abusos se generaron, expuestos a nuevas agresiones."}

Centro de Políticas Públicas

Los problemas de la infancia son muy graves: carta adhesión a www.prioridadinfancia.cl - Centro de Políticas Públicas

<blockquote class="wp-embedded-content" data-secret="p9dnIR3aiA"><a href="https://gobierno.udd.cl/cpp/noticias/2016/06/13/los-problemas-de-la-infancia-son-muy-graves/">Los problemas de la infancia son muy graves: carta adhesión a www.prioridadinfancia.cl</a></blockquote><iframe sandbox="allow-scripts" security="restricted" src="https://gobierno.udd.cl/cpp/noticias/2016/06/13/los-problemas-de-la-infancia-son-muy-graves/embed/#?secret=p9dnIR3aiA" width="600" height="338" title="«Los problemas de la infancia son muy graves: carta adhesión a www.prioridadinfancia.cl» — Centro de Políticas Públicas" data-secret="p9dnIR3aiA" frameborder="0" marginwidth="0" marginheight="0" scrolling="no" class="wp-embedded-content"></iframe><script type="text/javascript">
/* <![CDATA[ */
/*! This file is auto-generated */
!function(d,l){"use strict";l.querySelector&&d.addEventListener&&"undefined"!=typeof URL&&(d.wp=d.wp||{},d.wp.receiveEmbedMessage||(d.wp.receiveEmbedMessage=function(e){var t=e.data;if((t||t.secret||t.message||t.value)&&!/[^a-zA-Z0-9]/.test(t.secret)){for(var s,r,n,a=l.querySelectorAll('iframe[data-secret="'+t.secret+'"]'),o=l.querySelectorAll('blockquote[data-secret="'+t.secret+'"]'),c=new RegExp("^https?:$","i"),i=0;i<o.length;i++)o[i].style.display="none";for(i=0;i<a.length;i++)s=a[i],e.source===s.contentWindow&&(s.removeAttribute("style"),"height"===t.message?(1e3<(r=parseInt(t.value,10))?r=1e3:~~r<200&&(r=200),s.height=r):"link"===t.message&&(r=new URL(s.getAttribute("src")),n=new URL(t.value),c.test(n.protocol))&&n.host===r.host&&l.activeElement===s&&(d.top.location.href=t.value))}},d.addEventListener("message",d.wp.receiveEmbedMessage,!1),l.addEventListener("DOMContentLoaded",function(){for(var e,t,s=l.querySelectorAll("iframe.wp-embedded-content"),r=0;r<s.length;r++)(t=(e=s[r]).getAttribute("data-secret"))||(t=Math.random().toString(36).substring(2,12),e.src+="#?secret="+t,e.setAttribute("data-secret",t)),e.contentWindow.postMessage({message:"ready",secret:t},"*")},!1)))}(window,document);
//# sourceURL=https://gobierno.udd.cl/cpp/wp-includes/js/wp-embed.min.js
/* ]]> */
</script>

Son muchas las falencias en nuestras políticas, pero quizás ninguna es tan visible para la sociedad como la situación del Sename. Los déficits de esta institución son enormes. Por nombrar algunos: faltan especialistas para diagnosticar y atender los severos problemas emocionales que podrían ser tratados exitosamente con el adecuado cuidado; las subvenciones para niños con discapacidades son insuficientes; las listas de espera para niños que requieren atención urgente, por ejemplo que han sufrido abuso sexual, pueden prolongarse por tres meses, y en ese lapso se mantienen en los ambientes donde esos abusos se generaron, expuestos a nuevas agresiones.
