{"id":69,"date":"2022-05-04T19:45:23","date_gmt":"2022-05-04T19:45:23","guid":{"rendered":"https:\/\/gobierno.udd.cl\/cips\/?page_id=69"},"modified":"2025-06-06T09:01:12","modified_gmt":"2025-06-06T13:01:12","slug":"comite-ejecutivo","status":"publish","type":"page","link":"https:\/\/gobierno.udd.cl\/cips\/comite-ejecutivo\/","title":{"rendered":"Comit\u00e9 Ejecutivo"},"content":{"rendered":"\n<figure class=\"wp-block-image aligncenter size-large\"><img loading=\"lazy\" decoding=\"async\" width=\"1024\" height=\"576\" src=\"https:\/\/gobierno.udd.cl\/cips\/files\/2025\/06\/comiteejecutivo2-1024x576.jpg\" alt=\"\" class=\"wp-image-3958\" srcset=\"https:\/\/gobierno.udd.cl\/cips\/files\/2025\/06\/comiteejecutivo2-1024x576.jpg 1024w, https:\/\/gobierno.udd.cl\/cips\/files\/2025\/06\/comiteejecutivo2-300x169.jpg 300w, https:\/\/gobierno.udd.cl\/cips\/files\/2025\/06\/comiteejecutivo2-768x432.jpg 768w, https:\/\/gobierno.udd.cl\/cips\/files\/2025\/06\/comiteejecutivo2-1536x864.jpg 1536w, https:\/\/gobierno.udd.cl\/cips\/files\/2025\/06\/comiteejecutivo2-1366x768.jpg 1366w, https:\/\/gobierno.udd.cl\/cips\/files\/2025\/06\/comiteejecutivo2-680x382.jpg 680w, https:\/\/gobierno.udd.cl\/cips\/files\/2025\/06\/comiteejecutivo2.jpg 1920w\" sizes=\"auto, (max-width: 1024px) 100vw, 1024px\" \/><\/figure>\n\n\n<!-- WP Block: UDD - People -->\n<section class=\"wp-block-udd-people \">\n\t<div class=\"container\">\n\t\t\t\t<header class=\"block__header\">\n\t\t\t\t\t\t\t\n<h2 class=\"wp-block-heading\"><\/h2>\n\t\t\t\t\t\t\t\t<\/header>\n\t\t\t\t<div class=\"people-cards\">\n\t\t\t\t\t<div class=\"person-card\">\n\t<a href=\"https:\/\/gobierno.udd.cl\/cips\/persona\/marcelo-mosso\/\"\n\t\tclass=\"person-card__inner js-person-modal\"\n\t\tdata-post-id=\"130\"\n\t\tdata-postid=\"130\"\n\t>\n\t\t\t<div class=\"person-card__media\">\n\t\t\t<img loading=\"lazy\" decoding=\"async\" width=\"500\" height=\"500\" src=\"https:\/\/gobierno.udd.cl\/cips\/files\/2022\/05\/Cips_IMG_2678-62x62.jpg\" class=\"person-card__image wp-post-image lazyload\" alt=\"\" sizes=\"auto, (max-width: 500px) 100vw, 500px\" data-src=\"https:\/\/gobierno.udd.cl\/cips\/files\/2022\/05\/Cips_IMG_2678-500x500.jpg\" data-srcset=\"https:\/\/gobierno.udd.cl\/cips\/files\/2022\/05\/Cips_IMG_2678-500x500.jpg 500w, https:\/\/gobierno.udd.cl\/cips\/files\/2022\/05\/Cips_IMG_2678-150x150.jpg 150w, https:\/\/gobierno.udd.cl\/cips\/files\/2022\/05\/Cips_IMG_2678-62x62.jpg 62w, https:\/\/gobierno.udd.cl\/cips\/files\/2022\/05\/Cips_IMG_2678-750x750.jpg 750w, https:\/\/gobierno.udd.cl\/cips\/files\/2022\/05\/Cips_IMG_2678-250x250.jpg 250w, https:\/\/gobierno.udd.cl\/cips\/files\/2022\/05\/Cips_IMG_2678-126x126.jpg 126w\" \/>\t\t<\/div>\n\t\t\t<div class=\"person-card__content\">\n\t\t\t<h3 class=\"person-card__name\">Marcelo Mosso<\/h3>\n\t\t\t\t\t<span class=\"person-card__cta\">Ver perfil<\/span>\n\t\t<\/div>\n\t<\/a>\n<\/div>\n\t\t\t\t\t<div class=\"person-card\">\n\t<a href=\"https:\/\/gobierno.udd.cl\/cips\/persona\/vesna-mandakovic\/\"\n\t\tclass=\"person-card__inner js-person-modal\"\n\t\tdata-post-id=\"98\"\n\t\tdata-postid=\"98\"\n\t>\n\t\t\t<div class=\"person-card__media\">\n\t\t\t<img loading=\"lazy\" decoding=\"async\" width=\"500\" height=\"500\" src=\"https:\/\/gobierno.udd.cl\/cips\/files\/2022\/05\/Cips_IMG_2699-62x62.jpg\" class=\"person-card__image wp-post-image lazyload\" alt=\"\" sizes=\"auto, (max-width: 500px) 100vw, 500px\" data-src=\"https:\/\/gobierno.udd.cl\/cips\/files\/2022\/05\/Cips_IMG_2699-500x500.jpg\" data-srcset=\"https:\/\/gobierno.udd.cl\/cips\/files\/2022\/05\/Cips_IMG_2699-500x500.jpg 500w, https:\/\/gobierno.udd.cl\/cips\/files\/2022\/05\/Cips_IMG_2699-150x150.jpg 150w, https:\/\/gobierno.udd.cl\/cips\/files\/2022\/05\/Cips_IMG_2699-62x62.jpg 62w, https:\/\/gobierno.udd.cl\/cips\/files\/2022\/05\/Cips_IMG_2699-750x750.jpg 750w, https:\/\/gobierno.udd.cl\/cips\/files\/2022\/05\/Cips_IMG_2699-250x250.jpg 250w, https:\/\/gobierno.udd.cl\/cips\/files\/2022\/05\/Cips_IMG_2699-126x126.jpg 126w\" \/>\t\t<\/div>\n\t\t\t<div class=\"person-card__content\">\n\t\t\t<h3 class=\"person-card__name\">Vesna Mandakovic<\/h3>\n\t\t\t\t\t<span class=\"person-card__cta\">Ver perfil<\/span>\n\t\t<\/div>\n\t<\/a>\n<\/div>\n\t\t\t\t\t<div class=\"person-card\">\n\t<a href=\"https:\/\/gobierno.udd.cl\/cips\/persona\/ricardo-ronco\/\"\n\t\tclass=\"person-card__inner js-person-modal\"\n\t\tdata-post-id=\"149\"\n\t\tdata-postid=\"149\"\n\t>\n\t\t\t<div class=\"person-card__media\">\n\t\t\t<img loading=\"lazy\" decoding=\"async\" width=\"500\" height=\"500\" src=\"https:\/\/gobierno.udd.cl\/cips\/files\/2022\/05\/WhatsApp-Image-2022-05-05-at-4.34.34-PM-62x62.jpeg\" class=\"person-card__image wp-post-image lazyload\" alt=\"\" sizes=\"auto, (max-width: 500px) 100vw, 500px\" data-src=\"https:\/\/gobierno.udd.cl\/cips\/files\/2022\/05\/WhatsApp-Image-2022-05-05-at-4.34.34-PM-500x500.jpeg\" data-srcset=\"https:\/\/gobierno.udd.cl\/cips\/files\/2022\/05\/WhatsApp-Image-2022-05-05-at-4.34.34-PM-500x500.jpeg 500w, https:\/\/gobierno.udd.cl\/cips\/files\/2022\/05\/WhatsApp-Image-2022-05-05-at-4.34.34-PM-300x300.jpeg 300w, https:\/\/gobierno.udd.cl\/cips\/files\/2022\/05\/WhatsApp-Image-2022-05-05-at-4.34.34-PM-1024x1024.jpeg 1024w, https:\/\/gobierno.udd.cl\/cips\/files\/2022\/05\/WhatsApp-Image-2022-05-05-at-4.34.34-PM-150x150.jpeg 150w, https:\/\/gobierno.udd.cl\/cips\/files\/2022\/05\/WhatsApp-Image-2022-05-05-at-4.34.34-PM-768x768.jpeg 768w, https:\/\/gobierno.udd.cl\/cips\/files\/2022\/05\/WhatsApp-Image-2022-05-05-at-4.34.34-PM-62x62.jpeg 62w, https:\/\/gobierno.udd.cl\/cips\/files\/2022\/05\/WhatsApp-Image-2022-05-05-at-4.34.34-PM-750x750.jpeg 750w, https:\/\/gobierno.udd.cl\/cips\/files\/2022\/05\/WhatsApp-Image-2022-05-05-at-4.34.34-PM-250x250.jpeg 250w, https:\/\/gobierno.udd.cl\/cips\/files\/2022\/05\/WhatsApp-Image-2022-05-05-at-4.34.34-PM-126x126.jpeg 126w, https:\/\/gobierno.udd.cl\/cips\/files\/2022\/05\/WhatsApp-Image-2022-05-05-at-4.34.34-PM.jpeg 1280w\" \/>\t\t<\/div>\n\t\t\t<div class=\"person-card__content\">\n\t\t\t<h3 class=\"person-card__name\">Ricardo Ronco<\/h3>\n\t\t\t\t\t<span class=\"person-card__cta\">Ver perfil<\/span>\n\t\t<\/div>\n\t<\/a>\n<\/div>\n\t\t\t\t\t<div class=\"person-card\">\n\t<a href=\"https:\/\/gobierno.udd.cl\/cips\/persona\/emilio-santelices\/\"\n\t\tclass=\"person-card__inner js-person-modal\"\n\t\tdata-post-id=\"161\"\n\t\tdata-postid=\"161\"\n\t>\n\t\t\t<div class=\"person-card__media\">\n\t\t\t<img loading=\"lazy\" decoding=\"async\" width=\"500\" height=\"500\" src=\"https:\/\/gobierno.udd.cl\/cips\/files\/2022\/05\/emiliosantelices-62x62.jpg\" class=\"person-card__image wp-post-image lazyload\" alt=\"\" sizes=\"auto, (max-width: 500px) 100vw, 500px\" data-src=\"https:\/\/gobierno.udd.cl\/cips\/files\/2022\/05\/emiliosantelices-500x500.jpg\" data-srcset=\"https:\/\/gobierno.udd.cl\/cips\/files\/2022\/05\/emiliosantelices-500x500.jpg 500w, https:\/\/gobierno.udd.cl\/cips\/files\/2022\/05\/emiliosantelices-150x150.jpg 150w, https:\/\/gobierno.udd.cl\/cips\/files\/2022\/05\/emiliosantelices-62x62.jpg 62w, https:\/\/gobierno.udd.cl\/cips\/files\/2022\/05\/emiliosantelices-750x750.jpg 750w, https:\/\/gobierno.udd.cl\/cips\/files\/2022\/05\/emiliosantelices-250x250.jpg 250w, https:\/\/gobierno.udd.cl\/cips\/files\/2022\/05\/emiliosantelices-126x126.jpg 126w\" \/>\t\t<\/div>\n\t\t\t<div class=\"person-card__content\">\n\t\t\t<h3 class=\"person-card__name\">Emilio Santelices<\/h3>\n\t\t\t\t\t<span class=\"person-card__cta\">Ver perfil<\/span>\n\t\t<\/div>\n\t<\/a>\n<\/div>\n\t\t\t\t<\/div>\n\t<\/div>\n<\/section>\n","protected":false},"excerpt":{"rendered":"","protected":false},"author":9192222,"featured_media":0,"parent":0,"menu_order":0,"comment_status":"closed","ping_status":"closed","template":"","meta":{"footnotes":""},"class_list":["post-69","page","type-page","status-publish","hentry"],"yoast_head":"<!-- This site is optimized with the Yoast SEO plugin v26.9 - https:\/\/yoast.com\/product\/yoast-seo-wordpress\/ -->\n<title>Comit\u00e9 Ejecutivo - Centro de Pol\u00edticas P\u00fablicas e Innovaci\u00f3n en Salud<\/title>\n<meta name=\"robots\" content=\"index, follow, max-snippet:-1, max-image-preview:large, max-video-preview:-1\" \/>\n<link rel=\"canonical\" href=\"https:\/\/gobierno.udd.cl\/cips\/comite-ejecutivo\/\" \/>\n<meta property=\"og:locale\" content=\"es_ES\" \/>\n<meta property=\"og:type\" content=\"article\" \/>\n<meta property=\"og:title\" content=\"Comit\u00e9 Ejecutivo - Centro de Pol\u00edticas P\u00fablicas e Innovaci\u00f3n en Salud\" \/>\n<meta property=\"og:url\" content=\"https:\/\/gobierno.udd.cl\/cips\/comite-ejecutivo\/\" \/>\n<meta property=\"og:site_name\" content=\"Centro de Pol\u00edticas P\u00fablicas e Innovaci\u00f3n en Salud\" \/>\n<meta property=\"article:publisher\" content=\"https:\/\/www.facebook.com\/CIPS.UDD\" \/>\n<meta property=\"article:modified_time\" content=\"2025-06-06T13:01:12+00:00\" \/>\n<meta property=\"og:image\" content=\"https:\/\/gobierno.udd.cl\/cips\/files\/2025\/06\/comiteejecutivo2-1024x576.jpg\" \/>\n<meta name=\"twitter:card\" content=\"summary_large_image\" \/>\n<meta name=\"twitter:site\" content=\"@CIPS_UDD\" \/>\n<meta name=\"twitter:label1\" content=\"Tiempo de lectura\" \/>\n\t<meta name=\"twitter:data1\" content=\"1 minuto\" \/>\n<script type=\"application\/ld+json\" class=\"yoast-schema-graph\">{\"@context\":\"https:\/\/schema.org\",\"@graph\":[{\"@type\":\"WebPage\",\"@id\":\"https:\/\/gobierno.udd.cl\/cips\/comite-ejecutivo\/\",\"url\":\"https:\/\/gobierno.udd.cl\/cips\/comite-ejecutivo\/\",\"name\":\"Comit\u00e9 Ejecutivo - Centro de Pol\u00edticas P\u00fablicas e Innovaci\u00f3n en Salud\",\"isPartOf\":{\"@id\":\"https:\/\/gobierno.udd.cl\/cips\/#website\"},\"primaryImageOfPage\":{\"@id\":\"https:\/\/gobierno.udd.cl\/cips\/comite-ejecutivo\/#primaryimage\"},\"image\":{\"@id\":\"https:\/\/gobierno.udd.cl\/cips\/comite-ejecutivo\/#primaryimage\"},\"thumbnailUrl\":\"https:\/\/gobierno.udd.cl\/cips\/files\/2025\/06\/comiteejecutivo2-1024x576.jpg\",\"datePublished\":\"2022-05-04T19:45:23+00:00\",\"dateModified\":\"2025-06-06T13:01:12+00:00\",\"breadcrumb\":{\"@id\":\"https:\/\/gobierno.udd.cl\/cips\/comite-ejecutivo\/#breadcrumb\"},\"inLanguage\":\"es\",\"potentialAction\":[{\"@type\":\"ReadAction\",\"target\":[\"https:\/\/gobierno.udd.cl\/cips\/comite-ejecutivo\/\"]}]},{\"@type\":\"ImageObject\",\"inLanguage\":\"es\",\"@id\":\"https:\/\/gobierno.udd.cl\/cips\/comite-ejecutivo\/#primaryimage\",\"url\":\"https:\/\/gobierno.udd.cl\/cips\/files\/2025\/06\/comiteejecutivo2.jpg\",\"contentUrl\":\"https:\/\/gobierno.udd.cl\/cips\/files\/2025\/06\/comiteejecutivo2.jpg\",\"width\":1920,\"height\":1080},{\"@type\":\"BreadcrumbList\",\"@id\":\"https:\/\/gobierno.udd.cl\/cips\/comite-ejecutivo\/#breadcrumb\",\"itemListElement\":[{\"@type\":\"ListItem\",\"position\":1,\"name\":\"Portada\",\"item\":\"https:\/\/gobierno.udd.cl\/cips\/\"},{\"@type\":\"ListItem\",\"position\":2,\"name\":\"Comit\u00e9 Ejecutivo\"}]},{\"@type\":\"WebSite\",\"@id\":\"https:\/\/gobierno.udd.cl\/cips\/#website\",\"url\":\"https:\/\/gobierno.udd.cl\/cips\/\",\"name\":\"Centro de Pol\u00edticas P\u00fablicas e Innovaci\u00f3n en Salud\",\"description\":\"CIPS-UDD\",\"inLanguage\":\"es\"}]}<\/script>\n<!-- \/ Yoast SEO plugin. -->","yoast_head_json":{"title":"Comit\u00e9 Ejecutivo - Centro de Pol\u00edticas P\u00fablicas e Innovaci\u00f3n en Salud","robots":{"index":"index","follow":"follow","max-snippet":"max-snippet:-1","max-image-preview":"max-image-preview:large","max-video-preview":"max-video-preview:-1"},"canonical":"https:\/\/gobierno.udd.cl\/cips\/comite-ejecutivo\/","og_locale":"es_ES","og_type":"article","og_title":"Comit\u00e9 Ejecutivo - Centro de Pol\u00edticas P\u00fablicas e Innovaci\u00f3n en Salud","og_url":"https:\/\/gobierno.udd.cl\/cips\/comite-ejecutivo\/","og_site_name":"Centro de Pol\u00edticas P\u00fablicas e Innovaci\u00f3n en Salud","article_publisher":"https:\/\/www.facebook.com\/CIPS.UDD","article_modified_time":"2025-06-06T13:01:12+00:00","og_image":[{"url":"https:\/\/gobierno.udd.cl\/cips\/files\/2025\/06\/comiteejecutivo2-1024x576.jpg","type":"","width":"","height":""}],"twitter_card":"summary_large_image","twitter_site":"@CIPS_UDD","twitter_misc":{"Tiempo de lectura":"1 minuto"},"schema":{"@context":"https:\/\/schema.org","@graph":[{"@type":"WebPage","@id":"https:\/\/gobierno.udd.cl\/cips\/comite-ejecutivo\/","url":"https:\/\/gobierno.udd.cl\/cips\/comite-ejecutivo\/","name":"Comit\u00e9 Ejecutivo - Centro de Pol\u00edticas P\u00fablicas e Innovaci\u00f3n en Salud","isPartOf":{"@id":"https:\/\/gobierno.udd.cl\/cips\/#website"},"primaryImageOfPage":{"@id":"https:\/\/gobierno.udd.cl\/cips\/comite-ejecutivo\/#primaryimage"},"image":{"@id":"https:\/\/gobierno.udd.cl\/cips\/comite-ejecutivo\/#primaryimage"},"thumbnailUrl":"https:\/\/gobierno.udd.cl\/cips\/files\/2025\/06\/comiteejecutivo2-1024x576.jpg","datePublished":"2022-05-04T19:45:23+00:00","dateModified":"2025-06-06T13:01:12+00:00","breadcrumb":{"@id":"https:\/\/gobierno.udd.cl\/cips\/comite-ejecutivo\/#breadcrumb"},"inLanguage":"es","potentialAction":[{"@type":"ReadAction","target":["https:\/\/gobierno.udd.cl\/cips\/comite-ejecutivo\/"]}]},{"@type":"ImageObject","inLanguage":"es","@id":"https:\/\/gobierno.udd.cl\/cips\/comite-ejecutivo\/#primaryimage","url":"https:\/\/gobierno.udd.cl\/cips\/files\/2025\/06\/comiteejecutivo2.jpg","contentUrl":"https:\/\/gobierno.udd.cl\/cips\/files\/2025\/06\/comiteejecutivo2.jpg","width":1920,"height":1080},{"@type":"BreadcrumbList","@id":"https:\/\/gobierno.udd.cl\/cips\/comite-ejecutivo\/#breadcrumb","itemListElement":[{"@type":"ListItem","position":1,"name":"Portada","item":"https:\/\/gobierno.udd.cl\/cips\/"},{"@type":"ListItem","position":2,"name":"Comit\u00e9 Ejecutivo"}]},{"@type":"WebSite","@id":"https:\/\/gobierno.udd.cl\/cips\/#website","url":"https:\/\/gobierno.udd.cl\/cips\/","name":"Centro de Pol\u00edticas P\u00fablicas e Innovaci\u00f3n en Salud","description":"CIPS-UDD","inLanguage":"es"}]}},"_links":{"self":[{"href":"https:\/\/gobierno.udd.cl\/cips\/wp-json\/wp\/v2\/pages\/69","targetHints":{"allow":["GET"]}}],"collection":[{"href":"https:\/\/gobierno.udd.cl\/cips\/wp-json\/wp\/v2\/pages"}],"about":[{"href":"https:\/\/gobierno.udd.cl\/cips\/wp-json\/wp\/v2\/types\/page"}],"author":[{"embeddable":true,"href":"https:\/\/gobierno.udd.cl\/cips\/wp-json\/wp\/v2\/users\/9192222"}],"replies":[{"embeddable":true,"href":"https:\/\/gobierno.udd.cl\/cips\/wp-json\/wp\/v2\/comments?post=69"}],"version-history":[{"count":9,"href":"https:\/\/gobierno.udd.cl\/cips\/wp-json\/wp\/v2\/pages\/69\/revisions"}],"predecessor-version":[{"id":3959,"href":"https:\/\/gobierno.udd.cl\/cips\/wp-json\/wp\/v2\/pages\/69\/revisions\/3959"}],"wp:attachment":[{"href":"https:\/\/gobierno.udd.cl\/cips\/wp-json\/wp\/v2\/media?parent=69"}],"curies":[{"name":"wp","href":"https:\/\/api.w.org\/{rel}","templated":true}]}}