{"id":411,"date":"2022-06-23T15:33:02","date_gmt":"2022-06-23T19:33:02","guid":{"rendered":"https:\/\/gobierno.udd.cl\/cips\/?page_id=411"},"modified":"2022-06-23T16:19:59","modified_gmt":"2022-06-23T20:19:59","slug":"seminarios-charlas-u-otros","status":"publish","type":"page","link":"https:\/\/gobierno.udd.cl\/cips\/seminarios-charlas-u-otros\/","title":{"rendered":"Seminarios, Charlas u Otros"},"content":{"rendered":"\n<p><strong>&#8211; Revive el seminario inaugural \u00abConstruyendo un Sistema de Salud para Chile\u00bb (<\/strong><a rel=\"noreferrer noopener\" aria-label=\"Ver nota  (se abre en una nueva pesta\u00f1a)\" href=\"https:\/\/gobierno.udd.cl\/cips\/2022\/06\/17\/centro-de-politicas-publicas-e-innovacion-en-salud-realiza-su-seminario-inaugural-sobre-sistemas-de-salud\/\" target=\"_blank\">Ver nota <\/a>&#8211; <a href=\"https:\/\/youtu.be\/taYSfo_KtoI\" target=\"_blank\" rel=\"noreferrer noopener\" aria-label=\"Ver video (se abre en una nueva pesta\u00f1a)\">Ver video<\/a><strong>)<\/strong><\/p>\n","protected":false},"excerpt":{"rendered":"<p>&#8211; Revive el seminario inaugural \u00abConstruyendo un Sistema de Salud para Chile\u00bb (Ver nota &#8211; Ver video)<\/p>\n","protected":false},"author":9192222,"featured_media":0,"parent":0,"menu_order":0,"comment_status":"closed","ping_status":"closed","template":"","meta":{"footnotes":""},"class_list":["post-411","page","type-page","status-publish","hentry"],"yoast_head":"<!-- This site is optimized with the Yoast SEO plugin v26.9 - https:\/\/yoast.com\/product\/yoast-seo-wordpress\/ -->\n<title>Seminarios, Charlas u Otros - Centro de Pol\u00edticas P\u00fablicas e Innovaci\u00f3n en Salud<\/title>\n<meta name=\"robots\" content=\"index, follow, max-snippet:-1, max-image-preview:large, max-video-preview:-1\" \/>\n<link rel=\"canonical\" href=\"https:\/\/gobierno.udd.cl\/cips\/seminarios-charlas-u-otros\/\" \/>\n<meta property=\"og:locale\" content=\"es_ES\" \/>\n<meta property=\"og:type\" content=\"article\" \/>\n<meta property=\"og:title\" content=\"Seminarios, Charlas u Otros - Centro de Pol\u00edticas P\u00fablicas e Innovaci\u00f3n en Salud\" \/>\n<meta property=\"og:description\" content=\"&#8211; Revive el seminario inaugural \u00abConstruyendo un Sistema de Salud para Chile\u00bb (Ver nota &#8211; Ver video)\" \/>\n<meta property=\"og:url\" content=\"https:\/\/gobierno.udd.cl\/cips\/seminarios-charlas-u-otros\/\" \/>\n<meta property=\"og:site_name\" content=\"Centro de Pol\u00edticas P\u00fablicas e Innovaci\u00f3n en Salud\" \/>\n<meta property=\"article:publisher\" content=\"https:\/\/www.facebook.com\/CIPS.UDD\" \/>\n<meta property=\"article:modified_time\" content=\"2022-06-23T20:19:59+00:00\" \/>\n<meta name=\"twitter:card\" content=\"summary_large_image\" \/>\n<meta name=\"twitter:site\" content=\"@CIPS_UDD\" \/>\n<script type=\"application\/ld+json\" class=\"yoast-schema-graph\">{\"@context\":\"https:\/\/schema.org\",\"@graph\":[{\"@type\":\"WebPage\",\"@id\":\"https:\/\/gobierno.udd.cl\/cips\/seminarios-charlas-u-otros\/\",\"url\":\"https:\/\/gobierno.udd.cl\/cips\/seminarios-charlas-u-otros\/\",\"name\":\"Seminarios, Charlas u Otros - Centro de Pol\u00edticas P\u00fablicas e Innovaci\u00f3n en Salud\",\"isPartOf\":{\"@id\":\"https:\/\/gobierno.udd.cl\/cips\/#website\"},\"datePublished\":\"2022-06-23T19:33:02+00:00\",\"dateModified\":\"2022-06-23T20:19:59+00:00\",\"breadcrumb\":{\"@id\":\"https:\/\/gobierno.udd.cl\/cips\/seminarios-charlas-u-otros\/#breadcrumb\"},\"inLanguage\":\"es\",\"potentialAction\":[{\"@type\":\"ReadAction\",\"target\":[\"https:\/\/gobierno.udd.cl\/cips\/seminarios-charlas-u-otros\/\"]}]},{\"@type\":\"BreadcrumbList\",\"@id\":\"https:\/\/gobierno.udd.cl\/cips\/seminarios-charlas-u-otros\/#breadcrumb\",\"itemListElement\":[{\"@type\":\"ListItem\",\"position\":1,\"name\":\"Portada\",\"item\":\"https:\/\/gobierno.udd.cl\/cips\/\"},{\"@type\":\"ListItem\",\"position\":2,\"name\":\"Seminarios, Charlas u Otros\"}]},{\"@type\":\"WebSite\",\"@id\":\"https:\/\/gobierno.udd.cl\/cips\/#website\",\"url\":\"https:\/\/gobierno.udd.cl\/cips\/\",\"name\":\"Centro de Pol\u00edticas P\u00fablicas e Innovaci\u00f3n en Salud\",\"description\":\"CIPS-UDD\",\"inLanguage\":\"es\"}]}<\/script>\n<!-- \/ Yoast SEO plugin. -->","yoast_head_json":{"title":"Seminarios, Charlas u Otros - Centro de Pol\u00edticas P\u00fablicas e Innovaci\u00f3n en Salud","robots":{"index":"index","follow":"follow","max-snippet":"max-snippet:-1","max-image-preview":"max-image-preview:large","max-video-preview":"max-video-preview:-1"},"canonical":"https:\/\/gobierno.udd.cl\/cips\/seminarios-charlas-u-otros\/","og_locale":"es_ES","og_type":"article","og_title":"Seminarios, Charlas u Otros - Centro de Pol\u00edticas P\u00fablicas e Innovaci\u00f3n en Salud","og_description":"&#8211; Revive el seminario inaugural \u00abConstruyendo un Sistema de Salud para Chile\u00bb (Ver nota &#8211; Ver video)","og_url":"https:\/\/gobierno.udd.cl\/cips\/seminarios-charlas-u-otros\/","og_site_name":"Centro de Pol\u00edticas P\u00fablicas e Innovaci\u00f3n en Salud","article_publisher":"https:\/\/www.facebook.com\/CIPS.UDD","article_modified_time":"2022-06-23T20:19:59+00:00","twitter_card":"summary_large_image","twitter_site":"@CIPS_UDD","schema":{"@context":"https:\/\/schema.org","@graph":[{"@type":"WebPage","@id":"https:\/\/gobierno.udd.cl\/cips\/seminarios-charlas-u-otros\/","url":"https:\/\/gobierno.udd.cl\/cips\/seminarios-charlas-u-otros\/","name":"Seminarios, Charlas u Otros - Centro de Pol\u00edticas P\u00fablicas e Innovaci\u00f3n en Salud","isPartOf":{"@id":"https:\/\/gobierno.udd.cl\/cips\/#website"},"datePublished":"2022-06-23T19:33:02+00:00","dateModified":"2022-06-23T20:19:59+00:00","breadcrumb":{"@id":"https:\/\/gobierno.udd.cl\/cips\/seminarios-charlas-u-otros\/#breadcrumb"},"inLanguage":"es","potentialAction":[{"@type":"ReadAction","target":["https:\/\/gobierno.udd.cl\/cips\/seminarios-charlas-u-otros\/"]}]},{"@type":"BreadcrumbList","@id":"https:\/\/gobierno.udd.cl\/cips\/seminarios-charlas-u-otros\/#breadcrumb","itemListElement":[{"@type":"ListItem","position":1,"name":"Portada","item":"https:\/\/gobierno.udd.cl\/cips\/"},{"@type":"ListItem","position":2,"name":"Seminarios, Charlas u Otros"}]},{"@type":"WebSite","@id":"https:\/\/gobierno.udd.cl\/cips\/#website","url":"https:\/\/gobierno.udd.cl\/cips\/","name":"Centro de Pol\u00edticas P\u00fablicas e Innovaci\u00f3n en Salud","description":"CIPS-UDD","inLanguage":"es"}]}},"_links":{"self":[{"href":"https:\/\/gobierno.udd.cl\/cips\/wp-json\/wp\/v2\/pages\/411","targetHints":{"allow":["GET"]}}],"collection":[{"href":"https:\/\/gobierno.udd.cl\/cips\/wp-json\/wp\/v2\/pages"}],"about":[{"href":"https:\/\/gobierno.udd.cl\/cips\/wp-json\/wp\/v2\/types\/page"}],"author":[{"embeddable":true,"href":"https:\/\/gobierno.udd.cl\/cips\/wp-json\/wp\/v2\/users\/9192222"}],"replies":[{"embeddable":true,"href":"https:\/\/gobierno.udd.cl\/cips\/wp-json\/wp\/v2\/comments?post=411"}],"version-history":[{"count":5,"href":"https:\/\/gobierno.udd.cl\/cips\/wp-json\/wp\/v2\/pages\/411\/revisions"}],"predecessor-version":[{"id":418,"href":"https:\/\/gobierno.udd.cl\/cips\/wp-json\/wp\/v2\/pages\/411\/revisions\/418"}],"wp:attachment":[{"href":"https:\/\/gobierno.udd.cl\/cips\/wp-json\/wp\/v2\/media?parent=411"}],"curies":[{"name":"wp","href":"https:\/\/api.w.org\/{rel}","templated":true}]}}

<p><strong>&#8211; Revive el seminario inaugural «Construyendo un Sistema de Salud para Chile» (</strong><a rel="noreferrer noopener" aria-label="Ver nota  (se abre en una nueva pestaña)" href="https://gobierno.udd.cl/cips/2022/06/17/centro-de-politicas-publicas-e-innovacion-en-salud-realiza-su-seminario-inaugural-sobre-sistemas-de-salud/" target="_blank">Ver nota </a>&#8211; <a href="https://youtu.be/taYSfo_KtoI" target="_blank" rel="noreferrer noopener" aria-label="Ver video (se abre en una nueva pestaña)">Ver video</a><strong>)</strong></p>

<!-- This site is optimized with the Yoast SEO plugin v26.9 - https://yoast.com/product/yoast-seo-wordpress/ -->
<title>Seminarios, Charlas u Otros - Centro de Políticas Públicas e Innovación en Salud</title>
<meta name="robots" content="index, follow, max-snippet:-1, max-image-preview:large, max-video-preview:-1" />
<link rel="canonical" href="https://gobierno.udd.cl/cips/seminarios-charlas-u-otros/" />
<meta property="og:locale" content="es_ES" />
<meta property="og:type" content="article" />
<meta property="og:title" content="Seminarios, Charlas u Otros - Centro de Políticas Públicas e Innovación en Salud" />
<meta property="og:description" content="&#8211; Revive el seminario inaugural «Construyendo un Sistema de Salud para Chile» (Ver nota &#8211; Ver video)" />
<meta property="og:url" content="https://gobierno.udd.cl/cips/seminarios-charlas-u-otros/" />
<meta property="og:site_name" content="Centro de Políticas Públicas e Innovación en Salud" />
<meta property="article:publisher" content="https://www.facebook.com/CIPS.UDD" />
<meta property="article:modified_time" content="2022-06-23T20:19:59+00:00" />
<meta name="twitter:card" content="summary_large_image" />
<meta name="twitter:site" content="@CIPS_UDD" />
<script type="application/ld+json" class="yoast-schema-graph">{"@context":"https://schema.org","@graph":[{"@type":"WebPage","@id":"https://gobierno.udd.cl/cips/seminarios-charlas-u-otros/","url":"https://gobierno.udd.cl/cips/seminarios-charlas-u-otros/","name":"Seminarios, Charlas u Otros - Centro de Políticas Públicas e Innovación en Salud","isPartOf":{"@id":"https://gobierno.udd.cl/cips/#website"},"datePublished":"2022-06-23T19:33:02+00:00","dateModified":"2022-06-23T20:19:59+00:00","breadcrumb":{"@id":"https://gobierno.udd.cl/cips/seminarios-charlas-u-otros/#breadcrumb"},"inLanguage":"es","potentialAction":[{"@type":"ReadAction","target":["https://gobierno.udd.cl/cips/seminarios-charlas-u-otros/"]}]},{"@type":"BreadcrumbList","@id":"https://gobierno.udd.cl/cips/seminarios-charlas-u-otros/#breadcrumb","itemListElement":[{"@type":"ListItem","position":1,"name":"Portada","item":"https://gobierno.udd.cl/cips/"},{"@type":"ListItem","position":2,"name":"Seminarios, Charlas u Otros"}]},{"@type":"WebSite","@id":"https://gobierno.udd.cl/cips/#website","url":"https://gobierno.udd.cl/cips/","name":"Centro de Políticas Públicas e Innovación en Salud","description":"CIPS-UDD","inLanguage":"es"}]}</script>
<!-- / Yoast SEO plugin. -->

Seminarios, Charlas u Otros - Centro de Políticas Públicas e Innovación en Salud

Centro de Políticas Públicas e Innovación en Salud
