{"id":3789,"date":"2025-04-10T14:43:31","date_gmt":"2025-04-10T18:43:31","guid":{"rendered":"https:\/\/gobierno.udd.cl\/cips\/?page_id=3789"},"modified":"2025-04-21T15:58:32","modified_gmt":"2025-04-21T19:58:32","slug":"visualizador-de-garantias-vencidas-relacionadas-a-cancer","status":"publish","type":"page","link":"https:\/\/gobierno.udd.cl\/cips\/visualizador-de-garantias-vencidas-relacionadas-a-cancer\/","title":{"rendered":"Visualizador de Garant\u00edas vencidas relacionadas a c\u00e1ncer"},"content":{"rendered":"\n<figure class=\"wp-block-image aligncenter size-large is-resized\"><a href=\"https:\/\/app.powerbi.com\/view?r=eyJrIjoiNGYzM2FkNWItMDRlZC00M2M5LWI2NDAtZTlhMDk3MmM5MTY1IiwidCI6ImI1ZDc4OTI3LTI1ZDAtNDRhOS04MzcwLWQ4NmU1N2M3YmE5NiIsImMiOjR9\" target=\"_blank\" rel=\"noreferrer noopener\"><img loading=\"lazy\" decoding=\"async\" width=\"1024\" height=\"729\" src=\"https:\/\/gobierno.udd.cl\/cips\/files\/2025\/04\/image-1024x729.png\" alt=\"\" class=\"wp-image-3794\" style=\"width:1024px;height:auto\" srcset=\"https:\/\/gobierno.udd.cl\/cips\/files\/2025\/04\/image-1024x729.png 1024w, https:\/\/gobierno.udd.cl\/cips\/files\/2025\/04\/image-300x214.png 300w, https:\/\/gobierno.udd.cl\/cips\/files\/2025\/04\/image-768x547.png 768w, https:\/\/gobierno.udd.cl\/cips\/files\/2025\/04\/image-316x224.png 316w, https:\/\/gobierno.udd.cl\/cips\/files\/2025\/04\/image-286x205.png 286w, https:\/\/gobierno.udd.cl\/cips\/files\/2025\/04\/image-87x62.png 87w, https:\/\/gobierno.udd.cl\/cips\/files\/2025\/04\/image.png 1097w\" sizes=\"auto, (max-width: 1024px) 100vw, 1024px\" \/><\/a><\/figure>\n\n\n<!-- WP Block: UDD - Cards Alternate -->\n<section class=\"wp-block-udd-access-cards\">\n\t<div class=\"container\">\n\t\t\t\t<header class=\"block__header\">\n\t\t\t<h2 class=\"block__title\">Informes<\/h2>\n\t\t\t\t\t<\/header>\n\t\t\t\t<div class=\"block__content\">\n\t\t\t<div class=\"access-cards\">\n\t\t\t\t\t\t\t<div class=\"access-card-wrapper\">\n\t\t\t\t\t\t\t\t\t\t<div class=\"access-card\">\n\t\t\t\t\t\t<h3 class=\"access-card__title\">C\u00e1nceres con m\u00e1s atrasos en Chile<\/h3>\n\t\t\t\t\t\t<p class=\"access-card__description\">\n\t\t\t\t\t\t\t\t\t\t\t\t\t<\/p>\n\t\t\t\t\t\t\t\t\t\t\t\t\t\t\t\t\t\t<div class=\"access-card__link\">\n\t\t\t\t\t\t\t\t<a href=\"https:\/\/gobierno.udd.cl\/cips\/files\/2025\/04\/canceres-con-mas-atrasos-en-chile.pdf\" class=\"access-card__link-text\" data-url=\"https:\/\/gobierno.udd.cl\/cips\/files\/2025\/04\/canceres-con-mas-atrasos-en-chile.pdf\">\u00a1Informe aqu\u00ed!<\/a>\n\t\t\t\t\t\t\t<\/div>\n\t\t\t\t\t\t\t\t\t\t\t<\/div>\n\t\t\t\t<\/div>\n\t\t\t\t\t\t\t<div class=\"access-card-wrapper\">\n\t\t\t\t\t\t\t\t\t\t<div class=\"access-card\">\n\t\t\t\t\t\t<h3 class=\"access-card__title\">Edad, g\u00e9nero y condici\u00f3n de retrasos GES<\/h3>\n\t\t\t\t\t\t<p class=\"access-card__description\">\n\t\t\t\t\t\t\t\t\t\t\t\t\t<\/p>\n\t\t\t\t\t\t\t\t\t\t\t\t\t\t\t\t\t\t<div class=\"access-card__link\">\n\t\t\t\t\t\t\t\t<a href=\"https:\/\/gobierno.udd.cl\/cips\/files\/2025\/04\/edad_genero_condicion_retrasos_ges.pdf\" class=\"access-card__link-text\" data-url=\"https:\/\/gobierno.udd.cl\/cips\/files\/2025\/04\/edad_genero_condicion_retrasos_ges.pdf\">\u00a1Informe aqu\u00ed!<\/a>\n\t\t\t\t\t\t\t<\/div>\n\t\t\t\t\t\t\t\t\t\t\t<\/div>\n\t\t\t\t<\/div>\n\t\t\t\t\t\t\t<div class=\"access-card-wrapper\">\n\t\t\t\t\t\t\t\t\t\t<div class=\"access-card\">\n\t\t\t\t\t\t<h3 class=\"access-card__title\">Prestaciones GES asociadas al c\u00e1ncer retrasadas en Chile<\/h3>\n\t\t\t\t\t\t<p class=\"access-card__description\">\n\t\t\t\t\t\t\t\t\t\t\t\t\t<\/p>\n\t\t\t\t\t\t\t\t\t\t\t\t\t\t\t\t\t\t<div class=\"access-card__link\">\n\t\t\t\t\t\t\t\t<a href=\"https:\/\/gobierno.udd.cl\/cips\/files\/2025\/04\/prestaciones-ges-asociadas-al-cancer-retrasadas-en-chile.pdf\" class=\"access-card__link-text\" data-url=\"https:\/\/gobierno.udd.cl\/cips\/files\/2025\/04\/prestaciones-ges-asociadas-al-cancer-retrasadas-en-chile.pdf\">\u00a1Informe aqu\u00ed!<\/a>\n\t\t\t\t\t\t\t<\/div>\n\t\t\t\t\t\t\t\t\t\t\t<\/div>\n\t\t\t\t<\/div>\n\t\t\t\t\t\t\t<div class=\"access-card-wrapper\">\n\t\t\t\t\t\t\t\t\t\t<div class=\"access-card\">\n\t\t\t\t\t\t<h3 class=\"access-card__title\">Retrasos GES por comuna<\/h3>\n\t\t\t\t\t\t<p class=\"access-card__description\">\n\t\t\t\t\t\t\t\t\t\t\t\t\t<\/p>\n\t\t\t\t\t\t\t\t\t\t\t\t\t\t\t\t\t\t<div class=\"access-card__link\">\n\t\t\t\t\t\t\t\t<a href=\"https:\/\/gobierno.udd.cl\/cips\/files\/2025\/04\/retrasos-ges-por-comuna.pdf\" class=\"access-card__link-text\" data-url=\"https:\/\/gobierno.udd.cl\/cips\/files\/2025\/04\/retrasos-ges-por-comuna.pdf\">\u00a1Informe aqu\u00ed!<\/a>\n\t\t\t\t\t\t\t<\/div>\n\t\t\t\t\t\t\t\t\t\t\t<\/div>\n\t\t\t\t<\/div>\n\t\t\t\t\t\t<\/div>\n\t\t<\/div>\n\t<\/div>\n<\/section>\n\n\n\n<p><\/p>\n","protected":false},"excerpt":{"rendered":"","protected":false},"author":9192236,"featured_media":0,"parent":0,"menu_order":0,"comment_status":"closed","ping_status":"closed","template":"","meta":{"footnotes":""},"class_list":["post-3789","page","type-page","status-publish","hentry"],"yoast_head":"<!-- This site is optimized with the Yoast SEO plugin v26.9 - https:\/\/yoast.com\/product\/yoast-seo-wordpress\/ -->\n<title>Visualizador de Garant\u00edas vencidas relacionadas a c\u00e1ncer - Centro de Pol\u00edticas P\u00fablicas e Innovaci\u00f3n en Salud<\/title>\n<meta name=\"robots\" content=\"index, follow, max-snippet:-1, max-image-preview:large, max-video-preview:-1\" \/>\n<link rel=\"canonical\" href=\"https:\/\/gobierno.udd.cl\/cips\/visualizador-de-garantias-vencidas-relacionadas-a-cancer\/\" \/>\n<meta property=\"og:locale\" content=\"es_ES\" \/>\n<meta property=\"og:type\" content=\"article\" \/>\n<meta property=\"og:title\" content=\"Visualizador de Garant\u00edas vencidas relacionadas a c\u00e1ncer - Centro de Pol\u00edticas P\u00fablicas e Innovaci\u00f3n en Salud\" \/>\n<meta property=\"og:url\" content=\"https:\/\/gobierno.udd.cl\/cips\/visualizador-de-garantias-vencidas-relacionadas-a-cancer\/\" \/>\n<meta property=\"og:site_name\" content=\"Centro de Pol\u00edticas P\u00fablicas e Innovaci\u00f3n en Salud\" \/>\n<meta property=\"article:publisher\" content=\"https:\/\/www.facebook.com\/CIPS.UDD\" \/>\n<meta property=\"article:modified_time\" content=\"2025-04-21T19:58:32+00:00\" \/>\n<meta property=\"og:image\" content=\"https:\/\/gobierno.udd.cl\/cips\/files\/2025\/04\/image-1024x729.png\" \/>\n<meta name=\"twitter:card\" content=\"summary_large_image\" \/>\n<meta name=\"twitter:site\" content=\"@CIPS_UDD\" \/>\n<meta name=\"twitter:label1\" content=\"Tiempo de lectura\" \/>\n\t<meta name=\"twitter:data1\" content=\"1 minuto\" \/>\n<script type=\"application\/ld+json\" class=\"yoast-schema-graph\">{\"@context\":\"https:\/\/schema.org\",\"@graph\":[{\"@type\":\"WebPage\",\"@id\":\"https:\/\/gobierno.udd.cl\/cips\/visualizador-de-garantias-vencidas-relacionadas-a-cancer\/\",\"url\":\"https:\/\/gobierno.udd.cl\/cips\/visualizador-de-garantias-vencidas-relacionadas-a-cancer\/\",\"name\":\"Visualizador de Garant\u00edas vencidas relacionadas a c\u00e1ncer - Centro de Pol\u00edticas P\u00fablicas e Innovaci\u00f3n en Salud\",\"isPartOf\":{\"@id\":\"https:\/\/gobierno.udd.cl\/cips\/#website\"},\"primaryImageOfPage\":{\"@id\":\"https:\/\/gobierno.udd.cl\/cips\/visualizador-de-garantias-vencidas-relacionadas-a-cancer\/#primaryimage\"},\"image\":{\"@id\":\"https:\/\/gobierno.udd.cl\/cips\/visualizador-de-garantias-vencidas-relacionadas-a-cancer\/#primaryimage\"},\"thumbnailUrl\":\"https:\/\/gobierno.udd.cl\/cips\/files\/2025\/04\/image-1024x729.png\",\"datePublished\":\"2025-04-10T18:43:31+00:00\",\"dateModified\":\"2025-04-21T19:58:32+00:00\",\"breadcrumb\":{\"@id\":\"https:\/\/gobierno.udd.cl\/cips\/visualizador-de-garantias-vencidas-relacionadas-a-cancer\/#breadcrumb\"},\"inLanguage\":\"es\",\"potentialAction\":[{\"@type\":\"ReadAction\",\"target\":[\"https:\/\/gobierno.udd.cl\/cips\/visualizador-de-garantias-vencidas-relacionadas-a-cancer\/\"]}]},{\"@type\":\"ImageObject\",\"inLanguage\":\"es\",\"@id\":\"https:\/\/gobierno.udd.cl\/cips\/visualizador-de-garantias-vencidas-relacionadas-a-cancer\/#primaryimage\",\"url\":\"https:\/\/gobierno.udd.cl\/cips\/files\/2025\/04\/image.png\",\"contentUrl\":\"https:\/\/gobierno.udd.cl\/cips\/files\/2025\/04\/image.png\",\"width\":1097,\"height\":781},{\"@type\":\"BreadcrumbList\",\"@id\":\"https:\/\/gobierno.udd.cl\/cips\/visualizador-de-garantias-vencidas-relacionadas-a-cancer\/#breadcrumb\",\"itemListElement\":[{\"@type\":\"ListItem\",\"position\":1,\"name\":\"Portada\",\"item\":\"https:\/\/gobierno.udd.cl\/cips\/\"},{\"@type\":\"ListItem\",\"position\":2,\"name\":\"Visualizador de Garant\u00edas vencidas relacionadas a c\u00e1ncer\"}]},{\"@type\":\"WebSite\",\"@id\":\"https:\/\/gobierno.udd.cl\/cips\/#website\",\"url\":\"https:\/\/gobierno.udd.cl\/cips\/\",\"name\":\"Centro de Pol\u00edticas P\u00fablicas e Innovaci\u00f3n en Salud\",\"description\":\"CIPS-UDD\",\"inLanguage\":\"es\"}]}<\/script>\n<!-- \/ Yoast SEO plugin. -->","yoast_head_json":{"title":"Visualizador de Garant\u00edas vencidas relacionadas a c\u00e1ncer - Centro de Pol\u00edticas P\u00fablicas e Innovaci\u00f3n en Salud","robots":{"index":"index","follow":"follow","max-snippet":"max-snippet:-1","max-image-preview":"max-image-preview:large","max-video-preview":"max-video-preview:-1"},"canonical":"https:\/\/gobierno.udd.cl\/cips\/visualizador-de-garantias-vencidas-relacionadas-a-cancer\/","og_locale":"es_ES","og_type":"article","og_title":"Visualizador de Garant\u00edas vencidas relacionadas a c\u00e1ncer - Centro de Pol\u00edticas P\u00fablicas e Innovaci\u00f3n en Salud","og_url":"https:\/\/gobierno.udd.cl\/cips\/visualizador-de-garantias-vencidas-relacionadas-a-cancer\/","og_site_name":"Centro de Pol\u00edticas P\u00fablicas e Innovaci\u00f3n en Salud","article_publisher":"https:\/\/www.facebook.com\/CIPS.UDD","article_modified_time":"2025-04-21T19:58:32+00:00","og_image":[{"url":"https:\/\/gobierno.udd.cl\/cips\/files\/2025\/04\/image-1024x729.png","type":"","width":"","height":""}],"twitter_card":"summary_large_image","twitter_site":"@CIPS_UDD","twitter_misc":{"Tiempo de lectura":"1 minuto"},"schema":{"@context":"https:\/\/schema.org","@graph":[{"@type":"WebPage","@id":"https:\/\/gobierno.udd.cl\/cips\/visualizador-de-garantias-vencidas-relacionadas-a-cancer\/","url":"https:\/\/gobierno.udd.cl\/cips\/visualizador-de-garantias-vencidas-relacionadas-a-cancer\/","name":"Visualizador de Garant\u00edas vencidas relacionadas a c\u00e1ncer - Centro de Pol\u00edticas P\u00fablicas e Innovaci\u00f3n en Salud","isPartOf":{"@id":"https:\/\/gobierno.udd.cl\/cips\/#website"},"primaryImageOfPage":{"@id":"https:\/\/gobierno.udd.cl\/cips\/visualizador-de-garantias-vencidas-relacionadas-a-cancer\/#primaryimage"},"image":{"@id":"https:\/\/gobierno.udd.cl\/cips\/visualizador-de-garantias-vencidas-relacionadas-a-cancer\/#primaryimage"},"thumbnailUrl":"https:\/\/gobierno.udd.cl\/cips\/files\/2025\/04\/image-1024x729.png","datePublished":"2025-04-10T18:43:31+00:00","dateModified":"2025-04-21T19:58:32+00:00","breadcrumb":{"@id":"https:\/\/gobierno.udd.cl\/cips\/visualizador-de-garantias-vencidas-relacionadas-a-cancer\/#breadcrumb"},"inLanguage":"es","potentialAction":[{"@type":"ReadAction","target":["https:\/\/gobierno.udd.cl\/cips\/visualizador-de-garantias-vencidas-relacionadas-a-cancer\/"]}]},{"@type":"ImageObject","inLanguage":"es","@id":"https:\/\/gobierno.udd.cl\/cips\/visualizador-de-garantias-vencidas-relacionadas-a-cancer\/#primaryimage","url":"https:\/\/gobierno.udd.cl\/cips\/files\/2025\/04\/image.png","contentUrl":"https:\/\/gobierno.udd.cl\/cips\/files\/2025\/04\/image.png","width":1097,"height":781},{"@type":"BreadcrumbList","@id":"https:\/\/gobierno.udd.cl\/cips\/visualizador-de-garantias-vencidas-relacionadas-a-cancer\/#breadcrumb","itemListElement":[{"@type":"ListItem","position":1,"name":"Portada","item":"https:\/\/gobierno.udd.cl\/cips\/"},{"@type":"ListItem","position":2,"name":"Visualizador de Garant\u00edas vencidas relacionadas a c\u00e1ncer"}]},{"@type":"WebSite","@id":"https:\/\/gobierno.udd.cl\/cips\/#website","url":"https:\/\/gobierno.udd.cl\/cips\/","name":"Centro de Pol\u00edticas P\u00fablicas e Innovaci\u00f3n en Salud","description":"CIPS-UDD","inLanguage":"es"}]}},"_links":{"self":[{"href":"https:\/\/gobierno.udd.cl\/cips\/wp-json\/wp\/v2\/pages\/3789","targetHints":{"allow":["GET"]}}],"collection":[{"href":"https:\/\/gobierno.udd.cl\/cips\/wp-json\/wp\/v2\/pages"}],"about":[{"href":"https:\/\/gobierno.udd.cl\/cips\/wp-json\/wp\/v2\/types\/page"}],"author":[{"embeddable":true,"href":"https:\/\/gobierno.udd.cl\/cips\/wp-json\/wp\/v2\/users\/9192236"}],"replies":[{"embeddable":true,"href":"https:\/\/gobierno.udd.cl\/cips\/wp-json\/wp\/v2\/comments?post=3789"}],"version-history":[{"count":8,"href":"https:\/\/gobierno.udd.cl\/cips\/wp-json\/wp\/v2\/pages\/3789\/revisions"}],"predecessor-version":[{"id":3811,"href":"https:\/\/gobierno.udd.cl\/cips\/wp-json\/wp\/v2\/pages\/3789\/revisions\/3811"}],"wp:attachment":[{"href":"https:\/\/gobierno.udd.cl\/cips\/wp-json\/wp\/v2\/media?parent=3789"}],"curies":[{"name":"wp","href":"https:\/\/api.w.org\/{rel}","templated":true}]}}