{"id":142,"date":"2026-01-07T17:44:58","date_gmt":"2026-01-07T16:44:58","guid":{"rendered":"https:\/\/gobierno.udd.cl\/catedra-sebastian-pinera\/?page_id=142"},"modified":"2026-01-20T11:32:14","modified_gmt":"2026-01-20T14:32:14","slug":"contactanos","status":"publish","type":"page","link":"https:\/\/gobierno.udd.cl\/catedra-sebastian-pinera\/contactanos\/","title":{"rendered":"Cont\u00e1ctanos"},"content":{"rendered":"\n<p>Facultad de Gobierno UDD<br>catedrasebastianpinera@udd.cl<br>+56223279267<\/p>\n\n\n\n<p><\/p>\n","protected":false},"excerpt":{"rendered":"<p>Facultad de Gobierno UDDcatedrasebastianpinera@udd.cl+56223279267<\/p>\n","protected":false},"author":9192207,"featured_media":0,"parent":0,"menu_order":0,"comment_status":"closed","ping_status":"closed","template":"","meta":{"footnotes":""},"class_list":["post-142","page","type-page","status-publish","hentry"],"yoast_head":"<!-- This site is optimized with the Yoast SEO plugin v26.9 - https:\/\/yoast.com\/product\/yoast-seo-wordpress\/ -->\n<title>Cont\u00e1ctanos - C\u00e1tedra Sebasti\u00e1n Pi\u00f1era<\/title>\n<meta name=\"description\" content=\"Contacto Facultad de Gobierno UDD.\" \/>\n<meta name=\"robots\" content=\"index, follow, max-snippet:-1, max-image-preview:large, max-video-preview:-1\" \/>\n<link rel=\"canonical\" href=\"https:\/\/gobierno.udd.cl\/catedra-sebastian-pinera\/contactanos\/\" \/>\n<meta property=\"og:locale\" content=\"es_ES\" \/>\n<meta property=\"og:type\" content=\"article\" \/>\n<meta property=\"og:title\" content=\"Cont\u00e1ctanos - C\u00e1tedra Sebasti\u00e1n Pi\u00f1era\" \/>\n<meta property=\"og:description\" content=\"Contacto Facultad de Gobierno UDD.\" \/>\n<meta property=\"og:url\" content=\"https:\/\/gobierno.udd.cl\/catedra-sebastian-pinera\/contactanos\/\" \/>\n<meta property=\"og:site_name\" content=\"C\u00e1tedra Sebasti\u00e1n Pi\u00f1era\" \/>\n<meta property=\"article:modified_time\" content=\"2026-01-20T14:32:14+00:00\" \/>\n<meta name=\"twitter:card\" content=\"summary_large_image\" \/>\n<meta name=\"twitter:label1\" content=\"Tiempo de lectura\" \/>\n\t<meta name=\"twitter:data1\" content=\"1 minuto\" \/>\n<script type=\"application\/ld+json\" class=\"yoast-schema-graph\">{\"@context\":\"https:\/\/schema.org\",\"@graph\":[{\"@type\":\"WebPage\",\"@id\":\"https:\/\/gobierno.udd.cl\/catedra-sebastian-pinera\/contactanos\/\",\"url\":\"https:\/\/gobierno.udd.cl\/catedra-sebastian-pinera\/contactanos\/\",\"name\":\"Cont\u00e1ctanos - C\u00e1tedra Sebasti\u00e1n Pi\u00f1era\",\"isPartOf\":{\"@id\":\"https:\/\/gobierno.udd.cl\/catedra-sebastian-pinera\/#website\"},\"datePublished\":\"2026-01-07T16:44:58+00:00\",\"dateModified\":\"2026-01-20T14:32:14+00:00\",\"description\":\"Contacto Facultad de Gobierno UDD.\",\"breadcrumb\":{\"@id\":\"https:\/\/gobierno.udd.cl\/catedra-sebastian-pinera\/contactanos\/#breadcrumb\"},\"inLanguage\":\"es\",\"potentialAction\":[{\"@type\":\"ReadAction\",\"target\":[\"https:\/\/gobierno.udd.cl\/catedra-sebastian-pinera\/contactanos\/\"]}]},{\"@type\":\"BreadcrumbList\",\"@id\":\"https:\/\/gobierno.udd.cl\/catedra-sebastian-pinera\/contactanos\/#breadcrumb\",\"itemListElement\":[{\"@type\":\"ListItem\",\"position\":1,\"name\":\"Portada\",\"item\":\"https:\/\/gobierno.udd.cl\/catedra-sebastian-pinera\/\"},{\"@type\":\"ListItem\",\"position\":2,\"name\":\"Cont\u00e1ctanos\"}]},{\"@type\":\"WebSite\",\"@id\":\"https:\/\/gobierno.udd.cl\/catedra-sebastian-pinera\/#website\",\"url\":\"https:\/\/gobierno.udd.cl\/catedra-sebastian-pinera\/\",\"name\":\"C\u00e1tedra Sebasti\u00e1n Pi\u00f1era\",\"description\":\"Universidad del Desarrollo\",\"inLanguage\":\"es\"}]}<\/script>\n<!-- \/ Yoast SEO plugin. -->","yoast_head_json":{"title":"Cont\u00e1ctanos - C\u00e1tedra Sebasti\u00e1n Pi\u00f1era","description":"Contacto Facultad de Gobierno UDD.","robots":{"index":"index","follow":"follow","max-snippet":"max-snippet:-1","max-image-preview":"max-image-preview:large","max-video-preview":"max-video-preview:-1"},"canonical":"https:\/\/gobierno.udd.cl\/catedra-sebastian-pinera\/contactanos\/","og_locale":"es_ES","og_type":"article","og_title":"Cont\u00e1ctanos - C\u00e1tedra Sebasti\u00e1n Pi\u00f1era","og_description":"Contacto Facultad de Gobierno UDD.","og_url":"https:\/\/gobierno.udd.cl\/catedra-sebastian-pinera\/contactanos\/","og_site_name":"C\u00e1tedra Sebasti\u00e1n Pi\u00f1era","article_modified_time":"2026-01-20T14:32:14+00:00","twitter_card":"summary_large_image","twitter_misc":{"Tiempo de lectura":"1 minuto"},"schema":{"@context":"https:\/\/schema.org","@graph":[{"@type":"WebPage","@id":"https:\/\/gobierno.udd.cl\/catedra-sebastian-pinera\/contactanos\/","url":"https:\/\/gobierno.udd.cl\/catedra-sebastian-pinera\/contactanos\/","name":"Cont\u00e1ctanos - C\u00e1tedra Sebasti\u00e1n Pi\u00f1era","isPartOf":{"@id":"https:\/\/gobierno.udd.cl\/catedra-sebastian-pinera\/#website"},"datePublished":"2026-01-07T16:44:58+00:00","dateModified":"2026-01-20T14:32:14+00:00","description":"Contacto Facultad de Gobierno UDD.","breadcrumb":{"@id":"https:\/\/gobierno.udd.cl\/catedra-sebastian-pinera\/contactanos\/#breadcrumb"},"inLanguage":"es","potentialAction":[{"@type":"ReadAction","target":["https:\/\/gobierno.udd.cl\/catedra-sebastian-pinera\/contactanos\/"]}]},{"@type":"BreadcrumbList","@id":"https:\/\/gobierno.udd.cl\/catedra-sebastian-pinera\/contactanos\/#breadcrumb","itemListElement":[{"@type":"ListItem","position":1,"name":"Portada","item":"https:\/\/gobierno.udd.cl\/catedra-sebastian-pinera\/"},{"@type":"ListItem","position":2,"name":"Cont\u00e1ctanos"}]},{"@type":"WebSite","@id":"https:\/\/gobierno.udd.cl\/catedra-sebastian-pinera\/#website","url":"https:\/\/gobierno.udd.cl\/catedra-sebastian-pinera\/","name":"C\u00e1tedra Sebasti\u00e1n Pi\u00f1era","description":"Universidad del Desarrollo","inLanguage":"es"}]}},"_links":{"self":[{"href":"https:\/\/gobierno.udd.cl\/catedra-sebastian-pinera\/wp-json\/wp\/v2\/pages\/142","targetHints":{"allow":["GET"]}}],"collection":[{"href":"https:\/\/gobierno.udd.cl\/catedra-sebastian-pinera\/wp-json\/wp\/v2\/pages"}],"about":[{"href":"https:\/\/gobierno.udd.cl\/catedra-sebastian-pinera\/wp-json\/wp\/v2\/types\/page"}],"author":[{"embeddable":true,"href":"https:\/\/gobierno.udd.cl\/catedra-sebastian-pinera\/wp-json\/wp\/v2\/users\/9192207"}],"replies":[{"embeddable":true,"href":"https:\/\/gobierno.udd.cl\/catedra-sebastian-pinera\/wp-json\/wp\/v2\/comments?post=142"}],"version-history":[{"count":2,"href":"https:\/\/gobierno.udd.cl\/catedra-sebastian-pinera\/wp-json\/wp\/v2\/pages\/142\/revisions"}],"predecessor-version":[{"id":431,"href":"https:\/\/gobierno.udd.cl\/catedra-sebastian-pinera\/wp-json\/wp\/v2\/pages\/142\/revisions\/431"}],"wp:attachment":[{"href":"https:\/\/gobierno.udd.cl\/catedra-sebastian-pinera\/wp-json\/wp\/v2\/media?parent=142"}],"curies":[{"name":"wp","href":"https:\/\/api.w.org\/{rel}","templated":true}]}}